000
CXUS53 KDDC 011525
CF6GCK
PRELIMINARY LOCAL CLIMATOLOGICAL DATA (WS FORM: F-6)
STATION: GARDEN CITY REGIONAL ARPT KS
MONTH: MARCH
YEAR: 2022
LATITUDE: 37 55 N
LONGITUDE: 100 43 W
TEMPERATURE IN F: :PCPN: SNOW: WIND :SUNSHINE: SKY :PK WND
================================================================================
1 2 3 4 5 6A 6B 7 8 9 10 11 12 13 14 15 16 17 18
12Z AVG MX 2MIN
DY MAX MIN AVG DEP HDD CDD WTR SNW DPTH SPD SPD DIR MIN PSBL S-S WX SPD DR
================================================================================
1 74 22 48 9 17 0 0.00 M M 6.8 15 10 M M 0 21 20
2 79 29 54 15 11 0 0.00 M M 7.2 16 230 M M 0 22 200
3 71 30 51 12 14 0 0.00 M M 11.6 23 90 M M 0 29 100
4 79 46 63 23 2 0 0.01 M M 16.7 38 200 M M 2 38 50 200
5 56 21 39 -1 26 0 0.00 M M 14.3 25 360 M M 0 34 340
6 39 15 27 -13 38 0 T M M 15.0 35 340 M M 2 44 330
7 36 14 25 -16 40 0 0.00 M M 9.6 21 360 M M 1 36 340
8 42 14 28 -13 37 0 T M M 5.1 20 330 M M 6 128 24 330
9 40 16 28 -14 37 0 T M M 18.8 35 50 M M 7 18 45 50
10 19 13 16 -26 49 0 T M M 16.2 31 30 M M 10 18 37 30
11 36 10 23 -19 42 0 0.00 M M 9.9 20 350 M M 0 24 330
12 62 14 38 -5 27 0 0.00 M M 9.4 20 240 M M 0 26 260
13 72 22 47 4 18 0 0.00 M M 13.3 25 180 M M 0 36 180
14 57 27 42 -2 23 0 0.00 M M 23.0 43 350 M M 4 54 340
15 68 19 44 0 21 0 0.00 M M 11.3 22 190 M M 0 29 190
16 73 28 51 7 14 0 0.00 M M 13.3 28 20 M M 0 34 20
17 51 32 42 -2 23 0 T M M 27.0 45 30 M M 5 1 56 20
18 56 30 43 -2 22 0 0.00 M M 11.8 22 340 M M 3 27 340
19 66 28 47 2 18 0 0.00 M M 8.0 17 290 M M 0 23 270
20 76 33 55 9 10 0 0.00 M M 18.5 36 190 M M 0 48 190
21 57 32 45 -1 20 0 0.10 M M 20.8 39 360 M M 6 1 51 350
22 52 32 42 -4 23 0 T M M 26.8 41 350 M M 3 1 54 350
23 49 26 38 -8 27 0 0.00 M M 18.7 33 350 M M 4 45 10
24 68 20 44 -3 21 0 0.00 M M 10.6 22 330 M M 0 34 340
25 58 36 47 0 18 0 0.00 M M 11.4 32 30 M M 0 42 40
26 71 31 51 4 14 0 0.00 M M 13.8 23 180 M M 0 32 190
27 61 31 46 -2 19 0 0.00 M M 14.7 24 120 M M 0 31 80
28 68 30 49 1 16 0 0.00 M M 11.4 21 150 M M 0 26 140
29 79 38 59 11 6 0 T M M 20.5 46 350 M M 2 8 61 350
30 52 31 42 -6 23 0 T M M 24.2 40 360 M M 5 1 56 10
31 59 26 43 -6 22 0 0.00 M M 10.7 21 350 M M 2 27 340
================================================================================
SM 1826 796 698 0 0.11 M 450.4 M 62
================================================================================
AV 58.9 25.7 14.5 FASTST M M 2 MAX(MPH)
MISC ----> 46 350 61 350
================================================================================
NOTES:
# LAST OF SEVERAL OCCURRENCES
COLUMN 17 PEAK WIND IN M.P.H.
PRELIMINARY LOCAL CLIMATOLOGICAL DATA (WS FORM: F-6) , PAGE 2
STATION: GARDEN CITY REGIONAL ARPT KS
MONTH: MARCH
YEAR: 2022
LATITUDE: 37 55 N
LONGITUDE: 100 43 W
[TEMPERATURE DATA] [PRECIPITATION DATA] SYMBOLS USED IN COLUMN 16
AVERAGE MONTHLY: 42.3 TOTAL FOR MONTH: 0.11 1 = FOG OR MIST
DPTR FM NORMAL: -1.7 DPTR FM NORMAL: -0.96 2 = FOG REDUCING VISIBILITY
HIGHEST: 79 ON 29, 4 GRTST 24HR 0.10 ON 21-21 TO 1/4 MILE OR LESS
LOWEST: 10 ON 11 3 = THUNDER
4 = ICE PELLETS
5 = HAIL
6 = FREEZING RAIN OR DRIZZLE
7 = DUSTSTORM OR SANDSTORM:
VSBY 1/2 MILE OR LESS
8 = SMOKE OR HAZE
[NO. OF DAYS WITH] [WEATHER - DAYS WITH] 9 = BLOWING SNOW
X = TORNADO
MAX 32 OR BELOW: 1 0.01 INCH OR MORE: 2
MAX 90 OR ABOVE: 0 0.10 INCH OR MORE: 1
MIN 32 OR BELOW: 27 0.50 INCH OR MORE: 0
MIN 0 OR BELOW: 0 1.00 INCH OR MORE: 0
[HDD (BASE 65) ]
TOTAL THIS MO. 698 CLEAR (SCALE 0-3) 22
DPTR FM NORMAL 46 PTCLDY (SCALE 4-7) 8
TOTAL FM JUL 1 4326 CLOUDY (SCALE 8-10) 1
DPTR FM NORMAL -318
[CDD (BASE 65) ]
TOTAL THIS MO. 0
DPTR FM NORMAL -1 [PRESSURE DATA]
TOTAL FM JAN 1 0 HIGHEST SLP 30.45 ON 7
DPTR FM NORMAL -1 LOWEST SLP 29.25 ON 29
[REMARKS]
#FINAL-03-22#