000
CXUS54 KFWD 010731
CF6GDJ
PRELIMINARY LOCAL CLIMATOLOGICAL DATA (WS FORM: F-6)
STATION: GRANBURY
MONTH: MAY
YEAR: 2023
LATITUDE: 32 26 N
LONGITUDE: 97 48 W
TEMPERATURE IN F: :PCPN: SNOW: WIND :SUNSHINE: SKY :PK WND
================================================================================
1 2 3 4 5 6A 6B 7 8 9 10 11 12 13 14 15 16 17 18
12Z AVG MX 2MIN
DY MAX MIN AVG DEP HDD CDD WTR SNW DPTH SPD SPD DIR MIN PSBL S-S WX SPD DR
================================================================================
1 78 54 66 -3 0 1 0.00 M M 6.6 14 90 M M 0 17 90
2 81 54 68 -1 0 3 0.00 M M 5.3 12 110 M M 4 16 110
3 83 62 73 4 0 8 0.00 M M 7.3 12 90 M M 1 18 100
4 85 63 74 5 0 9 0.01 M M 7.8 15 150 M M 1 3 31 150
5 97 66 82 12 0 17 0.00 M M 9.3 20 170 M M 2 1 25 170
6 90 64 77 7 0 12 1.50 M M 10.6 20 310 M M 3 3 58 310
7 86 65 76 6 0 11 0.29 M M 10.3 18 330 M M 5 28 330
8 88 65 77 7 0 12 0.01 M M 10.2 29 160 M M 2 41 160
9 82 67 75 5 0 10 0.00 M M 8.0 14 130 M M 3 22 140
10 73 65 69 -2 0 4 0.14 M M 5.4 9 110 M M 6 M M
11 89 65 77 6 0 12 0.00 M M 10.3 18 160 M M 6 1 28 150
12 88 65 77 6 0 12 0.00 M M 11.5 21 320 M M 7 38 30 140
13 79 63 71 -1 0 6 0.41 M M 5.0 14 280 M M 5 23 280
14 76 65 71 -1 0 6 0.33 M M 3.8 10 250 M M 6 M M
15 83 65 74 2 0 9 0.00 M M 4.3 12 160 M M 6 3 18 170
16 78 63 71 -1 0 6 0.00 M M 5.5 9 310 M M 5 M M
17 83 58 71 -1 0 6 0.00 M M 2.1 7 80 M M 0 M M
18 88 63 76 3 0 11 0.00 M M 8.0 14 120 M M 1 18 150
19 92 70 81 8 0 16 0.01 M M 6.9 18 80 M M 3 23 80
20 76 62 69 -4 0 4 0.00 M M 8.3 14 340 M M 3 20 340
21 73 58 66 -7 0 1 0.00 M M 0.4 6 40 M M 0 M M
22 83 55 69 -5 0 4 0.00 M M 4.0 10 110 M M 2 M M
23 84 64 74 0 0 9 0.26 M M 7.4 14 110 M M 4 13 21 130
24 82 65 74 0 0 9 0.33 M M 4.3 14 110 M M 5 26 280
25 81 65 73 -1 0 8 0.00 M M 5.4 10 100 M M 3 M M
26 84 62 73 -2 0 8 0.00 M M 3.8 16 120 M M 2 17 120
27 82 61 72 -3 0 7 0.00 M M 4.0 10 100 M M 2 17 100
28 85 65 75 0 0 10 0.00 M M 6.4 12 130 M M 2 20 150
29 85 65 75 0 0 10 0.06 M M 3.4 9 220 M M 2 16 220
30 87 65 76 0 0 11 0.00 M M 6.4 16 120 M M 1 25 120
31 89 67 78 2 0 13 0.00 M M 6.0 14 140 M M 1 17 130
================================================================================
SM 2590 1956 0 265 3.35 M 198.3 M 93
================================================================================
AV 83.5 63.1 6.4 FASTST M M 3 MAX(MPH)
MISC ----> 29 160 58 310
================================================================================
NOTES:
# LAST OF SEVERAL OCCURRENCES
COLUMN 17 PEAK WIND IN M.P.H.
PRELIMINARY LOCAL CLIMATOLOGICAL DATA (WS FORM: F-6) , PAGE 2
STATION: GRANBURY
MONTH: MAY
YEAR: 2023
LATITUDE: 32 26 N
LONGITUDE: 97 48 W
[TEMPERATURE DATA] [PRECIPITATION DATA] SYMBOLS USED IN COLUMN 16
AVERAGE MONTHLY: 73.3 TOTAL FOR MONTH: 3.35 1 = FOG OR MIST
DPTR FM NORMAL: 1.1 DPTR FM NORMAL: M 2 = FOG REDUCING VISIBILITY
HIGHEST: 97 ON 5 GRTST 24HR 1.50 ON 6- 6 TO 1/4 MILE OR LESS
LOWEST: 54 ON 2, 1 3 = THUNDER
SNOW, ICE PELLETS, HAIL 4 = ICE PELLETS
TOTAL MONTH: M 5 = HAIL
GRTST 24HR M ON M 6 = FREEZING RAIN OR DRIZZLE
GRTST DEPTH: M ON M 7 = DUSTSTORM OR SANDSTORM:
VSBY 1/2 MILE OR LESS
8 = SMOKE OR HAZE
[NO. OF DAYS WITH] [WEATHER - DAYS WITH] 9 = BLOWING SNOW
X = TORNADO
MAX 32 OR BELOW: 0 0.01 INCH OR MORE: 11
MAX 90 OR ABOVE: 3 0.10 INCH OR MORE: 7
MIN 32 OR BELOW: 0 0.50 INCH OR MORE: 1
MIN 0 OR BELOW: 0 1.00 INCH OR MORE: 1
[HDD (BASE 65) ]
TOTAL THIS MO. 0 CLEAR (SCALE 0-3) 20
DPTR FM NORMAL -9 PTCLDY (SCALE 4-7) 11
TOTAL FM JUL 1 1824 CLOUDY (SCALE 8-10) 0
DPTR FM NORMAL -840
[CDD (BASE 65) ]
TOTAL THIS MO. 265
DPTR FM NORMAL 33 [PRESSURE DATA]
TOTAL FM JAN 1 369 HIGHEST SLP M ON M
DPTR FM NORMAL 35 LOWEST SLP M ON M
[REMARKS]
#FINAL-05-23#