000
CXUS54 KFWD 010731
CF6GDJ
PRELIMINARY LOCAL CLIMATOLOGICAL DATA (WS FORM: F-6)
STATION: GRANBURY
MONTH: SEPTEMBER
YEAR: 2021
LATITUDE: 32 26 N
LONGITUDE: 97 48 W
TEMPERATURE IN F: :PCPN: SNOW: WIND :SUNSHINE: SKY :PK WND
================================================================================
1 2 3 4 5 6A 6B 7 8 9 10 11 12 13 14 15 16 17 18
12Z AVG MX 2MIN
DY MAX MIN AVG DEP HDD CDD WTR SNW DPTH SPD SPD DIR MIN PSBL S-S WX SPD DR
================================================================================
1 100 79 90 8 0 25 0.00 M M 6.6 13 120 M M 1 17 120
2 98 78 88 6 0 23 0.00 M M 7.6 13 130 M M 1 21 140
3 98 77 88 7 0 23 0.00 M M 7.7 13 140 M M 1 18 170
4 99 76 88 7 0 23 0.00 M M 5.2 9 220 M M 1 16 210
5 93 74 84 3 0 19 0.00 M M 5.2 13 340 M M 2 18 340
6 97 75 86 6 0 21 0.00 M M 4.7 10 110 M M 2 17 130
7 97 69 83 3 0 18 0.00 M M 5.5 9 80 M M 1 17 200
8 96 69 83 4 0 18 0.00 M M 4.7 15 60 M M 2 3 33 0
9 94 62 78 -1 0 13 0.00 M M 5.3 10 120 M M 0 16 110
10 93 64 79 0 0 14 0.00 M M 6.6 12 140 M M 0 18 130
11 93 64 79 1 0 14 0.00 M M 5.6 13 160 M M 0 M M
12 92 59 76 -2 0 11 0.00 M M 4.8 10 110 M M 0 16 150
13 89 62 76 -1 0 11 0.00 M M 7.0 14 140 M M 3 21 160
14 85 65 75 -2 0 10 0.00 M M 5.0 14 80 M M 6 16 120
15 91 67 79 3 0 14 0.00 M M 5.7 14 90 M M 3 23 80
16 93 66 80 4 0 15 0.00 M M 3.8 12 80 M M 2 23 80
17 96 68 82 6 0 17 0.00 M M 4.4 9 70 M M 1 17 70
18 96 67 82 7 0 17 0.00 M M 3.9 14 360 M M 1 18 360
19 97 69 83 8 0 18 0.00 M M 3.3 9 80 M M 0 M M
20 104 74 89 15 0 24 0.00 M M 8.7 14 230 M M 0 20 230
21 89 67 78 4 0 13 0.00 M M 10.3 22 360 M M 1 30 350
22 84 52 68 -5 0 3 0.00 M M 5.5 12 320 M M 0 8 17 10
23 87 49 68 -5 0 3 0.00 M M 3.2 9 130 M M 0 M M
24 89 52 71 -2 0 6 0.00 M M 4.6 10 140 M M 0 16 210
25 91 55 73 1 0 8 0.00 M M 3.2 9 110 M M 0 M M
26 92 57 75 3 0 10 0.00 M M 5.2 13 150 M M 0 18 160
27 92 66 79 8 0 14 0.00 M M 6.7 10 190 M M 0 17 190
28 96 70 83 12 0 18 0.09 M M 5.8 14 270 M M 2 3 22 120
29 92 68 80 9 0 15 0.00 M M 8.1 13 120 M M 1 3 20 120
30 92 68 80 10 0 15 1.25 M M 8.9 20 280 M M 4 3 35 40
================================================================================
SM 2805 1988 0 453 1.34 M 172.9 M 35
================================================================================
AV 93.5 66.3 5.8 FASTST M M 1 MAX(MPH)
MISC ----> 22 360 35 40
================================================================================
NOTES:
# LAST OF SEVERAL OCCURRENCES
COLUMN 17 PEAK WIND IN M.P.H.
PRELIMINARY LOCAL CLIMATOLOGICAL DATA (WS FORM: F-6) , PAGE 2
STATION: GRANBURY
MONTH: SEPTEMBER
YEAR: 2021
LATITUDE: 32 26 N
LONGITUDE: 97 48 W
[TEMPERATURE DATA] [PRECIPITATION DATA] SYMBOLS USED IN COLUMN 16
AVERAGE MONTHLY: 79.9 TOTAL FOR MONTH: 1.34 1 = FOG OR MIST
DPTR FM NORMAL: 3.7 DPTR FM NORMAL: M 2 = FOG REDUCING VISIBILITY
HIGHEST: 104 ON 20 GRTST 24HR 1.25 ON 30-30 TO 1/4 MILE OR LESS
LOWEST: 49 ON 23 3 = THUNDER
SNOW, ICE PELLETS, HAIL 4 = ICE PELLETS
TOTAL MONTH: M 5 = HAIL
GRTST 24HR M ON M 6 = FREEZING RAIN OR DRIZZLE
GRTST DEPTH: M ON M 7 = DUSTSTORM OR SANDSTORM:
VSBY 1/2 MILE OR LESS
8 = SMOKE OR HAZE
[NO. OF DAYS WITH] [WEATHER - DAYS WITH] 9 = BLOWING SNOW
X = TORNADO
MAX 32 OR BELOW: 0 0.01 INCH OR MORE: 2
MAX 90 OR ABOVE: 24 0.10 INCH OR MORE: 1
MIN 32 OR BELOW: 0 0.50 INCH OR MORE: 1
MIN 0 OR BELOW: 0 1.00 INCH OR MORE: 1
[HDD (BASE 65) ]
TOTAL THIS MO. 0 CLEAR (SCALE 0-3) 28
DPTR FM NORMAL -6 PTCLDY (SCALE 4-7) 2
TOTAL FM JUL 1 0 CLOUDY (SCALE 8-10) 0
DPTR FM NORMAL -4
[CDD (BASE 65) ]
TOTAL THIS MO. 453
DPTR FM NORMAL 111 [PRESSURE DATA]
TOTAL FM JAN 1 2557 HIGHEST SLP M ON M
DPTR FM NORMAL 284 LOWEST SLP M ON M
[REMARKS]
#FINAL-09-21#