000
CXUS55 KRIW 011110
CF6GEY
PRELIMINARY LOCAL CLIMATOLOGICAL DATA (WS FORM: F-6)
STATION: GREYBULL WY
MONTH: JANUARY
YEAR: 2022
LATITUDE: 44 30 N
LONGITUDE: 108 4 W
TEMPERATURE IN F: :PCPN: SNOW: WIND :SUNSHINE: SKY :PK WND
================================================================================
1 2 3 4 5 6A 6B 7 8 9 10 11 12 13 14 15 16 17 18
12Z AVG MX 2MIN
DY MAX MIN AVG DEP HDD CDD WTR SNW DPTH SPD SPD DIR MIN PSBL S-S WX SPD DR
================================================================================
1 7 -15 -4 -21 69 0 0.00 M M 4.5 10 140 M M 0 13 120
2 13 -6 4 -13 61 0 0.00 M M 2.2 9 140 M M 2 12 360
3 38 -3 18 1 47 0 0.00 M M 3.8 22 150 M M 0 31 160
4 33 4 19 2 46 0 T M M 9.2 35 330 M M 2 1 44 330
5 6 -5 1 -16 64 0 T M M 10.4 26 320 M M 9 18 35 320
6 9 -8 1 -16 64 0 0.03 M M 2.7 12 110 M M 8 18 16 110
7 28 4 16 -1 49 0 0.00 M M 4.5 12 120 M M 0 19 80
8 38 7 23 6 42 0 0.00 M M 5.6 14 320 M M 0 17 320
9 25 -6 10 -7 55 0 0.00 M M 2.7 8 320 M M 0 11 100
10 26 -7 10 -7 55 0 0.00 M M 2.0 9 330 M M 0 10 320
11 23 -3 10 -7 55 0 0.00 M M 2.8 12 200 M M 1 13 200
12 36 4 20 3 45 0 0.00 M M 2.0 9 140 M M 2 12 260
13 27 11 19 2 46 0 0.00 M M 1.8 8 220 M M 0 9 340
14 41 17 29 12 36 0 T M M 14.9 31 330 M M 4 42 340
15 30 8 19 2 46 0 0.00 M M 1.7 9 320 M M 3 12 11 300
16 36 9 23 6 42 0 0.00 M M 2.5 9 100 M M 0 11 100
17 30 7 19 2 46 0 0.00 M M 1.4 9 330 M M 0 11 290
18 39 14 27 10 38 0 T M M 10.3 25 310 M M 5 1 32 320
19 17 -10 4 -13 61 0 T M M 5.3 21 320 M M 7 1 26 310
20 24 -13 6 -11 59 0 0.00 M M 1.4 7 160 M M 8 18 9 100
21 40 17 29 12 36 0 T M M 4.9 13 330 M M 6 1 18 310
22 31 6 19 1 46 0 0.00 M M 1.7 9 330 M M 8 12 9 330
23 38 12 25 7 40 0 0.00 M M 1.6 9 360 M M 4 12 11 10
24 35 8 22 4 43 0 0.00 M M 7.7 23 310 M M 2 31 300
25 36 19 28 10 37 0 0.00 M M 10.1 23 330 M M 2 31 330
26 34 9 22 4 43 0 0.00 M M 2.2 8 300 M M 1 13 350
27 35 11 23 5 42 0 T M M 9.8 31 340 M M 3 1 41 330
28 35 2 19 1 46 0 0.00 M M 3.1 10 110 M M 0 17 110
29 39 4 22 4 43 0 0.00 M M 2.2 8 260 M M 0 11 260
30 36 4 20 2 45 0 0.00 M M 2.4 8 240 M M 1 10 290
31 45 14 30 11 35 0 0.00 M M 8.5 30 330 M M 3 40 280
================================================================================
SM 930 115 1482 0 0.03 M 145.9 M 81
================================================================================
AV 30.0 3.7 4.7 FASTST M M 3 MAX(MPH)
MISC ----> 35 330 44 330
================================================================================
NOTES:
# LAST OF SEVERAL OCCURRENCES
COLUMN 17 PEAK WIND IN M.P.H.
PRELIMINARY LOCAL CLIMATOLOGICAL DATA (WS FORM: F-6) , PAGE 2
STATION: GREYBULL WY
MONTH: JANUARY
YEAR: 2022
LATITUDE: 44 30 N
LONGITUDE: 108 4 W
[TEMPERATURE DATA] [PRECIPITATION DATA] SYMBOLS USED IN COLUMN 16
AVERAGE MONTHLY: 16.9 TOTAL FOR MONTH: 0.03 1 = FOG OR MIST
DPTR FM NORMAL: -0.6 DPTR FM NORMAL: -0.12 2 = FOG REDUCING VISIBILITY
HIGHEST: 45 ON 31 GRTST 24HR 0.14 ON 4- 5 TO 1/4 MILE OR LESS
LOWEST: -15 ON 1 3 = THUNDER
SNOW, ICE PELLETS, HAIL 4 = ICE PELLETS
TOTAL MONTH: M 5 = HAIL
GRTST 24HR M ON M 6 = FREEZING RAIN OR DRIZZLE
GRTST DEPTH: M ON M 7 = DUSTSTORM OR SANDSTORM:
VSBY 1/2 MILE OR LESS
8 = SMOKE OR HAZE
[NO. OF DAYS WITH] [WEATHER - DAYS WITH] 9 = BLOWING SNOW
X = TORNADO
MAX 32 OR BELOW: 14 0.01 INCH OR MORE: 1
MAX 90 OR ABOVE: 0 0.10 INCH OR MORE: 0
MIN 32 OR BELOW: 31 0.50 INCH OR MORE: 0
MIN 0 OR BELOW: 10 1.00 INCH OR MORE: 0
[HDD (BASE 65) ]
TOTAL THIS MO. 1482 CLEAR (SCALE 0-3) 21
DPTR FM NORMAL 8 PTCLDY (SCALE 4-7) 9
TOTAL FM JUL 1 4118 CLOUDY (SCALE 8-10) 1
DPTR FM NORMAL -552
[CDD (BASE 65) ]
TOTAL THIS MO. 0
DPTR FM NORMAL 0 [PRESSURE DATA]
TOTAL FM JAN 1 0 HIGHEST SLP 30.82 ON 9
DPTR FM NORMAL 0 LOWEST SLP 29.55 ON 7
[REMARKS]
#FINAL-01-22#