000
CXUS53 KIND 010700
CF6GEZ
PRELIMINARY LOCAL CLIMATOLOGICAL DATA (WS FORM: F-6)
STATION: SHELBYVILLE IN
MONTH: DECEMBER
YEAR: 2022
LATITUDE: 39 35 N
LONGITUDE: 85 48 W
TEMPERATURE IN F: :PCPN: SNOW: WIND :SUNSHINE: SKY :PK WND
================================================================================
1 2 3 4 5 6A 6B 7 8 9 10 11 12 13 14 15 16 17 18
12Z AVG MX 2MIN
DY MAX MIN AVG DEP HDD CDD WTR SNW DPTH SPD SPD DIR MIN PSBL S-S WX SPD DR
================================================================================
1 38 21 30 -9 35 0 0.00 M M 6.3 15 290 M M 0 26 290
2 58 30 44 6 21 0 0.01 M M 17.3 32 180 M M 9 1 44 180
3 57 23 40 2 25 0 0.02 M M 13.4 38 300 M M 4 1 52 300
4 43 17 30 -8 35 0 0.00 M M 6.7 14 210 M M 0 18 200
5 48 24 36 -1 29 0 0.00 M M 7.5 15 160 M M 6 1 20 170
6 53 43 48 11 17 0 0.05 M M 3.0 8 90 M M 10 1 11 80
7 50 37 44 7 21 0 0.00 M M 5.0 12 330 M M 9 18 15 310
8 47 39 43 7 22 0 0.05 M M 7.4 13 30 M M 9 18 18 60
9 48 40 44 8 21 0 0.13 M M 8.5 21 90 M M 10 18 25 100
10 46 40 43 7 22 0 0.01 M M 7.2 14 260 M M 10 18 18 270
11 46 40 43 7 22 0 T M M 5.3 12 330 M M 10 18 14 270
12 47 34 41 6 24 0 0.00 M M 8.3 16 60 M M 7 20 50
13 45 32 39 4 26 0 0.00 M M 11.8 21 100 M M 1 27 100
14 55 41 48 13 17 0 0.73 M M 15.1 21 120 M M 10 1 32 130
15 57 37 47 13 18 0 0.16 M M 11.8 29 240 M M 9 1 42 240
16 40 31 36 2 29 0 T M M 13.6 24 220 M M 10 35 270
17 34 27 31 -3 34 0 T M M 13.1 24 270 M M 10 31 270
18 33 23 28 -6 37 0 T M M 9.9 18 270 M M 5 24 260
19 33 17 25 -9 40 0 0.00 M M 3.0 8 30 M M 1 11 270
20 46 25 36 3 29 0 0.00 M M 3.7 9 100 M M 6 11 90
21 44 21 33 0 32 0 0.00 M M 6.8 14 100 M M 0 18 19 80
22 44 3 24 -9 41 0 0.14 M M 12.2 30 290 M M 9 18 43 280
23 3 -7 -2 -34 67 0 T M M 24.0 33 270 M M 10 89 46 280
24 17 2 10 -22 55 0 T M M 19.0 29 260 M M 7 89 40 250
25 18 7 13 -19 52 0 0.00 M M 12.6 23 270 M M 0 31 260
26 25 15 20 -12 45 0 0.01 M M 7.2 15 160 M M 9 18 19 170
27 32 25 29 -3 36 0 0.00 M M 7.9 21 200 M M 10 18 27 190
28 48 28 38 6 27 0 0.00 M M 15.4 22 180 M M 1 30 170
29 59 44 52 21 13 0 T M M 16.4 25 180 M M 8 34 170
30 M M M M M M M M M M 18 180 M M M M M
31 M M M M M M M M M M M M M M M M M
================================================================================
SM 1214 759 892 0 1.31 M 299.4 M 190
================================================================================
AV 41.9 26.2 10.3 FASTST M M 7 MAX(MPH)
MISC ----> 38 300 52 300
================================================================================
NOTES:
# LAST OF SEVERAL OCCURRENCES
COLUMN 17 PEAK WIND IN M.P.H.
PRELIMINARY LOCAL CLIMATOLOGICAL DATA (WS FORM: F-6) , PAGE 2
STATION: SHELBYVILLE IN
MONTH: DECEMBER
YEAR: 2022
LATITUDE: 39 35 N
LONGITUDE: 85 48 W
[TEMPERATURE DATA] [PRECIPITATION DATA] SYMBOLS USED IN COLUMN 16
AVERAGE MONTHLY: 34.0 TOTAL FOR MONTH: 1.31 1 = FOG OR MIST
DPTR FM NORMAL: -0.4 DPTR FM NORMAL: -1.66 2 = FOG REDUCING VISIBILITY
HIGHEST: 59 ON 29 GRTST 24HR 0.88 ON 14-15 TO 1/4 MILE OR LESS
LOWEST: -7 ON 23 3 = THUNDER
SNOW, ICE PELLETS, HAIL 4 = ICE PELLETS
TOTAL MONTH: M 5 = HAIL
GRTST 24HR M ON M 6 = FREEZING RAIN OR DRIZZLE
GRTST DEPTH: M ON M 7 = DUSTSTORM OR SANDSTORM:
VSBY 1/2 MILE OR LESS
8 = SMOKE OR HAZE
[NO. OF DAYS WITH] [WEATHER - DAYS WITH] 9 = BLOWING SNOW
X = TORNADO
MAX 32 OR BELOW: 5 0.01 INCH OR MORE: 10
MAX 90 OR ABOVE: 0 0.10 INCH OR MORE: 4
MIN 32 OR BELOW: 19 0.50 INCH OR MORE: 1
MIN 0 OR BELOW: 1 1.00 INCH OR MORE: 0
[HDD (BASE 65) ]
TOTAL THIS MO. 892 CLEAR (SCALE 0-3) 7
DPTR FM NORMAL -57 PTCLDY (SCALE 4-7) 7
TOTAL FM JUL 1 1803 CLOUDY (SCALE 8-10) 17
DPTR FM NORMAL -140
[CDD (BASE 65) ]
TOTAL THIS MO. 0
DPTR FM NORMAL 0 [PRESSURE DATA]
TOTAL FM JAN 1 1437 HIGHEST SLP M ON M
DPTR FM NORMAL 288 LOWEST SLP 29.43 ON 15
[REMARKS]
#FINAL-12-22#