000
CXUS53 KFGF 010815
CF6GFK
PRELIMINARY LOCAL CLIMATOLOGICAL DATA (WS FORM: F-6)
STATION: GRAND FORKS INTL AP ND
MONTH: SEPTEMBER
YEAR: 2022
LATITUDE: 47 57 N
LONGITUDE: 97 11 W
TEMPERATURE IN F: :PCPN: SNOW: WIND :SUNSHINE: SKY :PK WND
================================================================================
1 2 3 4 5 6A 6B 7 8 9 10 11 12 13 14 15 16 17 18
12Z AVG MX 2MIN
DY MAX MIN AVG DEP HDD CDD WTR SNW DPTH SPD SPD DIR MIN PSBL S-S WX SPD DR
================================================================================
1 90 59 75 12 0 10 0.00 0.0 0 11.8 24 180 M M 0 18 37 180
2 77 49 63 0 2 0 0.00 0.0 0 11.6 23 330 M M 3 29 300
3 77 43 60 -3 5 0 0.00 0.0 0 4.1 10 140 M M 1 12 140
4 77 48 63 1 2 0 0.00 0.0 0 11.3 23 150 M M 2 32 130
5 82 56 69 7 0 4 0.00 0.0 0 16.5 30 150 M M 5 41 150
6 84 52 68 6 0 3 0.00 0.0 0 10.1 18 180 M M 1 8 25 180
7 85 47 66 5 0 1 0.00 0.0 0 9.2 20 150 M M 1 18 26 170
8 82 59 71 10 0 6 T 0.0 0 12.4 29 340 M M 5 38 350
9 69 47 58 -3 7 0 0.00 0.0 0 7.3 17 300 M M 5 24 350
10 73 41 57 -3 8 0 T 0.0 0 5.8 18 310 M M 3 25 300
11 80 38 59 -1 6 0 0.00 0.0 0 6.8 15 210 M M 0 22 210
12 85 46 66 6 0 1 0.00 0.0 0 9.0 18 190 M M 4 27 200
13 70 45 58 -1 7 0 0.00 0.0 0 11.5 16 30 M M 6 23 30
14 75 41 58 -1 7 0 0.00 0.0 0 11.4 24 120 M M 6 1 31 90
15 67 57 62 4 3 0 0.08 0.0 0 11.2 22 10 M M 7 13 27 20
16 60 57 59 1 6 0 0.14 0.0 0 7.4 14 340 M M 10 12 17 350
17 68 53 61 4 4 0 T 0.0 0 5.9 14 310 M M 9 1 18 310
18 80 46 63 6 2 0 0.00 0.0 0 7.4 16 230 M M 3 1 24 210
19 79 49 64 7 1 0 0.16 0.0 0 11.0 28 190 M M 3 138 37 200
20 73 53 63 7 2 0 0.01 0.0 0 9.8 22 290 M M 5 3 30 280
21 61 47 54 -2 11 0 0.02 0.0 0 13.9 26 340 M M 7 1 34 320
22 62 34 48 -7 17 0 0.00 0.0 0 5.6 14 160 M M 5 1 20 130
23 61 50 56 1 9 0 0.02 0.0 0 13.5 24 180 M M 8 3 31 190
24 69 49 59 5 6 0 0.10 0.0 0 8.5 20 340 M M 7 1 25 340
25 68 44 56 2 9 0 0.00 0.0 0 14.1 30 320 M M 2 41 320
26 69 38 54 1 11 0 T 0.0 0 5.0 12 50 M M 5 17 60
27 60 32 46 -7 19 0 0.00 0.0 0 6.2 12 50 M M 2 17 40
28 68 31 50 -2 15 0 0.00 0.0 0 13.5 23 150 M M 4 34 190
29 76 50 63 11 2 0 T 0.0 0 14.1 24 190 M M 2 32 190
30 75 47 61 9 4 0 T 0.0 0 6.9 15 100 M M 4 23 50
================================================================================
SM 2202 1408 165 25 0.53 0.0 292.8 M 125
================================================================================
AV 73.4 46.9 9.8 FASTST M M 4 MAX(MPH)
MISC ----> # 30 150 # 41 150
================================================================================
NOTES:
# LAST OF SEVERAL OCCURRENCES
COLUMN 17 PEAK WIND IN M.P.H.
PRELIMINARY LOCAL CLIMATOLOGICAL DATA (WS FORM: F-6) , PAGE 2
STATION: GRAND FORKS INTL AP ND
MONTH: SEPTEMBER
YEAR: 2022
LATITUDE: 47 57 N
LONGITUDE: 97 11 W
[TEMPERATURE DATA] [PRECIPITATION DATA] SYMBOLS USED IN COLUMN 16
AVERAGE MONTHLY: 60.2 TOTAL FOR MONTH: 0.53 1 = FOG OR MIST
DPTR FM NORMAL: 2.3 DPTR FM NORMAL: -1.73 2 = FOG REDUCING VISIBILITY
HIGHEST: 90 ON 1 GRTST 24HR 0.21 ON 15-16 TO 1/4 MILE OR LESS
LOWEST: 31 ON 28 3 = THUNDER
SNOW, ICE PELLETS, HAIL 4 = ICE PELLETS
TOTAL MONTH: 0.0 INCH 5 = HAIL
GRTST 24HR 0.0 6 = FREEZING RAIN OR DRIZZLE
GRTST DEPTH: 0 7 = DUSTSTORM OR SANDSTORM:
VSBY 1/2 MILE OR LESS
8 = SMOKE OR HAZE
[NO. OF DAYS WITH] [WEATHER - DAYS WITH] 9 = BLOWING SNOW
X = TORNADO
MAX 32 OR BELOW: 0 0.01 INCH OR MORE: 7
MAX 90 OR ABOVE: 1 0.10 INCH OR MORE: 3
MIN 32 OR BELOW: 2 0.50 INCH OR MORE: 0
MIN 0 OR BELOW: 0 1.00 INCH OR MORE: 0
[HDD (BASE 65) ]
TOTAL THIS MO. 165 CLEAR (SCALE 0-3) 12
DPTR FM NORMAL -79 PTCLDY (SCALE 4-7) 15
TOTAL FM JUL 1 181 CLOUDY (SCALE 8-10) 3
DPTR FM NORMAL -140
[CDD (BASE 65) ]
TOTAL THIS MO. 25
DPTR FM NORMAL -4 [PRESSURE DATA]
TOTAL FM JAN 1 513 HIGHEST SLP M ON M
DPTR FM NORMAL 132 LOWEST SLP 29.51 ON 8
[REMARKS]
#FINAL-09-22#