000
CXUS55 KALY 010810
CF6GFL
PRELIMINARY LOCAL CLIMATOLOGICAL DATA (WS FORM: F-6)
STATION: GLENS FALLS NY
MONTH: JANUARY
YEAR: 2022
LATITUDE: 43 20 N
LONGITUDE: 73 37 W
TEMPERATURE IN F: :PCPN: SNOW: WIND :SUNSHINE: SKY :PK WND
================================================================================
1 2 3 4 5 6A 6B 7 8 9 10 11 12 13 14 15 16 17 18
12Z AVG MX 2MIN
DY MAX MIN AVG DEP HDD CDD WTR SNW DPTH SPD SPD DIR MIN PSBL S-S WX SPD DR
================================================================================
1 42 35 39 17 26 0 0.15 M M 1.6 10 60 M M 10 12 12 70
2 39 20 30 8 35 0 0.12 M M 7.8 13 80 M M 10 16 15 90
3 20 9 15 -7 50 0 0.00 M M 8.2 15 40 M M 4 18 70
4 23 7 15 -6 50 0 T M M 2.8 10 200 M M 6 18 13 190
5 34 13 24 3 41 0 0.00 M M 2.2 9 210 M M 0 12 210
6 35 24 30 9 35 0 T M M 6.4 16 270 M M 6 1 23 280
7 31 15 23 2 42 0 0.01 M M 5.5 17 290 M M 10 18 25 290
8 19 7 13 -8 52 0 0.00 M M 4.9 23 310 M M 0 31 320
9 36 15 26 6 39 0 0.06 M M 8.4 22 300 M M 9 16 29 280
10 31 12 22 2 43 0 T M M 7.9 22 300 M M 7 18 33 300
11 12 -3 5 -15 60 0 T M M 6.8 17 340 M M 1 18 22 340
12 25 3 14 -6 51 0 0.00 M M 3.5 10 210 M M 7 14 200
13 34 25 30 10 35 0 T M M 1.8 9 300 M M 10 8 10 300
14 31 2 17 -3 48 0 0.00 M M 11.7 29 20 M M 7 1 37 20
15 4 -6 -1 -20 66 0 0.00 M M 6.6 23 30 M M 0 31 30
16 18 -8 5 -14 60 0 0.01 M M 1.6 10 340 M M 1 1 13 340
17 34 17 26 7 39 0 0.27 M M 9.2 23 40 M M 10 1 30 40
18 26 -3 12 -7 53 0 0.00 M M 6.5 20 290 M M 4 8 26 290
19 36 -4 16 -3 49 0 0.00 M M 4.7 21 200 M M 7 26 210
20 37 2 20 1 45 0 0.00 M M 8.1 16 80 M M 3 20 290
21 10 -10 0 -19 65 0 0.00 M M 2.3 10 60 M M 0 12 80
22 16 -15 1 -18 64 0 0.00 M M 1.6 8 150 M M 2 1 10 250
23 27 8 18 -1 47 0 T M M 7.2 15 200 M M 7 18 18 200
24 20 2 11 -8 54 0 0.02 M M 2.8 12 60 M M 7 18 13 70
25 33 16 25 6 40 0 0.01 M M 5.0 18 310 M M 6 18 22 310
26 13 -8 3 -16 62 0 0.00 M M 6.0 14 20 M M 0 17 20
27 24 -14 5 -14 60 0 0.00 M M 4.3 15 200 M M 3 8 20 210
28 30 8 19 0 46 0 T M M 5.9 16 70 M M 9 8 20 70
29 10 4 7 -12 58 0 0.00 M M 10.3 18 50 M M 8 24 350
30 22 -13 5 -14 60 0 0.00 M M 3.3 15 340 M M 1 20 320
31 27 2 15 -4 50 0 0.00 M M 3.9 12 140 M M 4 13 150
================================================================================
SM 799 162 1525 0 0.65 M 168.8 M 159
================================================================================
AV 25.8 5.2 5.4 FASTST M M 5 MAX(MPH)
MISC ----> 29 20 37 20
================================================================================
NOTES:
# LAST OF SEVERAL OCCURRENCES
COLUMN 17 PEAK WIND IN M.P.H.
PRELIMINARY LOCAL CLIMATOLOGICAL DATA (WS FORM: F-6) , PAGE 2
STATION: GLENS FALLS NY
MONTH: JANUARY
YEAR: 2022
LATITUDE: 43 20 N
LONGITUDE: 73 37 W
[TEMPERATURE DATA] [PRECIPITATION DATA] SYMBOLS USED IN COLUMN 16
AVERAGE MONTHLY: 15.5 TOTAL FOR MONTH: 0.65 1 = FOG OR MIST
DPTR FM NORMAL: -4.2 DPTR FM NORMAL: -1.91 2 = FOG REDUCING VISIBILITY
HIGHEST: 42 ON 1 GRTST 24HR 0.36 ON 1- 2 TO 1/4 MILE OR LESS
LOWEST: -15 ON 22 3 = THUNDER
SNOW, ICE PELLETS, HAIL 4 = ICE PELLETS
TOTAL MONTH: M 5 = HAIL
GRTST 24HR M ON M 6 = FREEZING RAIN OR DRIZZLE
GRTST DEPTH: M ON M 7 = DUSTSTORM OR SANDSTORM:
VSBY 1/2 MILE OR LESS
8 = SMOKE OR HAZE
[NO. OF DAYS WITH] [WEATHER - DAYS WITH] 9 = BLOWING SNOW
X = TORNADO
MAX 32 OR BELOW: 21 0.01 INCH OR MORE: 8
MAX 90 OR ABOVE: 0 0.10 INCH OR MORE: 3
MIN 32 OR BELOW: 30 0.50 INCH OR MORE: 0
MIN 0 OR BELOW: 10 1.00 INCH OR MORE: 0
[HDD (BASE 65) ]
TOTAL THIS MO. 1525 CLEAR (SCALE 0-3) 11
DPTR FM NORMAL 121 PTCLDY (SCALE 4-7) 13
TOTAL FM JUL 1 3959 CLOUDY (SCALE 8-10) 7
DPTR FM NORMAL -236
[CDD (BASE 65) ]
TOTAL THIS MO. 0
DPTR FM NORMAL 0 [PRESSURE DATA]
TOTAL FM JAN 1 0 HIGHEST SLP 30.72 ON 21
DPTR FM NORMAL 0 LOWEST SLP 28.99 ON 17
[REMARKS]
#FINAL-01-22#