000
CXUS55 KGGW 011525
CF6GGW
PRELIMINARY LOCAL CLIMATOLOGICAL DATA (WS FORM: F-6)
STATION: GLASGOW MT
MONTH: MARCH
YEAR: 2023
LATITUDE: 48 13 N
LONGITUDE: 106 37 W
TEMPERATURE IN F: :PCPN: SNOW: WIND :SUNSHINE: SKY :PK WND
================================================================================
1 2 3 4 5 6A 6B 7 8 9 10 11 12 13 14 15 16 17 18
12Z AVG MX 2MIN
DY MAX MIN AVG DEP HDD CDD WTR SNW DPTH SPD SPD DIR MIN PSBL S-S WX SPD DR
================================================================================
1 26 14 20 -4 45 0 0.05 1.0 4 15.1 25 100 M M 10 18 30 110
2 39 7 23 -1 42 0 0.00 0.0 4 9.8 20 310 M M 1 27 300
3 34 15 25 0 40 0 0.00 0.0 3 10.4 24 280 M M 1 32 290
4 31 6 19 -6 46 0 0.00 0.0 2 6.7 18 60 M M 0 18 20 50
5 24 12 18 -8 47 0 T T 2 25.5 33 50 M M 2 89 42 60
6 16 10 13 -13 52 0 0.07 2.1 2 25.2 36 100 M M 9 189 43 90
7 14 8 11 -16 54 0 0.04 1.4 3 20.6 29 110 M M 9 8 35 110
8 17 11 14 -13 51 0 T T 2 21.2 26 90 M M 10 8 32 90
9 17 12 15 -13 50 0 0.01 0.2 2 17.6 26 90 M M 10 18 32 90
10 25 11 18 -10 47 0 0.31 4.7 2 25.5 38 110 M M 10 128 51 110
11 25 1 13 -16 52 0 0.14 1.8 6 16.8 30 270 M M 8 18 39 270
12 15 -2 7 -23 58 0 0.00 0.0 5 8.8 20 110 M M 0 18 21 110
13 32 3 18 -12 47 0 0.00 0.0 5 19.4 25 120 M M 0 8 29 120
14 42 19 31 0 34 0 0.00 0.0 4 13.8 37 290 M M 2 48 290
15 29 23 26 -5 39 0 0.40 6.2 3 14.8 26 50 M M 10 128 33 60
16 29 11 20 -12 45 0 0.02 0.4 6 8.6 20 320 M M 7 18 24 320
17 21 -2 10 -22 55 0 0.00 0.0 5 7.1 18 350 M M 4 128 21 350
18 25 -3 11 -22 54 0 0.00 0.0 4 11.3 18 120 M M 4 128 22 120
19 24 6 15 -18 50 0 0.00 0.0 4 9.6 18 320 M M 0 18 23 320
20 20 11 16 -18 49 0 T T 4 12.9 18 90 M M 10 18 22 120
21 19 3 11 -23 54 0 T 0.1 4 6.1 13 320 M M 7 18 15 320
22 26 -2 12 -23 53 0 T 0.1 4 4.9 14 120 M M 6 18 15 120
23 30 2 16 -19 49 0 0.00 0.0 4 3.3 14 120 M M 5 128 15 120
24 26 5 16 -20 49 0 0.00 0.0 4 6.0 14 310 M M 4 128 16 300
25 24 4 14 -22 51 0 0.00 0.0 4 6.9 14 60 M M 1 128 17 60
26 27 5 16 -21 49 0 T T 4 5.5 12 30 M M 10 128 15 30
27 31 15 23 -14 42 0 0.02 0.3 4 7.2 20 20 M M 10 18 23 20
28 20 -1 10 -28 55 0 T T 4 5.6 14 120 M M 4 18 15 120
29 28 3 16 -22 49 0 0.00 0.0 4 12.5 17 90 M M 0 19 90
30 33 13 23 -16 42 0 0.00 0.0 4 8.9 20 70 M M 6 23 70
31 32 19 26 -13 39 0 T T 4 11.5 17 130 M M 4 18 21 130
================================================================================
SM 801 239 1489 0 1.06 18.3 379.1 M 164
================================================================================
AV 25.8 7.7 12.2 FASTST M M 5 MAX(MPH)
MISC ----> 38 110 51 110
================================================================================
NOTES:
# LAST OF SEVERAL OCCURRENCES
COLUMN 17 PEAK WIND IN M.P.H.
PRELIMINARY LOCAL CLIMATOLOGICAL DATA (WS FORM: F-6) , PAGE 2
STATION: GLASGOW MT
MONTH: MARCH
YEAR: 2023
LATITUDE: 48 13 N
LONGITUDE: 106 37 W
[TEMPERATURE DATA] [PRECIPITATION DATA] SYMBOLS USED IN COLUMN 16
AVERAGE MONTHLY: 16.8 TOTAL FOR MONTH: 1.06 1 = FOG OR MIST
DPTR FM NORMAL: -14.8 DPTR FM NORMAL: 0.59 2 = FOG REDUCING VISIBILITY
HIGHEST: 42 ON 14 GRTST 24HR 0.45 ON 10-11 TO 1/4 MILE OR LESS
LOWEST: -3 ON 18 3 = THUNDER
SNOW, ICE PELLETS, HAIL 4 = ICE PELLETS
TOTAL MONTH: 20.4 INCHES 5 = HAIL
GRTST 24HR 6.2 ON 15-15 6 = FREEZING RAIN OR DRIZZLE
GRTST DEPTH: 6 ON 16,11 7 = DUSTSTORM OR SANDSTORM:
VSBY 1/2 MILE OR LESS
8 = SMOKE OR HAZE
[NO. OF DAYS WITH] [WEATHER - DAYS WITH] 9 = BLOWING SNOW
X = TORNADO
MAX 32 OR BELOW: 27 0.01 INCH OR MORE: 9
MAX 90 OR ABOVE: 0 0.10 INCH OR MORE: 3
MIN 32 OR BELOW: 31 0.50 INCH OR MORE: 0
MIN 0 OR BELOW: 5 1.00 INCH OR MORE: 0
[HDD (BASE 65) ]
TOTAL THIS MO. 1489 CLEAR (SCALE 0-3) 10
DPTR FM NORMAL 453 PTCLDY (SCALE 4-7) 11
TOTAL FM JUL 1 7863 CLOUDY (SCALE 8-10) 10
DPTR FM NORMAL 622
[CDD (BASE 65) ]
TOTAL THIS MO. 0
DPTR FM NORMAL 0 [PRESSURE DATA]
TOTAL FM JAN 1 0 HIGHEST SLP 30.55 ON 18
DPTR FM NORMAL 0 LOWEST SLP 29.49 ON 10
[REMARKS]
#FINAL-03-23#
CORRECTED SNOW DEPTH ON MARCH 29TH.