000
CXUS55 KGGW 010910
CF6GGW
PRELIMINARY LOCAL CLIMATOLOGICAL DATA (WS FORM: F-6)
STATION: GLASGOW MT
MONTH: JANUARY
YEAR: 2023
LATITUDE: 48 13 N
LONGITUDE: 106 37 W
TEMPERATURE IN F: :PCPN: SNOW: WIND :SUNSHINE: SKY :PK WND
================================================================================
1 2 3 4 5 6A 6B 7 8 9 10 11 12 13 14 15 16 17 18
12Z AVG MX 2MIN
DY MAX MIN AVG DEP HDD CDD WTR SNW DPTH SPD SPD DIR MIN PSBL S-S WX SPD DR
================================================================================
1 22 2 12 -3 53 0 0.00 0.0 3 3.7 10 220 M M 5 128 13 230
2 12 0 6 -9 59 0 T T 3 3.1 13 90 M M 3 128 14 90
3 16 3 10 -5 55 0 T T 3 9.7 17 120 M M 10 128 21 120
4 13 2 8 -6 57 0 T T 3 2.1 8 120 M M 6 128 10 130
5 12 -4 4 -10 61 0 0.00 0.0 3 5.1 9 60 M M 0 1 11 200
6 14 1 8 -6 57 0 0.00 0.0 3 11.8 21 110 M M 5 1 24 120
7 24 3 14 0 51 0 0.00 0.0 3 3.9 10 130 M M 1 1 11 130
8 21 5 13 -1 52 0 0.00 0.0 3 4.1 14 100 M M 1 128 15 100
9 29 11 20 6 45 0 0.00 0.0 3 4.0 13 100 M M 1 13 90
10 29 13 21 7 44 0 0.00 0.0 3 6.9 16 120 M M 5 128 19 120
11 25 21 23 9 42 0 0.00 0.0 3 3.5 9 310 M M 10 128 11 310
12 22 14 18 4 47 0 0.00 0.0 3 9.6 14 110 M M 6 128 17 120
13 31 13 22 8 43 0 0.00 0.0 3 7.5 14 120 M M 0 15 140
14 35 20 28 14 37 0 0.02 0.0 3 3.0 15 120 M M 4 1268 16 120
15 28 15 22 8 43 0 0.00 0.0 3 4.2 12 80 M M 10 128 14 70
16 23 21 22 8 43 0 0.00 0.0 3 5.4 9 110 M M 10 12 12 120
17 27 21 24 10 41 0 0.01 0.1 3 10.2 14 110 M M 9 1 16 120
18 34 17 26 12 39 0 T T 4 7.3 14 120 M M 7 128 16 120
19 17 6 12 -2 53 0 0.00 0.0 4 5.6 16 330 M M 5 128 21 330
20 22 4 13 -2 52 0 0.00 0.0 4 6.6 16 310 M M 5 18 18 310
21 28 14 21 6 44 0 0.00 0.0 4 3.5 12 340 M M 5 1 12 330
22 36 13 25 10 40 0 0.01 T 4 10.6 24 320 M M 9 128 33 300
23 33 13 23 8 42 0 0.02 0.2 4 9.4 22 300 M M 3 1 29 310
24 33 28 31 16 34 0 T T 4 11.6 24 280 M M 9 1 31 280
25 34 14 24 9 41 0 0.03 0.3 5 11.9 20 310 M M 6 1 24 300
26 41 12 27 12 38 0 0.01 T 5 17.6 35 310 M M 6 12 46 310
27 32 11 22 7 43 0 0.01 0.1 3 10.4 26 40 M M 9 1 30 50
28 11 -8 2 -13 63 0 0.00 0.0 3 11.4 23 320 M M 4 8 28 310
29 0 -11 -5 -20 70 0 0.00 0.0 3 13.0 26 320 M M 3 8 32 320
30 8 -16 -4 -19 69 0 T T 3 8.0 20 310 M M 3 25 310
31 19 -3 8 -8 57 0 0.00 0.0 3 4.5 8 110 M M 7 9 140
================================================================================
SM 731 255 1515 0 0.11 0.7 229.2 M 167
================================================================================
AV 23.6 8.2 7.4 FASTST M M 5 MAX(MPH)
MISC ----> 35 310 46 310
================================================================================
NOTES:
# LAST OF SEVERAL OCCURRENCES
COLUMN 17 PEAK WIND IN M.P.H.
PRELIMINARY LOCAL CLIMATOLOGICAL DATA (WS FORM: F-6) , PAGE 2
STATION: GLASGOW MT
MONTH: JANUARY
YEAR: 2023
LATITUDE: 48 13 N
LONGITUDE: 106 37 W
[TEMPERATURE DATA] [PRECIPITATION DATA] SYMBOLS USED IN COLUMN 16
AVERAGE MONTHLY: 15.9 TOTAL FOR MONTH: 0.11 1 = FOG OR MIST
DPTR FM NORMAL: 1.3 DPTR FM NORMAL: -0.33 2 = FOG REDUCING VISIBILITY
HIGHEST: 41 ON 26 GRTST 24HR 0.03 ON 25-25 TO 1/4 MILE OR LESS
LOWEST: -16 ON 30 3 = THUNDER
SNOW, ICE PELLETS, HAIL 4 = ICE PELLETS
TOTAL MONTH: 0.7 INCH 5 = HAIL
GRTST 24HR 0.3 ON 25-25 6 = FREEZING RAIN OR DRIZZLE
GRTST DEPTH: 5 ON 26,25 7 = DUSTSTORM OR SANDSTORM:
VSBY 1/2 MILE OR LESS
8 = SMOKE OR HAZE
[NO. OF DAYS WITH] [WEATHER - DAYS WITH] 9 = BLOWING SNOW
X = TORNADO
MAX 32 OR BELOW: 24 0.01 INCH OR MORE: 7
MAX 90 OR ABOVE: 0 0.10 INCH OR MORE: 0
MIN 32 OR BELOW: 31 0.50 INCH OR MORE: 0
MIN 0 OR BELOW: 6 1.00 INCH OR MORE: 0
[HDD (BASE 65) ]
TOTAL THIS MO. 1515 CLEAR (SCALE 0-3) 5
DPTR FM NORMAL -46 PTCLDY (SCALE 4-7) 18
TOTAL FM JUL 1 5119 CLOUDY (SCALE 8-10) 8
DPTR FM NORMAL 209
[CDD (BASE 65) ]
TOTAL THIS MO. 0
DPTR FM NORMAL 0 [PRESSURE DATA]
TOTAL FM JAN 1 0 HIGHEST SLP M ON M
DPTR FM NORMAL 0 LOWEST SLP 29.56 ON 14
[REMARKS]
#FINAL-01-23#