000
CXUS52 KTBW 011333
CF6GIF
PRELIMINARY LOCAL CLIMATOLOGICAL DATA (WS FORM: F-6)
STATION: WINTER HAVEN
MONTH: NOVEMBER
YEAR: 2021
LATITUDE: 28 4 N
LONGITUDE: 81 45 W
TEMPERATURE IN F: :PCPN: SNOW: WIND :SUNSHINE: SKY :PK WND
================================================================================
1 2 3 4 5 6A 6B 7 8 9 10 11 12 13 14 15 16 17 18
12Z AVG MX 2MIN
DY MAX MIN AVG DEP HDD CDD WTR SNW DPTH SPD SPD DIR MIN PSBL S-S WX SPD DR
================================================================================
1 79 57 68 -5 0 3 0.00 0.0 0 8.2 20 30 M M 2 29 30
2 86 64 75 2 0 10 0.00 0.0 0 8.1 22 30 M M 1 30 30
3 85 66 76 4 0 11 0.00 0.0 0 8.5 23 20 M M 1 1 26 30
4 80 66 73 1 0 8 0.07 0.0 0 7.8 16 40 M M 2 24 60
5 71 66 69 -3 0 4 2.53 0.0 0 9.4 22 40 M M 10 1 31 40
6 68 54 61 -11 4 0 0.01 0.0 0 13.7 22 330 M M 10 1 29 340
7 73 52 63 -8 2 0 0.00 0.0 0 10.1 20 330 M M 1 26 340
8 76 54 65 -6 0 0 0.00 0.0 0 9.1 18 40 M M 0 24 30
9 80 57 69 -2 0 4 0.00 0.0 0 8.7 16 50 M M 2 23 60
10 81 61 71 0 0 6 0.03 0.0 0 7.1 17 80 M M 5 18 22 60
11 81 64 73 3 0 8 0.03 0.0 0 4.4 13 180 M M 9 13 16 180
12 80 67 74 4 0 9 0.05 0.0 0 1.5 8 340 M M 3 1 12 20
13 80 60 70 0 0 5 0.06 0.0 0 4.6 21 280 M M 4 12 26 280
14 71 53 62 -8 3 0 0.00 0.0 0 6.2 15 310 M M 0 19 310
15 75 52 64 -6 1 0 0.00 0.0 0 7.1 17 360 M M 0 21 360
16 79 51 65 -5 0 0 0.00 0.0 0 5.6 14 60 M M 0 19 50
17 82 59 71 2 0 6 0.00 0.0 0 6.2 14 100 M M 1 18 110
18 76 66 71 2 0 6 0.05 0.0 0 4.1 8 350 M M 4 14 120
19 83 66 75 6 0 10 0.03 0.0 0 9.8 21 40 M M 8 1 27 30
20 75 66 71 2 0 6 0.03 0.0 0 11.9 24 40 M M 7 18 33 40
21 78 66 72 3 0 7 0.09 0.0 0 7.8 17 80 M M 9 1 22 60
22 77 63 70 2 0 5 0.08 0.0 0 6.5 16 310 M M 5 12 20 340
23 67 50 59 -9 6 0 0.00 0.0 0 11.5 18 10 M M 0 25 30
24 74 49 62 -6 3 0 0.00 0.0 0 9.6 20 110 M M 2 25 90
25 79 53 66 -2 0 1 0.00 0.0 0 4.4 12 100 M M 2 19 90
26 80 55 68 0 0 3 0.00 0.0 0 5.8 14 300 M M 3 18 310
27 71 50 61 -7 4 0 0.00 0.0 0 6.1 13 360 M M 0 17 360
28 70 50 60 -7 5 0 T 0.0 0 3.3 10 340 M M 2 13 340
29 72 52 62 -5 3 0 0.01 0.0 0 5.8 14 340 M M 1 19 300
30 74 49 62 -5 3 0 0.00 0.0 0 4.3 9 30 M M 0 12 350
================================================================================
SM 2303 1738 34 112 3.07 0.0 217.2 M 94
================================================================================
AV 76.8 57.9 7.2 FASTST M M 3 MAX(MPH)
MISC ----> 24 40 33 40
================================================================================
NOTES:
# LAST OF SEVERAL OCCURRENCES
COLUMN 17 PEAK WIND IN M.P.H.
PRELIMINARY LOCAL CLIMATOLOGICAL DATA (WS FORM: F-6) , PAGE 2
STATION: WINTER HAVEN
MONTH: NOVEMBER
YEAR: 2021
LATITUDE: 28 4 N
LONGITUDE: 81 45 W
[TEMPERATURE DATA] [PRECIPITATION DATA] SYMBOLS USED IN COLUMN 16
AVERAGE MONTHLY: 67.4 TOTAL FOR MONTH: 3.07 1 = FOG OR MIST
DPTR FM NORMAL: -2.4 DPTR FM NORMAL: 1.62 2 = FOG REDUCING VISIBILITY
HIGHEST: 86 ON 2 GRTST 24HR 2.59 ON 4- 5 TO 1/4 MILE OR LESS
LOWEST: 49 ON 30,24 3 = THUNDER
SNOW, ICE PELLETS, HAIL 4 = ICE PELLETS
TOTAL MONTH: 0.0 INCH 5 = HAIL
GRTST 24HR 0.0 6 = FREEZING RAIN OR DRIZZLE
GRTST DEPTH: 0 7 = DUSTSTORM OR SANDSTORM:
VSBY 1/2 MILE OR LESS
8 = SMOKE OR HAZE
[NO. OF DAYS WITH] [WEATHER - DAYS WITH] 9 = BLOWING SNOW
X = TORNADO
MAX 32 OR BELOW: 0 0.01 INCH OR MORE: 13
MAX 90 OR ABOVE: 0 0.10 INCH OR MORE: 1
MIN 32 OR BELOW: 0 0.50 INCH OR MORE: 1
MIN 0 OR BELOW: 0 1.00 INCH OR MORE: 1
[HDD (BASE 65) ]
TOTAL THIS MO. 34 CLEAR (SCALE 0-3) 19
DPTR FM NORMAL 3 PTCLDY (SCALE 4-7) 7
TOTAL FM JUL 1 34 CLOUDY (SCALE 8-10) 4
DPTR FM NORMAL 1
[CDD (BASE 65) ]
TOTAL THIS MO. 112
DPTR FM NORMAL -62 [PRESSURE DATA]
TOTAL FM JAN 1 3956 HIGHEST SLP 30.29 ON 24
DPTR FM NORMAL 121 LOWEST SLP 29.86 ON 5
[REMARKS]
#FINAL-11-21#