000
CXUS53 KGLD 051829
CF6GLD
PRELIMINARY LOCAL CLIMATOLOGICAL DATA (WS FORM: F-6)
STATION: GOODLAND KS
MONTH: APRIL
YEAR: 2020
LATITUDE: 39 22 N
LONGITUDE: 101 42 W
TEMPERATURE IN F: :PCPN: SNOW: WIND :SUNSHINE: SKY :PK WND
================================================================================
1 2 3 4 5 6A 6B 7 8 9 10 11 12 13 14 15 16 17 18
12Z AVG MX 2MIN
DY MAX MIN AVG DEP HDD CDD WTR SNW DPTH SPD SPD DIR MIN PSBL S-S WX SPD DR
================================================================================
1 76 35 56 11 9 0 0.00 0.0 0 8.5 20 150 M M 1 12 26 150
2 52 21 37 -8 28 0 T 0.0 0 22.8 30 350 M M 8 16 39 350
3 45 18 32 -13 33 0 0.00 0.0 0 13.2 28 340 M M 5 33 330
4 55 19 37 -9 28 0 0.00 0.0 0 14.3 23 170 M M 2 31 150
5 68 30 49 3 16 0 0.00 0.0 0 17.4 29 160 M M 2 1 36 150
6 80 38 59 13 6 0 0.00 0.0 0 10.3 18 310 M M 0 26 170
7 79 41 60 14 5 0 0.00 0.0 0 10.0 22 360 M M 0 28 10
8 73 33 53 6 12 0 0.00 0.0 0 10.8 24 360 M M 0 33 340
9 60 29 45 -2 20 0 0.00 0.0 0 5.3 16 80 M M 3 22 80
10 75 29 52 5 13 0 0.13 0.0 0 15.0 32 230 M M 1 3 43 250
11 75 41 58 10 7 0 0.00 0.0 0 10.8 29 20 M M 1 39 40
12 42 18 30 -18 35 0 T T 0 23.7 38 10 M M 9 16 52 20
13 36 17 27 -21 38 0 T T 0 4.0 14 30 M M 10 20 20
14 48 18 33 -16 32 0 0.00 0.0 0 11.2 26 300 M M 3 42 330
15 59 19 39 -10 26 0 0.00 0.0 0 8.8 20 260 M M 4 30 190
16 39 27 33 -16 32 0 T T 0 16.5 24 20 M M 9 16 32 50
17 57 20 39 -11 26 0 0.00 0.0 0 9.6 23 210 M M 2 34 200
18 72 36 54 4 11 0 0.00 0.0 0 9.8 22 210 M M 0 30 210
19 68 32 50 0 15 0 0.00 0.0 0 8.6 20 80 M M 3 26 80
20 72 34 53 3 12 0 0.00 0.0 0 9.3 21 340 M M 2 27 10
21 73 30 52 1 13 0 0.08 0.0 0 12.7 32 190 M M 2 41 190
22 76 36 56 5 9 0 0.00 0.0 0 9.5 26 360 M M 1 38 350
23 76 40 58 6 7 0 T 0.0 0 13.7 29 310 M M 1 38 310
24 57 35 46 -6 19 0 0.09 0.0 0 13.9 26 350 M M 5 1 37 340
25 67 34 51 -1 14 0 0.00 0.0 0 11.2 22 10 M M 1 29 350
26 81 39 60 7 5 0 0.00 0.0 0 10.8 31 350 M M 1 42 350
27 83 42 63 10 2 0 0.00 0.0 0 8.8 18 210 M M 0 28 290
28 76 44 60 7 5 0 0.00 0.0 0 15.8 37 350 M M 0 48 350
29 73 40 57 3 8 0 0.00 0.0 0 15.3 35 350 M M 0 46 350
30 84 38 61 7 4 0 0.00 0.0 0 14.9 23 180 M M 0 30 170
================================================================================
SM 1977 933 490 0 0.30 T 366.5 M 76
================================================================================
AV 65.9 31.1 12.2 FASTST M M 3 MAX(MPH)
MISC ----> 38 10 52 20
================================================================================
NOTES:
# LAST OF SEVERAL OCCURRENCES
COLUMN 17 PEAK WIND IN M.P.H.
PRELIMINARY LOCAL CLIMATOLOGICAL DATA (WS FORM: F-6) , PAGE 2
STATION: GOODLAND KS
MONTH: APRIL
YEAR: 2020
LATITUDE: 39 22 N
LONGITUDE: 101 42 W
[TEMPERATURE DATA] [PRECIPITATION DATA] SYMBOLS USED IN COLUMN 16
AVERAGE MONTHLY: 48.5 TOTAL FOR MONTH: 0.30 1 = FOG OR MIST
DPTR FM NORMAL: -0.7 DPTR FM NORMAL: -1.29 2 = FOG REDUCING VISIBILITY
HIGHEST: 84 ON 30 GRTST 24HR 0.13 ON 10-10 TO 1/4 MILE OR LESS
LOWEST: 17 ON 13 3 = THUNDER
SNOW, ICE PELLETS, HAIL 4 = ICE PELLETS
TOTAL MONTH: T 5 = HAIL
GRTST 24HR T ON 12-12 6 = FREEZING RAIN OR DRIZZLE
GRTST DEPTH: 0 7 = DUSTSTORM OR SANDSTORM:
VSBY 1/2 MILE OR LESS
8 = SMOKE OR HAZE
[NO. OF DAYS WITH] [WEATHER - DAYS WITH] 9 = BLOWING SNOW
X = TORNADO
MAX 32 OR BELOW: 0 0.01 INCH OR MORE: 3
MAX 90 OR ABOVE: 0 0.10 INCH OR MORE: 1
MIN 32 OR BELOW: 14 0.50 INCH OR MORE: 0
MIN 0 OR BELOW: 0 1.00 INCH OR MORE: 0
[HDD (BASE 65) ]
TOTAL THIS MO. 490 CLEAR (SCALE 0-3) 22
DPTR FM NORMAL 10 PTCLDY (SCALE 4-7) 4
TOTAL FM JUL 1 5370 CLOUDY (SCALE 8-10) 4
DPTR FM NORMAL -284
[CDD (BASE 65) ]
TOTAL THIS MO. 0
DPTR FM NORMAL -4 [PRESSURE DATA]
TOTAL FM JAN 1 0 HIGHEST SLP 30.36 ON 3
DPTR FM NORMAL -4 LOWEST SLP 29.40 ON 11
[REMARKS]
#FINAL-04-20#