260
CXUS54 KJAN 011410
CF6GLH
PRELIMINARY LOCAL CLIMATOLOGICAL DATA (WS FORM: F-6)
STATION: GREENVILLE
MONTH: MARCH
YEAR: 2021
LATITUDE: 33 29 N
LONGITUDE: 90 59 W
TEMPERATURE IN F: :PCPN: SNOW: WIND :SUNSHINE: SKY :PK WND
================================================================================
1 2 3 4 5 6A 6B 7 8 9 10 11 12 13 14 15 16 17 18
12Z AVG MX 2MIN
DY MAX MIN AVG DEP HDD CDD WTR SNW DPTH SPD SPD DIR MIN PSBL S-S WX SPD DR
================================================================================
1 62 45 54 3 11 0 1.53 0.0 0 14.2 23 360 M M 9 1 31 360
2 47 36 42 -9 23 0 0.18 M 0 8.1 20 10 M M 6 14 25 20
3 62 32 47 -4 18 0 0.00 0.0 0 1.3 8 320 M M 1 12 12 340
4 70 39 55 3 10 0 0.00 0.0 0 2.0 7 100 M M 0 9 70
5 62 47 55 3 10 0 T 0.0 0 8.8 18 10 M M 4 26 360
6 60 40 50 -2 15 0 0.00 0.0 0 11.7 22 40 M M 2 28 30
7 63 36 50 -2 15 0 0.00 0.0 0 4.8 12 50 M M 0 21 70
8 69 35 52 -1 13 0 0.00 0.0 0 5.6 14 180 M M 0 20 190
9 72 44 58 5 7 0 0.00 0.0 0 9.9 21 200 M M 0 26 170
10 78 57 68 15 0 3 0.00 0.0 0 14.5 29 180 M M 5 35 190
11 79 62 71 17 0 6 0.00 0.0 0 12.7 23 180 M M 5 30 180
12 79 60 70 16 0 5 0.00 0.0 0 7.6 15 190 M M 6 19 190
13 81 60 71 17 0 6 0.00 0.0 0 5.8 13 250 M M 2 17 240
14 79 57 68 14 0 3 0.02 0.0 0 10.3 21 170 M M 3 1 29 170
15 77 56 67 12 0 2 0.45 0.0 0 7.9 17 300 M M 4 1 24 300
16 83 62 73 18 0 8 0.03 0.0 0 4.6 16 280 M M 4 13 24 150
17 81 60 71 16 0 6 0.06 0.0 0 M 39 170 M M M 3 55 170
18 61 49 55 0 10 0 T 0.0 0 17.9 25 320 M M 8 35 270
19 53 46 50 -6 15 0 T 0.0 0 13.3 22 360 M M 10 30 350
20 65 47 56 0 9 0 0.00 0.0 0 6.0 13 20 M M 6 20 20
21 71 37 54 -2 11 0 0.00 0.0 0 6.3 17 140 M M 0 8 22 130
22 75 47 61 5 4 0 0.02 0.0 0 12.0 23 130 M M 3 35 180
23 74 58 66 9 0 1 0.39 0.0 0 13.5 25 260 M M 4 13 34 260
24 78 56 67 10 0 2 0.09 0.0 0 9.0 22 140 M M 4 3 30 140
25 80 56 68 11 0 3 0.15 0.0 0 13.3 26 220 M M 6 13 34 230
26 78 50 64 7 1 0 0.00 0.0 0 5.7 13 150 M M 1 18 160
27 82 66 74 16 0 9 0.30 0.0 0 15.4 30 190 M M 7 13 38 190
28 69 51 60 2 5 0 0.41 0.0 0 14.1 25 350 M M 2 13 36 310
29 68 42 55 -3 10 0 0.00 0.0 0 4.6 13 130 M M 0 21 130
30 75 49 62 4 3 0 0.72 0.0 0 10.1 21 230 M M 7 13 29 180
31 71 44 58 -1 7 0 0.62 0.0 0 15.2 32 10 M M 6 13 43 20
================================================================================
SM 2204 1526 197 54 4.97 0.0 286.2 M 115
================================================================================
AV 71.1 49.2 9.5 FASTST M M 4 MAX(MPH)
MISC ----> 39 170 55 170
================================================================================
NOTES:
# LAST OF SEVERAL OCCURRENCES
COLUMN 17 PEAK WIND IN M.P.H.
PRELIMINARY LOCAL CLIMATOLOGICAL DATA (WS FORM: F-6) , PAGE 2
STATION: GREENVILLE
MONTH: MARCH
YEAR: 2021
LATITUDE: 33 29 N
LONGITUDE: 90 59 W
[TEMPERATURE DATA] [PRECIPITATION DATA] SYMBOLS USED IN COLUMN 16
AVERAGE MONTHLY: 60.2 TOTAL FOR MONTH: 4.97 1 = FOG OR MIST
DPTR FM NORMAL: 5.5 DPTR FM NORMAL: 0.42 2 = FOG REDUCING VISIBILITY
HIGHEST: 83 ON 16 GRTST 24HR 1.90 ON 28- 1 TO 1/4 MILE OR LESS
LOWEST: 32 ON 3 3 = THUNDER
SNOW, ICE PELLETS, HAIL 4 = ICE PELLETS
TOTAL MONTH: 0.0 INCH 5 = HAIL
GRTST 24HR 0.0 6 = FREEZING RAIN OR DRIZZLE
GRTST DEPTH: 0 7 = DUSTSTORM OR SANDSTORM:
VSBY 1/2 MILE OR LESS
8 = SMOKE OR HAZE
[NO. OF DAYS WITH] [WEATHER - DAYS WITH] 9 = BLOWING SNOW
X = TORNADO
MAX 32 OR BELOW: 0 0.01 INCH OR MORE: 14
MAX 90 OR ABOVE: 0 0.10 INCH OR MORE: 9
MIN 32 OR BELOW: 1 0.50 INCH OR MORE: 3
MIN 0 OR BELOW: 0 1.00 INCH OR MORE: 1
[HDD (BASE 65) ]
TOTAL THIS MO. 197 CLEAR (SCALE 0-3) 11
DPTR FM NORMAL -139 PTCLDY (SCALE 4-7) 16
TOTAL FM JUL 1 2362 CLOUDY (SCALE 8-10) 4
DPTR FM NORMAL -283
[CDD (BASE 65) ]
TOTAL THIS MO. 54
DPTR FM NORMAL 37 [PRESSURE DATA]
TOTAL FM JAN 1 61 HIGHEST SLP 30.56 ON 8
DPTR FM NORMAL 39 LOWEST SLP 29.56 ON 17
[REMARKS]
#FINAL-03-21#