000
CXUS53 KAPX 010631
CF6GLR
PRELIMINARY LOCAL CLIMATOLOGICAL DATA (WS FORM: F-6)
STATION: GAYLORD
MONTH: MARCH
YEAR: 2020
LATITUDE: 45 0 N
LONGITUDE: 84 42 W
TEMPERATURE IN F: :PCPN: SNOW: WIND :SUNSHINE: SKY :PK WND
================================================================================
1 2 3 4 5 6A 6B 7 8 9 10 11 12 13 14 15 16 17 18
12Z AVG MX 2MIN
DY MAX MIN AVG DEP HDD CDD WTR SNW DPTH SPD SPD DIR MIN PSBL S-S WX SPD DR
================================================================================
1 43 14 29 7 36 0 0.00 M M 10.4 23 190 M M 4 39 170
2 38 22 30 8 35 0 0.00 M M 5.9 15 260 M M 2 21 280
3 39 18 29 6 36 0 0.01 M M 7.0 22 250 M M 6 18 30 250
4 31 17 24 1 41 0 T M M 7.6 16 280 M M 7 1 26 280
5 37 12 25 2 40 0 0.01 M M 8.1 21 180 M M 7 18 32 160
6 32 7 20 -4 45 0 0.01 M M 7.5 21 40 M M 7 16 30 40
7 42 2 22 -2 43 0 0.00 M M 8.3 21 210 M M 0 29 220
8 51 31 41 17 24 0 0.00 M M 13.0 23 210 M M 0 33 210
9 48 37 43 18 22 0 0.44 M M 12.1 22 230 M M 6 1 29 220
10 37 24 31 6 34 0 0.08 M M 5.7 14 310 M M 5 16 27 330
11 37 24 31 6 34 0 0.02 M M 5.4 14 160 M M 10 1 19 170
12 41 33 37 11 28 0 0.12 M M 10.6 24 270 M M 10 1 39 290
13 39 27 33 7 32 0 T M M 17.3 31 270 M M 8 1 46 270
14 29 22 26 -1 39 0 0.00 M M 5.0 13 310 M M 7 22 290
15 34 19 27 0 38 0 0.00 M M 5.2 10 140 M M 0 19 110
16 39 19 29 2 36 0 T M M 9.5 18 220 M M 5 18 29 240
17 36 22 29 1 36 0 0.01 M M 10.8 22 280 M M 4 16 34 290
18 36 24 30 2 35 0 0.00 M M 5.4 20 180 M M 8 25 190
19 45 26 36 7 29 0 0.42 M M 7.4 18 130 M M 6 18 26 130
20 38 15 27 -2 38 0 0.07 M M 8.9 22 310 M M 9 12 40 320
21 28 3 16 -14 49 0 0.00 M M 3.5 10 50 M M 0 14 350
22 34 9 22 -8 43 0 0.00 M M 8.0 16 140 M M 3 23 150
23 37 23 30 0 35 0 0.00 M M 4.2 12 280 M M 4 1 17 280
24 42 27 35 4 30 0 0.00 M M 3.7 10 130 M M 10 18 14 130
25 52 31 42 11 23 0 0.38 M M 7.0 16 240 M M 9 18 22 210
26 39 35 37 5 28 0 0.18 M M 3.0 8 30 M M 10 1 13 40
27 53 30 42 10 23 0 0.00 M M 5.1 13 140 M M 4 12 18 140
28 43 34 39 6 26 0 0.09 M M 8.0 16 60 M M 10 1 27 90
29 50 37 44 11 21 0 0.43 M M 10.7 23 220 M M 10 12 30 130
30 37 33 35 1 30 0 T M M 6.5 14 270 M M 9 1 22 260
31 37 30 34 0 31 0 T M M 6.7 15 50 M M 10 1 20 60
================================================================================
SM 1224 707 1040 0 2.27 M 237.5 M 190
================================================================================
AV 39.5 22.8 7.7 FASTST M M 6 MAX(MPH)
MISC ----> # 31 270 # 46 270
================================================================================
NOTES:
# LAST OF SEVERAL OCCURRENCES
COLUMN 17 PEAK WIND IN M.P.H.
PRELIMINARY LOCAL CLIMATOLOGICAL DATA (WS FORM: F-6) , PAGE 2
STATION: GAYLORD
MONTH: MARCH
YEAR: 2020
LATITUDE: 45 0 N
LONGITUDE: 84 42 W
[TEMPERATURE DATA] [PRECIPITATION DATA] SYMBOLS USED IN COLUMN 16
AVERAGE MONTHLY: 31.2 TOTAL FOR MONTH: 2.27 1 = FOG OR MIST
DPTR FM NORMAL: 3.4 DPTR FM NORMAL: 0.67 2 = FOG REDUCING VISIBILITY
HIGHEST: 53 ON 27 GRTST 24HR 0.44 ON 9- 9 TO 1/4 MILE OR LESS
LOWEST: 2 ON 7 3 = THUNDER
SNOW, ICE PELLETS, HAIL 4 = ICE PELLETS
TOTAL MONTH: M 5 = HAIL
GRTST 24HR M ON M 6 = FREEZING RAIN OR DRIZZLE
GRTST DEPTH: M ON M 7 = DUSTSTORM OR SANDSTORM:
VSBY 1/2 MILE OR LESS
8 = SMOKE OR HAZE
[NO. OF DAYS WITH] [WEATHER - DAYS WITH] 9 = BLOWING SNOW
X = TORNADO
MAX 32 OR BELOW: 4 0.01 INCH OR MORE: 14
MAX 90 OR ABOVE: 0 0.10 INCH OR MORE: 6
MIN 32 OR BELOW: 25 0.50 INCH OR MORE: 0
MIN 0 OR BELOW: 0 1.00 INCH OR MORE: 0
[HDD (BASE 65) ]
TOTAL THIS MO. 1040 CLEAR (SCALE 0-3) 6
DPTR FM NORMAL -118 PTCLDY (SCALE 4-7) 14
TOTAL FM JUL 1 6866 CLOUDY (SCALE 8-10) 11
DPTR FM NORMAL -354
[CDD (BASE 65) ]
TOTAL THIS MO. 0
DPTR FM NORMAL 0 [PRESSURE DATA]
TOTAL FM JAN 1 0 HIGHEST SLP M ON M
DPTR FM NORMAL 0 LOWEST SLP 29.40 ON 29
[REMARKS]
#FINAL-03-20#
#FINAL-03-20#