000
CXUS54 KHGX 011410
CF6GLS
PRELIMINARY LOCAL CLIMATOLOGICAL DATA (WS FORM: F-6)
STATION: GALVESTON
MONTH: AUGUST
YEAR: 2021
LATITUDE: 29 16 N
LONGITUDE: 94 52 W
TEMPERATURE IN F: :PCPN: SNOW: WIND :SUNSHINE: SKY :PK WND
================================================================================
1 2 3 4 5 6A 6B 7 8 9 10 11 12 13 14 15 16 17 18
12Z AVG MX 2MIN
DY MAX MIN AVG DEP HDD CDD WTR SNW DPTH SPD SPD DIR MIN PSBL S-S WX SPD DR
================================================================================
1 93 83 88 2 0 23 T 0.0 0 9.2 18 230 M M 2 3 23 230
2 94 83 89 3 0 24 0.02 0.0 0 9.7 21 220 M M 1 3 26 220
3 91 78 85 -1 0 20 0.77 0.0 0 7.9 23 270 M M 7 138 28 270
4 85 78 82 -4 0 17 0.36 0.0 0 5.3 22 200 M M 7 13 27 200
5 87 79 83 -3 0 18 0.05 0.0 0 6.9 16 180 M M 6 138 30 350
6 88 76 82 -4 0 17 0.64 0.0 0 7.5 25 150 M M 2 13 29 150
7 89 82 86 0 0 21 0.00 0.0 0 9.9 18 170 M M 1 31 240
8 90 80 85 -1 0 20 T 0.0 0 14.5 24 160 M M 1 8 28 170
9 91 84 88 2 0 23 T 0.0 0 13.3 17 170 M M 1 22 180
10 92 84 88 2 0 23 T 0.0 0 12.4 17 150 M M 3 26 60
11 91 83 87 1 0 22 0.01 0.0 0 10.6 15 140 M M 2 3 20 150
12 91 82 87 1 0 22 0.01 0.0 0 9.1 15 150 M M 3 18 160
13 91 78 85 -1 0 20 0.10 0.0 0 6.9 20 140 M M 3 3 22 140
14 91 81 86 0 0 21 T 0.0 0 6.6 13 150 M M 3 17 150
15 93 82 88 2 0 23 0.00 0.0 0 6.8 17 320 M M 1 21 330
16 90 83 87 1 0 22 0.00 0.0 0 6.7 12 170 M M 0 3 13 160
17 93 82 88 2 0 23 0.01 0.0 0 8.1 16 170 M M 2 21 170
18 94 85 90 4 0 25 0.03 0.0 0 15.2 22 160 M M 4 38 27 160
19 94 84 89 3 0 24 0.06 0.0 0 13.6 20 160 M M 3 8 24 170
20 94 85 90 4 0 25 0.00 0.0 0 12.6 17 190 M M 4 21 210
21 93 85 89 3 0 24 0.00 0.0 0 10.4 16 180 M M 4 21 170
22 92 83 88 2 0 23 0.00 0.0 0 6.8 13 170 M M 3 17 170
23 92 81 87 1 0 22 0.00 0.0 0 6.8 13 130 M M 1 16 150
24 93 83 88 2 0 23 0.00 0.0 0 6.6 13 170 M M 2 16 160
25 93 84 89 4 0 24 0.00 0.0 0 4.6 17 280 M M 3 3 20 340
26 93 80 87 2 0 22 0.50 0.0 0 7.1 15 140 M M 4 3 22 130
27 89 76 83 -2 0 18 0.82 0.0 0 6.2 20 120 M M 3 13 25 120
28 91 80 86 1 0 21 0.10 0.0 0 6.4 17 40 M M 4 20 40
29 94 80 87 2 0 22 0.02 0.0 0 8.9 15 60 M M 2 19 70
30 97 81 89 4 0 24 0.00 0.0 0 8.4 16 280 M M 1 20 270
31 94 84 89 4 0 24 0.00 0.0 0 9.8 16 190 M M 3 19 190
================================================================================
SM 2843 2529 0 680 3.50 0.0 274.8 M 86
================================================================================
AV 91.7 81.6 8.9 FASTST M M 3 MAX(MPH)
MISC ----> 25 150 31 240
================================================================================
NOTES:
# LAST OF SEVERAL OCCURRENCES
COLUMN 17 PEAK WIND IN M.P.H.
PRELIMINARY LOCAL CLIMATOLOGICAL DATA (WS FORM: F-6) , PAGE 2
STATION: GALVESTON
MONTH: AUGUST
YEAR: 2021
LATITUDE: 29 16 N
LONGITUDE: 94 52 W
[TEMPERATURE DATA] [PRECIPITATION DATA] SYMBOLS USED IN COLUMN 16
AVERAGE MONTHLY: 86.6 TOTAL FOR MONTH: 3.50 1 = FOG OR MIST
DPTR FM NORMAL: 0.7 DPTR FM NORMAL: -1.21 2 = FOG REDUCING VISIBILITY
HIGHEST: 97 ON 30 GRTST 24HR 1.32 ON 26-27 TO 1/4 MILE OR LESS
LOWEST: 76 ON 27, 6 3 = THUNDER
SNOW, ICE PELLETS, HAIL 4 = ICE PELLETS
TOTAL MONTH: 0.0 INCH 5 = HAIL
GRTST 24HR 0.0 6 = FREEZING RAIN OR DRIZZLE
GRTST DEPTH: 0 7 = DUSTSTORM OR SANDSTORM:
VSBY 1/2 MILE OR LESS
8 = SMOKE OR HAZE
[NO. OF DAYS WITH] [WEATHER - DAYS WITH] 9 = BLOWING SNOW
X = TORNADO
MAX 32 OR BELOW: 0 0.01 INCH OR MORE: 15
MAX 90 OR ABOVE: 26 0.10 INCH OR MORE: 7
MIN 32 OR BELOW: 0 0.50 INCH OR MORE: 4
MIN 0 OR BELOW: 0 1.00 INCH OR MORE: 0
[HDD (BASE 65) ]
TOTAL THIS MO. 0 CLEAR (SCALE 0-3) 20
DPTR FM NORMAL 0 PTCLDY (SCALE 4-7) 11
TOTAL FM JUL 1 0 CLOUDY (SCALE 8-10) 0
DPTR FM NORMAL 0
[CDD (BASE 65) ]
TOTAL THIS MO. 680
DPTR FM NORMAL 32 [PRESSURE DATA]
TOTAL FM JAN 1 2604 HIGHEST SLP 30.14 ON 13
DPTR FM NORMAL 19 LOWEST SLP 29.73 ON 30
[REMARKS]
#FINAL-08-21#