000
CXUS55 KMSO 011601
CF6GPI
PRELIMINARY LOCAL CLIMATOLOGICAL DATA (WS FORM: F-6)
STATION: KALISPELL MT
MONTH: JANUARY
YEAR: 2021
LATITUDE: 48 17 N
LONGITUDE: 114 16 W
TEMPERATURE IN F: :PCPN: SNOW: WIND :SUNSHINE: SKY :PK WND
================================================================================
1 2 3 4 5 6A 6B 7 8 9 10 11 12 13 14 15 16 17 18
12Z AVG MX 2MIN
DY MAX MIN AVG DEP HDD CDD WTR SNW DPTH SPD SPD DIR MIN PSBL S-S WX SPD DR
================================================================================
1 40 31 36 14 29 0 0.00 0.0 6 4.9 9 220 M M 10 1 13 150
2 41 36 39 17 26 0 0.00 0.0 4 10.4 20 160 M M 10 28 160
3 45 30 38 16 27 0 0.04 T 1 9.9 22 340 M M 8 1 39 90
4 38 25 32 10 33 0 0.08 0.0 T 3.2 10 160 M M 8 14 160
5 44 30 37 15 28 0 0.00 0.0 0 7.0 17 210 M M 8 23 210
6 44 33 39 17 26 0 0.04 0.0 0 2.4 8 20 M M 10 1 10 190
7 40 30 35 12 30 0 0.18 T T 1.5 6 130 M M 9 1 8 360
8 40 21 31 8 34 0 0.00 0.0 0 2.7 12 30 M M 5 12 14 30
9 34 28 31 8 34 0 0.00 0.0 0 0.6 7 270 M M 10 8 270
10 38 30 34 11 31 0 0.00 0.0 0 1.4 8 180 M M 9 10 180
11 42 30 36 13 29 0 0.00 0.0 0 2.6 9 170 M M 9 12 160
12 43 33 38 15 27 0 0.33 0.0 0 4.4 14 150 M M 10 1 17 140
13 46 33 40 16 25 0 0.29 0.0 0 13.6 36 250 M M 9 1 50 260
14 39 21 30 6 35 0 0.00 0.0 0 3.7 12 250 M M 1 14 230
15 31 20 26 2 39 0 0.02 0.2 0 1.9 8 60 M M 8 1 10 50
16 31 27 29 5 36 0 T 0.2 T 2.0 9 220 M M 10 1 10 220
17 39 29 34 10 31 0 0.25 2.6 T 4.2 12 130 M M 10 1 20 140
18 39 19 29 5 36 0 0.00 0.0 2 0.6 7 160 M M 7 12 7 160
19 33 17 25 1 40 0 0.00 0.0 1 3.0 12 160 M M 7 14 170
20 38 16 27 3 38 0 0.00 0.0 1 1.0 9 190 M M 5 12 190
21 33 13 23 -2 42 0 0.00 0.0 1 1.8 8 350 M M 4 9 340
22 30 11 21 -4 44 0 0.00 0.0 1 1.6 7 340 M M 5 11 350
23 27 18 23 -2 42 0 T T 1 0.8 6 280 M M 10 7 270
24 31 10 21 -4 44 0 0.00 0.0 1 0.7 8 340 M M 7 9 340
25 33 13 23 -2 42 0 0.00 0.0 1 1.6 8 40 M M 5 18 360
26 27 7 17 -8 48 0 0.00 0.0 1 0.7 12 220 M M 7 13 220
27 27 9 18 -7 47 0 0.03 0.7 0 2.2 14 40 M M 7 1 17 40
28 37 16 27 2 38 0 0.09 0.8 2 1.8 9 180 M M 8 1 10 180
29 36 32 34 9 31 0 T T 3 0.6 6 150 M M 10 128 7 270
30 38 23 31 6 34 0 0.04 0.5 3 3.7 14 160 M M 9 1 17 140
31 41 17 29 4 36 0 0.00 0.0 2 0.8 6 280 M M 6 1 6 290
================================================================================
SM 1145 708 1082 0 1.39 5.0 97.3 M 241
================================================================================
AV 36.9 22.8 3.1 FASTST M M 8 MAX(MPH)
MISC ----> 36 250 50 260
================================================================================
NOTES:
# LAST OF SEVERAL OCCURRENCES
COLUMN 17 PEAK WIND IN M.P.H.
PRELIMINARY LOCAL CLIMATOLOGICAL DATA (WS FORM: F-6) , PAGE 2
STATION: KALISPELL MT
MONTH: JANUARY
YEAR: 2021
LATITUDE: 48 17 N
LONGITUDE: 114 16 W
[TEMPERATURE DATA] [PRECIPITATION DATA] SYMBOLS USED IN COLUMN 16
AVERAGE MONTHLY: 29.9 TOTAL FOR MONTH: 1.39 1 = FOG OR MIST
DPTR FM NORMAL: 6.1 DPTR FM NORMAL: 0.06 2 = FOG REDUCING VISIBILITY
HIGHEST: 46 ON 13 GRTST 24HR 0.33 ON 12-12 TO 1/4 MILE OR LESS
LOWEST: 7 ON 26 3 = THUNDER
SNOW, ICE PELLETS, HAIL 4 = ICE PELLETS
TOTAL MONTH: 6.2 INCHES 5 = HAIL
GRTST 24HR 2.6 ON 17-17 6 = FREEZING RAIN OR DRIZZLE
GRTST DEPTH: 7 ON M 7 = DUSTSTORM OR SANDSTORM:
VSBY 1/2 MILE OR LESS
8 = SMOKE OR HAZE
[NO. OF DAYS WITH] [WEATHER - DAYS WITH] 9 = BLOWING SNOW
X = TORNADO
MAX 32 OR BELOW: 7 0.01 INCH OR MORE: 11
MAX 90 OR ABOVE: 0 0.10 INCH OR MORE: 4
MIN 32 OR BELOW: 27 0.50 INCH OR MORE: 0
MIN 0 OR BELOW: 0 1.00 INCH OR MORE: 0
[HDD (BASE 65) ]
TOTAL THIS MO. 1082 CLEAR (SCALE 0-3) 1
DPTR FM NORMAL -195 PTCLDY (SCALE 4-7) 15
TOTAL FM JUL 1 4339 CLOUDY (SCALE 8-10) 15
DPTR FM NORMAL -454
[CDD (BASE 65) ]
TOTAL THIS MO. 0
DPTR FM NORMAL 0 [PRESSURE DATA]
TOTAL FM JAN 1 0 HIGHEST SLP 30.62 ON 14
DPTR FM NORMAL 0 LOWEST SLP 29.49 ON 13
[REMARKS]
#FINAL-01-21#