000
CXUS55 KMSO 022051
CF6GPI
PRELIMINARY LOCAL CLIMATOLOGICAL DATA (WS FORM: F-6)
STATION: KALISPELL MT
MONTH: AUGUST
YEAR: 2020
LATITUDE: 48 17 N
LONGITUDE: 114 16 W
TEMPERATURE IN F: :PCPN: SNOW: WIND :SUNSHINE: SKY :PK WND
================================================================================
1 2 3 4 5 6A 6B 7 8 9 10 11 12 13 14 15 16 17 18
12Z AVG MX 2MIN
DY MAX MIN AVG DEP HDD CDD WTR SNW DPTH SPD SPD DIR MIN PSBL S-S WX SPD DR
================================================================================
1 95 64 80 13 0 15 T 0.0 0 5.9 18 30 M M 0 3 22 30
2 94 62 78 12 0 13 0.00 0.0 0 4.9 16 20 M M 0 25 20
3 88 51 70 4 0 5 0.00 0.0 0 5.9 24 230 M M 0 32 220
4 86 45 66 0 0 1 0.00 0.0 0 3.3 12 170 M M 0 14 180
5 92 49 71 5 0 6 0.00 0.0 0 4.6 15 40 M M 0 21 150
6 84 49 67 1 0 2 0.20 0.0 0 5.3 23 340 M M 3 1 28 340
7 73 47 60 -6 5 0 T 0.0 0 9.1 23 180 M M 5 27 170
8 72 40 56 -10 9 0 0.00 0.0 0 5.4 20 230 M M 5 28 230
9 80 47 64 -2 1 0 0.00 0.0 0 4.2 17 260 M M 3 25 280
10 84 38 61 -5 4 0 0.00 0.0 0 6.2 18 150 M M 0 23 150
11 88 43 66 1 0 1 0.00 0.0 0 5.6 17 230 M M 2 23 250
12 70 51 61 -4 4 0 T 0.0 0 9.5 20 230 M M 2 27 250
13 73 36 55 -10 10 0 0.00 0.0 0 5.8 16 150 M M 0 22 150
14 80 34 57 -8 8 0 0.00 0.0 0 5.1 16 160 M M 0 20 180
15 86 40 63 -2 2 0 0.00 0.0 0 4.9 16 160 M M 0 26 140
16 93 43 68 4 0 3 0.00 0.0 0 4.2 16 160 M M 0 20 170
17 95 53 74 10 0 9 T 0.0 0 4.6 15 150 M M 1 18 40
18 90 53 72 8 0 7 0.01 0.0 0 4.9 17 170 M M 2 21 170
19 89 55 72 8 0 7 T 0.0 0 7.2 22 150 M M 2 28 160
20 77 48 63 0 2 0 0.01 0.0 0 4.1 15 160 M M 4 21 180
21 89 43 66 3 0 1 0.00 0.0 0 3.5 16 160 M M 1 1 21 150
22 84 47 66 3 0 1 0.00 0.0 0 8.1 20 230 M M 1 29 220
23 87 40 64 2 1 0 0.00 0.0 0 4.6 15 160 M M 0 18 160
24 86 42 64 2 1 0 0.00 0.0 0 5.1 15 160 M M 0 8 19 200
25 83 48 66 4 0 1 0.00 0.0 0 5.3 17 150 M M 1 18 22 140
26 84 41 63 1 2 0 0.00 0.0 0 4.5 16 160 M M 0 18 24 140
27 83 40 62 1 3 0 0.00 0.0 0 3.9 14 170 M M 0 8 18 190
28 84 40 62 1 3 0 0.00 0.0 0 4.3 14 180 M M 0 18 150
29 86 37 62 1 3 0 0.00 0.0 0 6.7 22 250 M M 2 29 200
30 76 38 57 -3 8 0 0.00 0.0 0 6.4 17 280 M M 1 26 290
31 61 47 54 -6 11 0 0.07 0.0 0 4.2 15 280 M M 8 1 20 210
================================================================================
SM 2592 1411 77 72 0.29 0.0 167.3 M 43
================================================================================
AV 83.6 45.5 5.4 FASTST M M 1 MAX(MPH)
MISC ----> 24 230 32 220
================================================================================
NOTES:
# LAST OF SEVERAL OCCURRENCES
COLUMN 17 PEAK WIND IN M.P.H.
PRELIMINARY LOCAL CLIMATOLOGICAL DATA (WS FORM: F-6) , PAGE 2
STATION: KALISPELL MT
MONTH: AUGUST
YEAR: 2020
LATITUDE: 48 17 N
LONGITUDE: 114 16 W
[TEMPERATURE DATA] [PRECIPITATION DATA] SYMBOLS USED IN COLUMN 16
AVERAGE MONTHLY: 64.6 TOTAL FOR MONTH: 0.29 1 = FOG OR MIST
DPTR FM NORMAL: 0.7 DPTR FM NORMAL: -0.70 2 = FOG REDUCING VISIBILITY
HIGHEST: 95 ON 17, 1 GRTST 24HR 0.20 ON 6- 6 TO 1/4 MILE OR LESS
LOWEST: 34 ON 14 3 = THUNDER
SNOW, ICE PELLETS, HAIL 4 = ICE PELLETS
TOTAL MONTH: 0.0 INCH 5 = HAIL
GRTST 24HR 0.0 6 = FREEZING RAIN OR DRIZZLE
GRTST DEPTH: 0 7 = DUSTSTORM OR SANDSTORM:
VSBY 1/2 MILE OR LESS
8 = SMOKE OR HAZE
[NO. OF DAYS WITH] [WEATHER - DAYS WITH] 9 = BLOWING SNOW
X = TORNADO
MAX 32 OR BELOW: 0 0.01 INCH OR MORE: 4
MAX 90 OR ABOVE: 6 0.10 INCH OR MORE: 1
MIN 32 OR BELOW: 0 0.50 INCH OR MORE: 0
MIN 0 OR BELOW: 0 1.00 INCH OR MORE: 0
[HDD (BASE 65) ]
TOTAL THIS MO. 77 CLEAR (SCALE 0-3) 27
DPTR FM NORMAL -16 PTCLDY (SCALE 4-7) 4
TOTAL FM JUL 1 162 CLOUDY (SCALE 8-10) 0
DPTR FM NORMAL -11
[CDD (BASE 65) ]
TOTAL THIS MO. 72
DPTR FM NORMAL 12 [PRESSURE DATA]
TOTAL FM JAN 1 141 HIGHEST SLP 30.19 ON 14
DPTR FM NORMAL -2 LOWEST SLP 29.68 ON 29
[REMARKS]
#FINAL-08-20#