000
CXUS54 KLIX 010810
CF6GPT
PRELIMINARY LOCAL CLIMATOLOGICAL DATA (WS FORM: F-6)
STATION: GULFPORT
MONTH: OCTOBER
YEAR: 2022
LATITUDE: 30 23 N
LONGITUDE: 89 4 W
TEMPERATURE IN F: :PCPN: SNOW: WIND :SUNSHINE: SKY :PK WND
================================================================================
1 2 3 4 5 6A 6B 7 8 9 10 11 12 13 14 15 16 17 18
12Z AVG MX 2MIN
DY MAX MIN AVG DEP HDD CDD WTR SNW DPTH SPD SPD DIR MIN PSBL S-S WX SPD DR
================================================================================
1 85 54 70 -6 0 5 0.00 0.0 M 6.7 17 340 M M 0 22 340
2 87 53 70 -5 0 5 0.00 0.0 M 5.7 16 340 M M 0 22 330
3 84 60 72 -3 0 7 0.00 0.0 M M 13 160 M M M 16 10
4 81 62 72 -3 0 7 0.00 0.0 M 5.8 16 150 M M 0 20 150
5 84 61 73 -1 0 8 0.00 0.0 M 2.0 10 160 M M 1 14 180
6 85 60 73 -1 0 8 0.00 0.0 M 2.6 12 160 M M 2 16 190
7 90 58 74 0 0 9 0.00 0.0 M 2.1 10 140 M M 0 1 14 50
8 87 64 76 3 0 11 0.00 0.0 M 7.7 15 20 M M 0 24 30
9 82 57 70 -3 0 5 0.00 0.0 M 5.2 13 20 M M 0 17 40
10 84 55 70 -2 0 5 0.00 0.0 M 6.5 16 40 M M 0 21 30
11 83 54 69 -3 0 4 0.00 0.0 M 5.5 14 140 M M 1 19 130
12 84 71 78 6 0 13 1.89 0.0 M 5.3 21 130 M M 7 13 24 130
13 85 65 75 4 0 10 T 0.0 M 3.6 16 320 M M 2 13 19 30
14 80 60 70 -1 0 5 0.00 0.0 M 4.4 13 150 M M 0 17 150
15 82 57 70 0 0 5 0.00 0.0 M 3.3 12 140 M M 0 1 17 140
16 M M M M M M M M M M M M M M M M M
17 84 60 72 2 0 7 0.00 0.0 M 7.3 17 350 M M 3 12 23 340
18 65 44 55 -14 10 0 0.00 0.0 M 10.5 21 340 M M 0 28 350
19 65 39 52 -17 13 0 0.00 0.0 M 5.8 14 30 M M 0 19 50
20 67 39 53 -15 12 0 0.00 0.0 M 2.5 12 160 M M 0 17 160
21 74 46 60 -8 5 0 T M M 4.0 13 160 M M 0 19 150
22 77 54 66 -2 0 1 0.00 0.0 M 4.2 17 120 M M 0 23 110
23 78 55 67 0 0 2 0.00 0.0 M 5.2 15 120 M M 0 1 20 120
24 82 64 73 6 0 8 0.01 0.0 M 8.1 17 140 M M 7 25 130
25 81 58 70 4 0 5 0.12 0.0 M 7.9 16 190 M M 4 18 25 190
26 76 52 64 -2 1 0 0.00 0.0 M 6.4 18 10 M M 0 26 10
27 70 51 61 -5 4 0 0.00 0.0 M 3.1 10 20 M M 0 14 20
28 75 51 63 -2 2 0 0.00 0.0 M 3.5 10 140 M M 1 1 15 130
29 79 67 73 8 0 8 0.88 0.0 M 10.7 28 120 M M 6 13 37 210
30 74 56 65 1 0 0 0.00 0.0 M 4.0 13 190 M M 3 1 20 240
31 75 54 65 1 0 0 0.00 0.0 M 1.8 9 160 M M 2 1 16 170
================================================================================
SM 2385 1681 47 138 2.90 0.0 151.4 M 39
================================================================================
AV 79.5 56.0 5.2 FASTST M M 1 MAX(MPH)
MISC ----> 28 120 37 210
================================================================================
NOTES:
# LAST OF SEVERAL OCCURRENCES
COLUMN 17 PEAK WIND IN M.P.H.
PRELIMINARY LOCAL CLIMATOLOGICAL DATA (WS FORM: F-6) , PAGE 2
STATION: GULFPORT
MONTH: OCTOBER
YEAR: 2022
LATITUDE: 30 23 N
LONGITUDE: 89 4 W
[TEMPERATURE DATA] [PRECIPITATION DATA] SYMBOLS USED IN COLUMN 16
AVERAGE MONTHLY: 67.8 TOTAL FOR MONTH: 2.90 1 = FOG OR MIST
DPTR FM NORMAL: -2.2 DPTR FM NORMAL: -0.81 2 = FOG REDUCING VISIBILITY
HIGHEST: 90 ON 7 GRTST 24HR 1.89 ON 12-12 TO 1/4 MILE OR LESS
LOWEST: 39 ON 20,19 3 = THUNDER
SNOW, ICE PELLETS, HAIL 4 = ICE PELLETS
TOTAL MONTH: 0.0 INCH 5 = HAIL
GRTST 24HR 0.0 6 = FREEZING RAIN OR DRIZZLE
GRTST DEPTH: M ON M 7 = DUSTSTORM OR SANDSTORM:
VSBY 1/2 MILE OR LESS
8 = SMOKE OR HAZE
[NO. OF DAYS WITH] [WEATHER - DAYS WITH] 9 = BLOWING SNOW
X = TORNADO
MAX 32 OR BELOW: 0 0.01 INCH OR MORE: 4
MAX 90 OR ABOVE: 1 0.10 INCH OR MORE: 3
MIN 32 OR BELOW: 0 0.50 INCH OR MORE: 2
MIN 0 OR BELOW: 0 1.00 INCH OR MORE: 1
[HDD (BASE 65) ]
TOTAL THIS MO. 47 CLEAR (SCALE 0-3) 23
DPTR FM NORMAL 8 PTCLDY (SCALE 4-7) 6
TOTAL FM JUL 1 47 CLOUDY (SCALE 8-10) 1
DPTR FM NORMAL 10
[CDD (BASE 65) ]
TOTAL THIS MO. 138
DPTR FM NORMAL -56 [PRESSURE DATA]
TOTAL FM JAN 1 2926 HIGHEST SLP M ON M
DPTR FM NORMAL 230 LOWEST SLP 29.80 ON 25
[REMARKS]
#FINAL-10-22#