000
CXUS53 KGID 010830
CF6GRI
PRELIMINARY LOCAL CLIMATOLOGICAL DATA (WS FORM: F-6)
STATION: GRAND ISLAND NE
MONTH: SEPTEMBER
YEAR: 2023
LATITUDE: 40 58 N
LONGITUDE: 98 19 W
TEMPERATURE IN F: :PCPN: SNOW: WIND :SUNSHINE: SKY :PK WND
================================================================================
1 2 3 4 5 6A 6B 7 8 9 10 11 12 13 14 15 16 17 18
12Z AVG MX 2MIN
DY MAX MIN AVG DEP HDD CDD WTR SNW DPTH SPD SPD DIR MIN PSBL S-S WX SPD DR
================================================================================
1 95 63 79 7 0 14 0.00 0.0 0 13.6 24 180 M M 0 32 160
2 101 71 86 15 0 21 0.00 0.0 0 13.9 18 200 M M 0 30 200
3 99 71 85 14 0 20 0.00 0.0 0 12.6 20 200 M M 0 28 210
4 96 63 80 9 0 15 0.00 0.0 0 12.7 24 150 M M 0 32 140
5 82 59 71 1 0 6 T 0.0 0 17.7 31 320 M M 3 38 42 300
6 82 51 67 -3 0 2 0.00 0.0 0 7.5 15 300 M M 0 18 19 320
7 84 51 68 -2 0 3 0.00 0.0 0 7.6 21 10 M M 1 8 29 10
8 86 53 70 0 0 5 0.00 0.0 0 5.8 12 110 M M 0 18 16 150
9 89 60 75 6 0 10 0.00 0.0 0 7.5 16 90 M M 0 22 80
10 68 58 63 -6 2 0 0.46 0.0 0 8.8 17 340 M M 7 1 24 330
11 75 53 64 -4 1 0 T 0.0 0 7.4 17 30 M M 4 1 25 30
12 77 47 62 -6 3 0 0.00 0.0 0 4.5 12 140 M M 0 15 180
13 80 49 65 -3 0 0 0.00 0.0 0 7.6 17 200 M M 2 26 210
14 82 58 70 2 0 5 0.00 0.0 0 7.9 16 190 M M 6 26 170
15 75 59 67 0 0 2 0.03 0.0 0 5.4 13 240 M M 6 1 17 240
16 81 52 67 0 0 2 0.00 0.0 0 6.1 13 10 M M 0 1 17 40
17 82 46 64 -2 1 0 0.00 0.0 0 4.9 12 160 M M 0 18 22 190
18 96 55 76 10 0 11 0.00 0.0 0 13.7 25 210 M M 0 8 35 220
19 94 62 78 12 0 13 0.00 0.0 0 6.1 17 200 M M 0 26 210
20 88 54 71 6 0 6 0.00 0.0 0 8.2 16 130 M M 1 18 28 150
21 78 63 71 6 0 6 0.29 0.0 0 12.5 28 70 M M 5 13 35 80
22 73 62 68 4 0 3 0.77 0.0 0 6.8 17 90 M M 9 1 23 90
23 81 54 68 4 0 3 0.00 0.0 0 8.8 23 300 M M 5 1 29 300
24 81 51 66 3 0 1 0.00 0.0 0 8.4 21 290 M M 0 27 280
25 83 51 67 4 0 2 0.00 0.0 0 5.8 14 320 M M 0 21 330
26 78 51 65 3 0 0 0.00 0.0 0 6.4 15 50 M M 0 21 50
27 79 48 64 2 1 0 0.00 0.0 0 4.6 12 110 M M 0 17 140
28 93 57 75 13 0 10 0.00 0.0 0 12.4 22 180 M M 0 30 150
29 95 70 83 22 0 18 T 0.0 0 13.7 24 190 M M 1 35 210
30 94 67 81 20 0 16 0.00 0.0 0 15.1 26 170 M M 0 39 170
================================================================================
SM 2547 1709 8 194 1.55 0.0 274.0 M 50
================================================================================
AV 84.9 57.0 9.1 FASTST M M 2 MAX(MPH)
MISC ----> 31 320 42 300
================================================================================
NOTES:
# LAST OF SEVERAL OCCURRENCES
COLUMN 17 PEAK WIND IN M.P.H.
PRELIMINARY LOCAL CLIMATOLOGICAL DATA (WS FORM: F-6) , PAGE 2
STATION: GRAND ISLAND NE
MONTH: SEPTEMBER
YEAR: 2023
LATITUDE: 40 58 N
LONGITUDE: 98 19 W
[TEMPERATURE DATA] [PRECIPITATION DATA] SYMBOLS USED IN COLUMN 16
AVERAGE MONTHLY: 70.9 TOTAL FOR MONTH: 1.55 1 = FOG OR MIST
DPTR FM NORMAL: 4.3 DPTR FM NORMAL: -0.45 2 = FOG REDUCING VISIBILITY
HIGHEST: 101 ON 2 GRTST 24HR 1.05 ON 21-22 TO 1/4 MILE OR LESS
LOWEST: 46 ON 17 3 = THUNDER
SNOW, ICE PELLETS, HAIL 4 = ICE PELLETS
TOTAL MONTH: 0.0 INCH 5 = HAIL
GRTST 24HR 0.0 6 = FREEZING RAIN OR DRIZZLE
GRTST DEPTH: 0 7 = DUSTSTORM OR SANDSTORM:
VSBY 1/2 MILE OR LESS
8 = SMOKE OR HAZE
[NO. OF DAYS WITH] [WEATHER - DAYS WITH] 9 = BLOWING SNOW
X = TORNADO
MAX 32 OR BELOW: 0 0.01 INCH OR MORE: 4
MAX 90 OR ABOVE: 9 0.10 INCH OR MORE: 3
MIN 32 OR BELOW: 0 0.50 INCH OR MORE: 1
MIN 0 OR BELOW: 0 1.00 INCH OR MORE: 0
[HDD (BASE 65) ]
TOTAL THIS MO. 8 CLEAR (SCALE 0-3) 23
DPTR FM NORMAL -75 PTCLDY (SCALE 4-7) 6
TOTAL FM JUL 1 8 CLOUDY (SCALE 8-10) 1
DPTR FM NORMAL -81
[CDD (BASE 65) ]
TOTAL THIS MO. 194
DPTR FM NORMAL 63 [PRESSURE DATA]
TOTAL FM JAN 1 1302 HIGHEST SLP 30.25 ON 10
DPTR FM NORMAL 163 LOWEST SLP 29.52 ON 4
[REMARKS]
#FINAL-09-23#