000
CXUS53 KIWX 010800
CF6GSH
PRELIMINARY LOCAL CLIMATOLOGICAL DATA (WS FORM: F-6)
STATION: GOSHEN
MONTH: APRIL
YEAR: 2020
LATITUDE: 41 31 N
LONGITUDE: 85 47 W
TEMPERATURE IN F: :PCPN: SNOW: WIND :SUNSHINE: SKY :PK WND
================================================================================
1 2 3 4 5 6A 6B 7 8 9 10 11 12 13 14 15 16 17 18
12Z AVG MX 2MIN
DY MAX MIN AVG DEP HDD CDD WTR SNW DPTH SPD SPD DIR MIN PSBL S-S WX SPD DR
================================================================================
1 48 39 44 0 21 0 0.00 0.0 0 6.1 10 340 M M 10 14 350
2 59 29 44 0 21 0 0.00 0.0 M 1.9 10 340 M M 3 12 17 10
3 66 37 52 8 13 0 0.00 0.0 M 1.3 7 100 M M 3 8 11 230
4 52 36 44 -1 21 0 0.01 M 0 8.5 15 320 M M 10 18 19 320
5 58 38 48 3 17 0 0.00 0.0 0 5.8 13 80 M M 5 1 18 50
6 64 33 49 4 16 0 T M M 6.7 14 180 M M 3 18 19 180
7 76 51 64 18 1 0 0.69 0.0 0 10.4 25 340 M M 7 13 39 300
8 71 48 60 14 5 0 0.09 M 0 7.8 30 330 M M 5 18 38 330
9 49 34 42 -4 23 0 T M M 18.8 28 310 M M 5 46 310
10 44 33 39 -8 26 0 0.00 0.0 M 12.0 24 290 M M 4 32 290
11 62 32 47 0 18 0 0.02 M 0 8.5 24 230 M M 8 35 220
12 63 46 55 7 10 0 0.15 M 0 9.6 20 180 M M 8 1 28 190
13 M M M M M M 0.04 M M 19.0 28 290 M M 7 1 45 300
14 41 27 34 -14 31 0 T M M 12.3 21 250 M M 6 35 280
15 37 25 31 -18 34 0 0.06 M M 6.8 17 310 M M 6 12 32 300
16 43 23 33 -16 32 0 0.00 M M 5.0 16 290 M M 2 23 300
17 M M M M M M 0.17 M M 8.3 13 70 M M 8 12 M M
18 54 26 40 -10 25 0 0.00 M M 12.4 25 230 M M 0 1 37 230
19 M M M M M M 0.00 0.0 M 18.0 21 320 M M 3 31 340
20 M M M M M M 0.07 M M 12.2 37 290 M M 1 49 290
21 50 30 40 -11 25 0 T M M 15.7 31 300 M M 1 41 310
22 47 27 37 -14 28 0 0.08 M 0 7.5 18 130 M M 7 25 140
23 61 37 49 -3 16 0 0.00 0.0 0 8.1 12 150 M M 5 18 M M
24 58 41 50 -2 15 0 T 0.0 0 4.7 10 40 M M 8 18 M M
25 50 45 48 -4 17 0 0.87 M M 12.9 22 40 M M 10 18 30 30
26 64 40 52 0 13 0 0.02 M 0 13.9 26 360 M M 3 1 37 360
27 65 31 48 -5 17 0 0.03 M 0 7.7 22 200 M M 3 29 200
28 73 46 60 7 5 0 0.49 0.0 0 8.1 21 200 M M 6 13 29 210
29 60 42 51 -3 14 0 0.33 0.0 0 12.7 28 220 M M 10 18 41 230
30 48 41 45 -9 20 0 0.04 0.0 0 13.8 21 340 M M 10 1 28 310
================================================================================
SM 1463 937 484 0 3.16 0.0 296.5 M 167
================================================================================
AV 56.3 36.0 9.9 FASTST M M 6 MAX(MPH)
MISC ----> # 37 290 # 49 290
================================================================================
NOTES:
# LAST OF SEVERAL OCCURRENCES
COLUMN 17 PEAK WIND IN M.P.H.
PRELIMINARY LOCAL CLIMATOLOGICAL DATA (WS FORM: F-6) , PAGE 2
STATION: GOSHEN
MONTH: APRIL
YEAR: 2020
LATITUDE: 41 31 N
LONGITUDE: 85 47 W
[TEMPERATURE DATA] [PRECIPITATION DATA] SYMBOLS USED IN COLUMN 16
AVERAGE MONTHLY: 46.2 TOTAL FOR MONTH: 3.16 1 = FOG OR MIST
DPTR FM NORMAL: -2.6 DPTR FM NORMAL: -0.17 2 = FOG REDUCING VISIBILITY
HIGHEST: 76 ON 7 GRTST 24HR 0.87 ON 25-25 TO 1/4 MILE OR LESS
LOWEST: 23 ON 16 3 = THUNDER
SNOW, ICE PELLETS, HAIL 4 = ICE PELLETS
TOTAL MONTH: 0.0 INCH 5 = HAIL
GRTST 24HR 0.0 6 = FREEZING RAIN OR DRIZZLE
GRTST DEPTH: 0 7 = DUSTSTORM OR SANDSTORM:
VSBY 1/2 MILE OR LESS
8 = SMOKE OR HAZE
[NO. OF DAYS WITH] [WEATHER - DAYS WITH] 9 = BLOWING SNOW
X = TORNADO
MAX 32 OR BELOW: 0 0.01 INCH OR MORE: 16
MAX 90 OR ABOVE: 0 0.10 INCH OR MORE: 6
MIN 32 OR BELOW: 9 0.50 INCH OR MORE: 2
MIN 0 OR BELOW: 0 1.00 INCH OR MORE: 0
[HDD (BASE 65) ]
TOTAL THIS MO. 484 CLEAR (SCALE 0-3) 9
DPTR FM NORMAL -8 PTCLDY (SCALE 4-7) 14
TOTAL FM JUL 1 5500 CLOUDY (SCALE 8-10) 7
DPTR FM NORMAL -658
[CDD (BASE 65) ]
TOTAL THIS MO. 0
DPTR FM NORMAL -6 [PRESSURE DATA]
TOTAL FM JAN 1 0 HIGHEST SLP 30.34 ON 16
DPTR FM NORMAL -6 LOWEST SLP 29.31 ON 13
[REMARKS]
#FINAL-04-20#