000
CXUS52 KRAH 010845
CF6GSO
PRELIMINARY LOCAL CLIMATOLOGICAL DATA (WS FORM: F-6)
STATION: GREENSBORO NC
MONTH: MAY
YEAR: 2022
LATITUDE: 36 4 N
LONGITUDE: 79 57 W
TEMPERATURE IN F: :PCPN: SNOW: WIND :SUNSHINE: SKY :PK WND
================================================================================
1 2 3 4 5 6A 6B 7 8 9 10 11 12 13 14 15 16 17 18
12Z AVG MX 2MIN
DY MAX MIN AVG DEP HDD CDD WTR SNW DPTH SPD SPD DIR MIN PSBL S-S WX SPD DR
================================================================================
1 79 50 65 1 0 0 T 0.0 0 7.9 18 230 M M 8 1238 24 260
2 83 60 72 8 0 7 0.00 0.0 0 7.1 16 260 M M 6 1 21 270
3 86 57 72 8 0 7 0.00 0.0 0 9.3 21 230 M M 7 26 200
4 85 65 75 10 0 10 0.00 0.0 0 9.5 20 240 M M 7 24 240
5 77 62 70 5 0 5 0.00 0.0 0 7.5 15 130 M M 5 18 130
6 76 56 66 1 0 1 1.01 0.0 0 8.4 38 240 M M 9 13 52 240
7 71 49 60 -5 5 0 0.57 0.0 0 9.3 23 50 M M 7 13 32 20
8 55 46 51 -15 14 0 0.00 0.0 0 11.7 21 50 M M 10 28 50
9 70 44 57 -9 8 0 0.00 0.0 0 8.1 18 50 M M 1 23 60
10 76 47 62 -4 3 0 0.00 0.0 0 9.6 22 30 M M 3 33 20
11 77 50 64 -2 1 0 0.00 0.0 0 10.6 21 50 M M 1 26 50
12 74 58 66 0 0 1 0.01 0.0 0 13.6 23 60 M M 8 18 32 50
13 76 61 69 2 0 4 T 0.0 0 7.5 16 130 M M 9 1 20 60
14 77 61 69 2 0 4 0.23 0.0 0 3.2 10 260 M M 8 1 20 240
15 83 58 71 4 0 6 T 0.0 0 5.9 16 240 M M 7 1 22 210
16 83 61 72 4 0 7 0.00 0.0 0 9.4 22 300 M M 6 3 27 300
17 82 54 68 0 0 3 0.00 0.0 M 6.5 16 250 M M 1 22 250
18 84 58 71 3 0 6 0.00 0.0 0 6.7 17 180 M M 7 24 200
19 90 67 79 11 0 14 0.14 0.0 0 8.3 18 280 M M 8 13 25 240
20 91 68 80 12 0 15 0.00 0.0 0 10.9 21 220 M M 6 33 210
21 88 67 78 9 0 13 0.02 0.0 0 8.1 29 180 M M 8 38 39 180
22 87 67 77 8 0 12 0.09 0.0 0 10.7 22 310 M M 8 13 27 300
23 76 59 68 -1 0 3 1.57 0.0 0 7.8 18 60 M M 9 13 32 70
24 63 57 60 -10 5 0 0.39 0.0 0 8.6 15 30 M M 10 1 26 10
25 69 57 63 -7 2 0 T 0.0 0 9.3 18 60 M M 10 1 26 210
26 79 60 70 0 0 5 0.01 0.0 0 8.2 17 180 M M 9 1 22 180
27 81 62 72 2 0 7 0.57 0.0 0 11.7 28 260 M M 9 13 36 270
28 79 55 67 -4 0 2 0.00 0.0 0 4.5 14 300 M M 5 18 320
29 84 61 73 2 0 8 0.00 0.0 0 3.0 10 200 M M 3 14 160
30 87 64 76 5 0 11 0.00 0.0 0 3.6 14 170 M M 4 20 240
31 89 66 78 7 0 13 0.00 0.0 0 6.4 13 270 M M 1 17 260
================================================================================
SM 2457 1807 38 164 4.61 0.0 252.9 M 200
================================================================================
AV 79.3 58.3 8.2 FASTST M M 6 MAX(MPH)
MISC ----> 38 240 52 240
================================================================================
NOTES:
# LAST OF SEVERAL OCCURRENCES
COLUMN 17 PEAK WIND IN M.P.H.
PRELIMINARY LOCAL CLIMATOLOGICAL DATA (WS FORM: F-6) , PAGE 2
STATION: GREENSBORO NC
MONTH: MAY
YEAR: 2022
LATITUDE: 36 4 N
LONGITUDE: 79 57 W
[TEMPERATURE DATA] [PRECIPITATION DATA] SYMBOLS USED IN COLUMN 16
AVERAGE MONTHLY: 68.8 TOTAL FOR MONTH: 4.61 1 = FOG OR MIST
DPTR FM NORMAL: 1.3 DPTR FM NORMAL: 1.12 2 = FOG REDUCING VISIBILITY
HIGHEST: 91 ON 20 GRTST 24HR 1.95 ON 23-24 TO 1/4 MILE OR LESS
LOWEST: 44 ON 9 3 = THUNDER
SNOW, ICE PELLETS, HAIL 4 = ICE PELLETS
TOTAL MONTH: 0.0 INCH 5 = HAIL
GRTST 24HR 0.0 6 = FREEZING RAIN OR DRIZZLE
GRTST DEPTH: 0 7 = DUSTSTORM OR SANDSTORM:
VSBY 1/2 MILE OR LESS
8 = SMOKE OR HAZE
[NO. OF DAYS WITH] [WEATHER - DAYS WITH] 9 = BLOWING SNOW
X = TORNADO
MAX 32 OR BELOW: 0 0.01 INCH OR MORE: 11
MAX 90 OR ABOVE: 2 0.10 INCH OR MORE: 7
MIN 32 OR BELOW: 0 0.50 INCH OR MORE: 4
MIN 0 OR BELOW: 0 1.00 INCH OR MORE: 2
[HDD (BASE 65) ]
TOTAL THIS MO. 38 CLEAR (SCALE 0-3) 6
DPTR FM NORMAL -21 PTCLDY (SCALE 4-7) 15
TOTAL FM JUL 1 3071 CLOUDY (SCALE 8-10) 10
DPTR FM NORMAL -424
[CDD (BASE 65) ]
TOTAL THIS MO. 164
DPTR FM NORMAL 26 [PRESSURE DATA]
TOTAL FM JAN 1 210 HIGHEST SLP 30.29 ON 25
DPTR FM NORMAL 27 LOWEST SLP 29.48 ON 6
[REMARKS]
#FINAL-05-22#