000
CXUS52 KRAH 101427
CLAGSO
CLIMATE REPORT
NATIONAL WEATHER SERVICE RALEIGH NC
918 AM EST TUE JAN 10 2023
...................................
...THE GREENSBORO NC CLIMATE SUMMARY FOR THE YEAR OF 2022...
CLIMATE NORMAL PERIOD 1991 TO 2020
CLIMATE RECORD PERIOD 1903 TO 2023
WEATHER OBSERVED NORMAL DEPART LAST YEAR`S
VALUE DATE(S) VALUE FROM VALUE
NORMAL
..............................................................
TEMPERATURE (F)
RECORD
HIGH 104 07/27/1914
06/12/1914
06/12/1911
LOW -8 01/21/1985
HIGHEST 96 06/22
LOWEST 5 12/24
AVG. MAXIMUM 70.0 69.8 0.2
AVG. MINIMUM 49.2 49.4 -0.2
MEAN 59.6 59.6 -0.0
DAYS MAX >= 90 37 33.3 3.7
DAYS MAX <= 32 4 3.6 0.4
DAYS MIN <= 32 74 68.4 5.6
DAYS MIN <= 0 0 0.0 0.0
PRECIPITATION (INCHES)
RECORD
MAXIMUM 64.11 2018
MINIMUM 27.74 1941
TOTALS 47.79 43.95 3.84
DAILY AVG. 0.13 0.12 0.01
DAYS >= .01 108 116.0 -8.0
DAYS >= .10 77 74.3 2.7
DAYS >= .50 34 29.5 4.5
DAYS >= 1.00 14 10.9 3.1
GREATEST
24 HR. TOTAL 2.42 01/02 TO 01/03
SNOWFALL (INCHES)
RECORDS
TOTAL 32.5 1927
TOTALS 8.2 7.1 1.1 1.2
SINCE 7/1 T
DAYS >= TRACE 10
DAYS >= 1.0 4
GREATEST
SNOW DEPTH 2 01/17
01/18
01/29
DEGREE DAYS
HEATING TOTAL 3467 3500 -33
COOLING TOTAL 1604 1552 52
..............................................................
WIND (MPH)
AVERAGE WIND SPEED 7.0
RESULTANT WIND SPEED/DIRECTION 1/260
HIGHEST WIND SPEED/DIRECTION 49/320 DATE 07/05
HIGHEST GUST SPEED/DIRECTION 64/310 DATE 07/05
SKY COVER
POSSIBLE SUNSHINE (PERCENT) MM
AVERAGE SKY COVER 0.59
NUMBER OF DAYS FAIR 81
NUMBER OF DAYS PC 154
NUMBER OF DAYS CLOUDY 130
AVERAGE RH (PERCENT) 66
WEATHER CONDITIONS. NUMBER OF DAYS WITH
THUNDERSTORM 49 MIXED PRECIP 0
HEAVY RAIN 49 RAIN 55
LIGHT RAIN 129 FREEZING RAIN 1
LT FREEZING RAIN 2 HAIL 0
HEAVY SNOW 0 SNOW 3
LIGHT SNOW 9 SLEET 3
FOG 117 FOG W/VIS <= 1/4 MILE 22
HAZE 21
- INDICATES NEGATIVE NUMBERS.
R INDICATES RECORD WAS SET OR TIED.
MM INDICATES DATA IS MISSING.
T INDICATES TRACE AMOUNT.
&&
2022 WAS THE 24TH WARMEST YEAR ON RECORD.
RECORDS DATE BACK TO 1903.
$$