000
CXUS52 KRAH 081630 RRA
CLAGSO
CLIMATE REPORT
NATIONAL WEATHER SERVICE RALEIGH NC
1130 AM EST WED JAN 8 2020
...................................
...THE PIEDMONT TRIAD INTL AIRPORT NC CLIMATE SUMMARY FOR THE YEAR OF 2019...
CLIMATE NORMAL PERIOD 1981 TO 2010
CLIMATE RECORD PERIOD 1903 TO 2020
WEATHER OBSERVED NORMAL DEPART LAST YEAR`S
VALUE DATE(S) VALUE FROM VALUE
NORMAL
.............................................................
TEMPERATURE (F)
RECORD
HIGH 104 07/27/1914
06/12/1914
06/12/1911
LOW -8 01/21/1985
HIGHEST 96 07/17
LOWEST 14 01/21
AVG. MAXIMUM 71.1 69.2 1.9
AVG. MINIMUM 51.1 49.1 2.0
MEAN 61.1 59.1 2.0
DAYS MAX >= 90 50 28.8 21.2
DAYS MAX <= 32 1 3.0 -2.0
DAYS MIN <= 32 57 65.3 -8.3
DAYS MIN <= 0 0 0.1 -0.1
PRECIPITATION (INCHES)
RECORD
MAXIMUM 64.11 2018
MINIMUM 27.74 1941
TOTALS 51.98 42.20 9.78
DAILY AVG. 0.14 0.12 0.02
DAYS >= .01 120 110.6 9.4
DAYS >= .10 85 71.9 13.1
DAYS >= .50 40 28.9 11.1
DAYS >= 1.00 12 10.8 1.2
GREATEST
24 HR. TOTAL 3.08 06/07 TO 06/08
SNOWFALL (INCHES)
RECORDS
TOTAL 32.5 1927
TOTALS T 7.5 -7.5 25.3
SINCE 7/1 T
DAYS >= TRACE 7
DAYS >= 1.0 0
GREATEST
SNOW DEPTH 0
DEGREE_DAYS
HEATING TOTAL 3205 3617 -412
COOLING TOTAL 1892 1485 407
..............................................................
WIND (MPH)
AVERAGE WIND SPEED 6.8
RESULTANT WIND SPEED/DIRECTION 1/264
HIGHEST WIND SPEED/DIRECTION 44/210 DATE 07/31
HIGHEST GUST SPEED/DIRECTION 58/280 DATE 08/22
SKY COVER
POSSIBLE SUNSHINE (PERCENT) MM
AVERAGE SKY COVER 0.60
NUMBER OF DAYS FAIR 75
NUMBER OF DAYS PC 161
NUMBER OF DAYS CLOUDY 129
AVERAGE RH (PERCENT) 69
WEATHER CONDITIONS. NUMBER OF DAYS WITH
THUNDERSTORM 59 MIXED PRECIP 0
HEAVY RAIN 51 RAIN 66
LIGHT RAIN 147 FREEZING RAIN 3
LT FREEZING RAIN 4 HAIL 1
HEAVY SNOW 0 SNOW 1
LIGHT SNOW 2 SLEET 5
FOG 152 FOG W/VIS <= 1/4 MILE 17
HAZE 21
- INDICATES NEGATIVE NUMBERS.
R INDICATES RECORD WAS SET OR TIED.
MM INDICATES DATA IS MISSING.
T INDICATES TRACE AMOUNT.
&&
THE AVERAGE MEAN TEMPERATURE OF 61.1 DEGREES MADE 2019 THE 4TH WARMEST ON RECORD.
$$