000
CXUS52 KGSP 010821
CF6GSP
PRELIMINARY LOCAL CLIMATOLOGICAL DATA (WS FORM: F-6)
STATION: GREENVILLE-SPARTANBURG SC
MONTH: JULY
YEAR: 2020
LATITUDE: 34 54 N
LONGITUDE: 82 13 W
TEMPERATURE IN F: :PCPN: SNOW: WIND :SUNSHINE: SKY :PK WND
================================================================================
1 2 3 4 5 6A 6B 7 8 9 10 11 12 13 14 15 16 17 18
12Z AVG MX 2MIN
DY MAX MIN AVG DEP HDD CDD WTR SNW DPTH SPD SPD DIR MIN PSBL S-S WX SPD DR
================================================================================
1 89 68 79 0 0 14 1.00 0.0 0 2.3 22 220 M M 2 13 27 220
2 90 68 79 0 0 14 0.00 0.0 0 5.2 14 40 M M 0 1 17 10
3 92 69 81 1 0 16 0.00 0.0 0 3.5 13 240 M M 4 3 15 240
4 93 73 83 3 0 18 0.00 0.0 0 3.4 13 220 M M 5 18 17 140
5 92 71 82 2 0 17 0.00 0.0 0 4.6 14 120 M M 1 18 20 160
6 84 67 76 -4 0 11 0.14 0.0 0 4.7 22 110 M M 5 13 29 110
7 84 71 78 -2 0 13 0.63 0.0 0 6.5 15 30 M M 9 18 19 50
8 87 71 79 -1 0 14 0.00 0.0 0 5.0 12 60 M M 5 1 17 350
9 88 70 79 -1 0 14 0.00 0.0 0 4.6 13 70 M M 1 8 16 70
10 94 69 82 2 0 17 0.03 0.0 0 3.0 20 270 M M 1 3 29 280
11 90 69 80 0 0 15 0.00 0.0 0 4.7 14 360 M M 1 21 330
12 91 65 78 -2 0 13 0.00 0.0 0 4.0 14 230 M M 1 18 190
13 94 68 81 1 0 16 0.00 0.0 0 2.6 9 40 M M 2 12 30
14 94 68 81 1 0 16 0.00 0.0 0 3.9 9 190 M M 1 13 80
15 95 70 83 3 0 18 0.00 0.0 0 5.8 17 130 M M 2 24 160
16 90 73 82 2 0 17 0.38 0.0 0 3.3 30 140 M M 3 138 39 140
17 95 72 84 4 0 19 0.00 0.0 0 4.3 13 250 M M 2 13 19 210
18 95 73 84 4 0 19 0.03 0.0 0 3.5 15 260 M M 1 138 20 270
19 96 70 83 3 0 18 0.03 0.0 0 3.4 13 210 M M 1 138 20 290
20 94 73 84 4 0 19 0.04 0.0 0 2.6 16 90 M M 1 138 21 100
21 95 71 83 3 0 18 0.05 0.0 0 3.0 24 290 M M 1 13 34 290
22 93 70 82 2 0 17 0.04 0.0 0 6.4 32 120 M M 5 1238 40 120
23 95 71 83 3 0 18 0.00 0.0 0 6.7 16 230 M M 1 22 220
24 89 69 79 -1 0 14 2.31 0.0 0 3.7 23 210 M M 3 123 33 280
25 90 67 79 -1 0 14 0.00 0.0 0 4.4 16 160 M M 1 13 20 160
26 93 68 81 1 0 16 0.00 0.0 0 3.3 16 210 M M 1 3 19 220
27 95 72 84 4 0 19 0.00 0.0 0 4.1 12 210 M M 1 17 220
28 93 71 82 2 0 17 0.28 0.0 0 5.0 23 80 M M 1 38 31 80
29 90 70 80 0 0 15 0.10 0.0 0 3.5 14 230 M M 3 13 17 140
30 90 73 82 2 0 17 0.03 0.0 0 7.0 16 220 M M 5 19 220
31 93 74 84 4 0 19 0.04 0.0 0 9.8 17 210 M M 2 3 23 220
================================================================================
SM 2843 2174 0 502 5.13 0.0 137.8 M 72
================================================================================
AV 91.7 70.1 4.4 FASTST M M 2 MAX(MPH)
MISC ----> 32 120 40 120
================================================================================
NOTES:
# LAST OF SEVERAL OCCURRENCES
COLUMN 17 PEAK WIND IN M.P.H.
PRELIMINARY LOCAL CLIMATOLOGICAL DATA (WS FORM: F-6) , PAGE 2
STATION: GREENVILLE-SPARTANBURG SC
MONTH: JULY
YEAR: 2020
LATITUDE: 34 54 N
LONGITUDE: 82 13 W
[TEMPERATURE DATA] [PRECIPITATION DATA] SYMBOLS USED IN COLUMN 16
AVERAGE MONTHLY: 80.9 TOTAL FOR MONTH: 5.13 1 = FOG OR MIST
DPTR FM NORMAL: 1.0 DPTR FM NORMAL: 0.33 2 = FOG REDUCING VISIBILITY
HIGHEST: 96 ON 19 GRTST 24HR 2.31 ON 24-24 TO 1/4 MILE OR LESS
LOWEST: 65 ON 12 3 = THUNDER
SNOW, ICE PELLETS, HAIL 4 = ICE PELLETS
TOTAL MONTH: 0.0 INCH 5 = HAIL
GRTST 24HR 0.0 6 = FREEZING RAIN OR DRIZZLE
GRTST DEPTH: 0 7 = DUSTSTORM OR SANDSTORM:
VSBY 1/2 MILE OR LESS
8 = SMOKE OR HAZE
[NO. OF DAYS WITH] [WEATHER - DAYS WITH] 9 = BLOWING SNOW
X = TORNADO
MAX 32 OR BELOW: 0 0.01 INCH OR MORE: 15
MAX 90 OR ABOVE: 25 0.10 INCH OR MORE: 7
MIN 32 OR BELOW: 0 0.50 INCH OR MORE: 3
MIN 0 OR BELOW: 0 1.00 INCH OR MORE: 2
[HDD (BASE 65) ]
TOTAL THIS MO. 0 CLEAR (SCALE 0-3) 24
DPTR FM NORMAL 0 PTCLDY (SCALE 4-7) 6
TOTAL FM JUL 1 0 CLOUDY (SCALE 8-10) 1
DPTR FM NORMAL 0
[CDD (BASE 65) ]
TOTAL THIS MO. 502
DPTR FM NORMAL 42 [PRESSURE DATA]
TOTAL FM JAN 1 1009 HIGHEST SLP 30.24 ON 24
DPTR FM NORMAL -3 LOWEST SLP 29.76 ON 12
[REMARKS]
#FINAL-07-20#