000
CXUS54 KAMA 010710
CF6GUY
PRELIMINARY LOCAL CLIMATOLOGICAL DATA (WS FORM: F-6)
STATION: GUYMON
MONTH: JULY
YEAR: 2023
LATITUDE: 36 41 N
LONGITUDE: 101 30 W
TEMPERATURE IN F: :PCPN: SNOW: WIND :SUNSHINE: SKY :PK WND
================================================================================
1 2 3 4 5 6A 6B 7 8 9 10 11 12 13 14 15 16 17 18
12Z AVG MX 2MIN
DY MAX MIN AVG DEP HDD CDD WTR SNW DPTH SPD SPD DIR MIN PSBL S-S WX SPD DR
================================================================================
1 87 61 74 -6 0 9 0.13 M M 6.9 22 230 M M 2 3 34 180
2 90 60 75 -5 0 10 T M M 6.5 32 230 M M 0 3 46 230
3 91 58 75 -5 0 10 0.00 M M 8.3 18 200 M M 0 26 210
4 95 63 79 -1 0 14 0.00 M M 10.5 21 50 M M 0 31 40
5 84 64 74 -6 0 9 0.01 M M 11.5 25 50 M M 5 3 36 60
6 79 61 70 -10 0 5 1.19 M M 10.2 30 10 M M 6 13 41 20
7 88 61 75 -5 0 10 0.19 M M 11.3 28 40 M M 5 13 42 40
8 82 59 71 -10 0 6 1.10 M M 11.1 40 40 M M 6 13 60 50
9 76 60 68 -13 0 3 0.05 M M 7.2 21 120 M M 7 13 34 130
10 85 63 74 -7 0 9 T M M 9.4 22 350 M M 3 3 30 190
11 93 64 79 -2 0 14 0.00 M M 7.6 15 140 M M 2 12 24 140
12 95 73 84 3 0 19 0.07 M M 10.4 33 250 M M 1 3 44 240
13 87 70 79 -2 0 14 0.01 M M 8.4 20 190 M M 4 1 31 180
14 93 68 81 0 0 16 0.04 M M 11.2 26 200 M M 2 3 34 200
15 86 65 76 -5 0 11 0.00 M M 7.4 14 130 M M 0 19 130
16 95 64 80 -1 0 15 0.00 M M 9.7 20 250 M M 0 28 250
17 100 68 84 3 0 19 0.00 M M 12.0 21 220 M M 0 27 260
18 102 73 88 7 0 23 0.00 M M 12.5 28 230 M M 0 38 220
19 93 72 83 2 0 18 T M M 8.5 25 330 M M 3 1 36 330
20 90 65 78 -3 0 13 0.71 M M 9.1 35 280 M M 3 13 54 260
21 79 65 72 -9 0 7 1.13 M M 8.0 20 20 M M 7 13 25 30
22 88 63 76 -5 0 11 0.00 M M 7.0 20 190 M M 0 27 200
23 98 67 83 2 0 18 T M M 6.4 12 140 M M 1 3 17 140
24 101 68 85 4 0 20 0.00 M M 10.6 18 180 M M 0 29 170
25 101 74 88 7 0 23 0.00 M M 12.0 20 200 M M 0 28 200
26 99 69 84 3 0 19 0.00 M M 10.2 20 220 M M 0 25 230
27 98 71 85 4 0 20 T M M 8.1 20 240 M M 0 3 26 240
28 101 65 83 2 0 18 0.00 M M 9.0 20 200 M M 0 27 190
29 96 68 82 1 0 17 0.00 M M 10.0 18 240 M M 0 26 230
30 98 67 83 2 0 18 0.00 M M 8.9 21 180 M M 0 27 200
31 99 64 82 1 0 17 0.00 M M 11.7 23 200 M M 0 31 220
================================================================================
SM 2849 2033 0 435 4.63 M 291.6 M 57
================================================================================
AV 91.9 65.6 9.4 FASTST M M 2 MAX(MPH)
MISC ----> 40 40 60 50
================================================================================
NOTES:
# LAST OF SEVERAL OCCURRENCES
COLUMN 17 PEAK WIND IN M.P.H.
PRELIMINARY LOCAL CLIMATOLOGICAL DATA (WS FORM: F-6) , PAGE 2
STATION: GUYMON
MONTH: JULY
YEAR: 2023
LATITUDE: 36 41 N
LONGITUDE: 101 30 W
[TEMPERATURE DATA] [PRECIPITATION DATA] SYMBOLS USED IN COLUMN 16
AVERAGE MONTHLY: 78.7 TOTAL FOR MONTH: 4.63 1 = FOG OR MIST
DPTR FM NORMAL: -2.1 DPTR FM NORMAL: 2.24 2 = FOG REDUCING VISIBILITY
HIGHEST: 102 ON 18 GRTST 24HR 1.84 ON 20-21 TO 1/4 MILE OR LESS
LOWEST: 58 ON 3 3 = THUNDER
SNOW, ICE PELLETS, HAIL 4 = ICE PELLETS
TOTAL MONTH: M 5 = HAIL
GRTST 24HR M ON M 6 = FREEZING RAIN OR DRIZZLE
GRTST DEPTH: M ON M 7 = DUSTSTORM OR SANDSTORM:
VSBY 1/2 MILE OR LESS
8 = SMOKE OR HAZE
[NO. OF DAYS WITH] [WEATHER - DAYS WITH] 9 = BLOWING SNOW
X = TORNADO
MAX 32 OR BELOW: 0 0.01 INCH OR MORE: 11
MAX 90 OR ABOVE: 20 0.10 INCH OR MORE: 6
MIN 32 OR BELOW: 0 0.50 INCH OR MORE: 4
MIN 0 OR BELOW: 0 1.00 INCH OR MORE: 3
[HDD (BASE 65) ]
TOTAL THIS MO. 0 CLEAR (SCALE 0-3) 24
DPTR FM NORMAL 0 PTCLDY (SCALE 4-7) 7
TOTAL FM JUL 1 0 CLOUDY (SCALE 8-10) 0
DPTR FM NORMAL 0
[CDD (BASE 65) ]
TOTAL THIS MO. 435
DPTR FM NORMAL -53 [PRESSURE DATA]
TOTAL FM JAN 1 776 HIGHEST SLP M ON M
DPTR FM NORMAL -194 LOWEST SLP 29.61 ON 12
[REMARKS]
#FINAL-07-23#