000
CXUS54 KJAN 011638
CF6GWO
PRELIMINARY LOCAL CLIMATOLOGICAL DATA (WS FORM: F-6)
STATION: GREENWOOD
MONTH: AUGUST
YEAR: 2021
LATITUDE: 33 30 N
LONGITUDE: 90 5 W
TEMPERATURE IN F: :PCPN: SNOW: WIND :SUNSHINE: SKY :PK WND
================================================================================
1 2 3 4 5 6A 6B 7 8 9 10 11 12 13 14 15 16 17 18
12Z AVG MX 2MIN
DY MAX MIN AVG DEP HDD CDD WTR SNW DPTH SPD SPD DIR MIN PSBL S-S WX SPD DR
================================================================================
1 96 77 87 5 0 22 0.00 0.0 0 4.6 14 110 M M 2 13 20 110
2 86 73 80 -2 0 15 1.58 0.0 0 3.8 14 240 M M 7 13 30 240
3 89 69 79 -3 0 14 0.00 0.0 0 5.3 14 40 M M 1 1 18 40
4 88 65 77 -5 0 12 0.00 0.0 0 3.5 13 20 M M 1 1 19 20
5 89 65 77 -5 0 12 0.00 0.0 0 2.4 9 360 M M 0 1 15 30
6 89 71 80 -2 0 15 0.00 0.0 0 2.2 10 30 M M 3 1 14 50
7 90 69 80 -2 0 15 0.00 0.0 0 2.2 8 210 M M 1 1 11 290
8 92 71 82 0 0 17 0.01 0.0 0 4.2 12 180 M M 2 18 18 180
9 93 77 85 3 0 20 0.00 0.0 0 6.1 14 180 M M 1 19 220
10 94 77 86 4 0 21 0.00 0.0 0 4.7 12 180 M M 1 17 200
11 93 76 85 3 0 20 0.00 0.0 0 5.0 18 120 M M 1 27 110
12 94 74 84 2 0 19 0.00 0.0 0 4.6 10 180 M M 0 13 180
13 93 76 85 3 0 20 0.10 0.0 0 3.5 21 20 M M 2 13 25 20
14 95 74 85 3 0 20 0.00 0.0 0 4.4 13 200 M M 1 3 24 270
15 89 73 81 -1 0 16 0.14 0.0 0 3.8 13 70 M M 4 13 17 70
16 92 73 83 2 0 18 0.00 0.0 0 2.5 12 70 M M 6 14 80
17 93 73 83 2 0 18 0.00 0.0 0 2.1 9 210 M M 2 1 13 220
18 94 76 85 4 0 20 1.35 0.0 0 4.6 17 30 M M 6 138 23 20
19 93 75 84 3 0 19 0.34 0.0 0 2.3 25 190 M M 4 13 43 150
20 91 75 83 2 0 18 0.00 0.0 0 4.3 12 210 M M 3 16 220
21 93 77 85 4 0 20 T 0.0 0 5.3 12 220 M M 3 17 260
22 97 78 88 7 0 23 0.00 0.0 0 2.4 15 230 M M 3 3 23 230
23 97 76 87 6 0 22 0.00 0.0 0 1.2 8 40 M M 4 1 12 30
24 98 75 87 7 0 22 0.00 0.0 0 2.4 9 90 M M 2 1 15 50
25 98 77 88 8 0 23 0.00 0.0 0 3.0 10 70 M M 1 14 20
26 96 77 87 7 0 22 0.00 0.0 0 4.5 15 90 M M 1 13 19 90
27 95 73 84 4 0 19 0.11 0.0 0 5.3 25 160 M M 2 13 38 110
28 93 74 84 4 0 19 0.00 0.0 0 6.7 16 140 M M 1 22 130
29 92 76 84 4 0 19 0.25 0.0 0 8.1 17 80 M M 1 13 24 80
30 78 75 77 -3 0 12 2.01 0.0 0 14.6 28 60 M M 8 1 41 70
31 90 74 82 3 0 17 0.06 0.0 0 5.3 13 300 M M 9 1 22 320
================================================================================
SM 2860 2291 0 569 5.95 0.0 134.9 M 83
================================================================================
AV 92.3 73.9 4.4 FASTST M M 3 MAX(MPH)
MISC ----> 28 60 43 150
================================================================================
NOTES:
# LAST OF SEVERAL OCCURRENCES
COLUMN 17 PEAK WIND IN M.P.H.
PRELIMINARY LOCAL CLIMATOLOGICAL DATA (WS FORM: F-6) , PAGE 2
STATION: GREENWOOD
MONTH: AUGUST
YEAR: 2021
LATITUDE: 33 30 N
LONGITUDE: 90 5 W
[TEMPERATURE DATA] [PRECIPITATION DATA] SYMBOLS USED IN COLUMN 16
AVERAGE MONTHLY: 83.1 TOTAL FOR MONTH: 5.95 1 = FOG OR MIST
DPTR FM NORMAL: 2.0 DPTR FM NORMAL: 2.74 2 = FOG REDUCING VISIBILITY
HIGHEST: 98 ON 25,24 GRTST 24HR 2.07 ON 30-31 TO 1/4 MILE OR LESS
LOWEST: 65 ON 5, 4 3 = THUNDER
SNOW, ICE PELLETS, HAIL 4 = ICE PELLETS
TOTAL MONTH: 0.0 INCH 5 = HAIL
GRTST 24HR 0.0 6 = FREEZING RAIN OR DRIZZLE
GRTST DEPTH: 0 7 = DUSTSTORM OR SANDSTORM:
VSBY 1/2 MILE OR LESS
8 = SMOKE OR HAZE
[NO. OF DAYS WITH] [WEATHER - DAYS WITH] 9 = BLOWING SNOW
X = TORNADO
MAX 32 OR BELOW: 0 0.01 INCH OR MORE: 10
MAX 90 OR ABOVE: 24 0.10 INCH OR MORE: 8
MIN 32 OR BELOW: 0 0.50 INCH OR MORE: 3
MIN 0 OR BELOW: 0 1.00 INCH OR MORE: 3
[HDD (BASE 65) ]
TOTAL THIS MO. 0 CLEAR (SCALE 0-3) 19
DPTR FM NORMAL 0 PTCLDY (SCALE 4-7) 11
TOTAL FM JUL 1 0 CLOUDY (SCALE 8-10) 1
DPTR FM NORMAL 0
[CDD (BASE 65) ]
TOTAL THIS MO. 569
DPTR FM NORMAL 69 [PRESSURE DATA]
TOTAL FM JAN 1 1940 HIGHEST SLP 30.16 ON 13
DPTR FM NORMAL 152 LOWEST SLP 29.46 ON 30
[REMARKS]
#FINAL-08-21#