000
CXUS51 KGYX 050213
CF6GYX
PRELIMINARY LOCAL CLIMATOLOGICAL DATA (WS FORM: F-6)
STATION: GRAY ME
MONTH: FEBRUARY
YEAR: 2024
LATITUDE: 43 53 N
LONGITUDE: 70 15 W
TEMPERATURE IN F: :PCPN: SNOW: WIND :SUNSHINE: SKY :PK WND
================================================================================
1 2 3 4 5 6A 6B 7 8 9 10 11 12 13 14 15 16 17 18
12Z AVG MX 2MIN
DY MAX MIN AVG DEP HDD CDD WTR SNW DPTH SPD SPD DIR MIN PSBL S-S WX SPD DR
================================================================================
1 33 19 26 4 39 0 T T 8 M M M M M M M M
2 37 27 32 10 33 0 T T 7 M M M M M M 29 M
3 31 21 26 4 39 0 0.00 0.0 7 M M M M M M M M
4 35 15 25 3 40 0 0.00 0.0 6 M 24 M M M M M M
5 34 18 26 4 39 0 0.00 0.0 6 M 32 M M M M M M
6 36 22 29 6 36 0 0.00 0.0 5 M 26 M M M M M M
7 39 23 31 8 34 0 0.00 0.0 5 M M M M M M M M
8 43 25 34 11 31 0 0.00 0.0 5 M M M M M M M M
9 41 25 33 10 32 0 0.00 0.0 5 M M M M M M 1 M M
10 53 28 41 17 24 0 0.00 0.0 4 M M M M M M 1 M M
11 49 33 41 17 24 0 0.00 0.0 4 M M M M M M M M
12 43 29 36 12 29 0 0.00 0.0 4 M M M M M M M M
13 33 27 30 6 35 0 0.00 0.0 4 M M M M M M M M
14 27 18 23 -1 42 0 T T 3 M M M M M M 45 M
15 34 18 26 1 39 0 T 0.1 3 M M M M M M M M
16 29 20 25 0 40 0 0.06 1.4 4 M M M M M M 1 M M
17 34 15 25 0 40 0 0.01 0.3 4 M M M M M M M M
18 31 9 20 -6 45 0 0.00 0.0 4 M M M M M M M M
19 29 15 22 -4 43 0 0.00 0.0 4 M M M M M M M M
20 32 12 22 -4 43 0 0.00 0.0 4 M M M M M M M M
21 36 14 25 -1 40 0 0.00 0.0 4 M M M M M M M M
22 37 25 31 4 34 0 0.00 0.0 3 M M M M M M M M
23 36 31 34 7 31 0 0.10 0.6 3 M M M M M M M M
24 33 11 22 -5 43 0 0.00 0.0 3 M M M M M M M M
25 31 8 20 -7 45 0 0.00 0.0 3 M M M M M M M M
26 50 23 37 9 28 0 T T 3 M M M M M M M M
27 45 28 37 9 28 0 T 0.0 3 M M M M M M M M
28 49 36 43 15 22 0 0.19 0.0 2 M M M M M M M M
29 42 14 28 0 37 0 0.01 T T M M M M M M M M
================================================================================
SM 1082 609 1035 0 0.37 2.4 M M M
================================================================================
AV 37.3 21.0 M FASTST M M M MAX(MPH)
MISC ----> 32 9999 45 9999
================================================================================
NOTES:
# LAST OF SEVERAL OCCURRENCES
COLUMN 17 PEAK WIND IN M.P.H.
PRELIMINARY LOCAL CLIMATOLOGICAL DATA (WS FORM: F-6) , PAGE 2
STATION: GRAY ME
MONTH: FEBRUARY
YEAR: 2024
LATITUDE: 43 53 N
LONGITUDE: 70 15 W
[TEMPERATURE DATA] [PRECIPITATION DATA] SYMBOLS USED IN COLUMN 16
AVERAGE MONTHLY: 29.2 TOTAL FOR MONTH: 0.37 1 = FOG OR MIST
DPTR FM NORMAL: 4.5 DPTR FM NORMAL: -2.97 2 = FOG REDUCING VISIBILITY
HIGHEST: 53 ON 10 GRTST 24HR 0.19 ON 28-28 TO 1/4 MILE OR LESS
LOWEST: 8 ON 25 3 = THUNDER
SNOW, ICE PELLETS, HAIL 4 = ICE PELLETS
TOTAL MONTH: 2.4 INCHES 5 = HAIL
GRTST 24HR 1.4 ON 16-16 6 = FREEZING RAIN OR DRIZZLE
GRTST DEPTH: 8 ON 1 7 = DUSTSTORM OR SANDSTORM:
VSBY 1/2 MILE OR LESS
8 = SMOKE OR HAZE
[NO. OF DAYS WITH] [WEATHER - DAYS WITH] 9 = BLOWING SNOW
X = TORNADO
MAX 32 OR BELOW: 7 0.01 INCH OR MORE: 5
MAX 90 OR ABOVE: 0 0.10 INCH OR MORE: 2
MIN 32 OR BELOW: 27 0.50 INCH OR MORE: 0
MIN 0 OR BELOW: 0 1.00 INCH OR MORE: 0
[HDD (BASE 65) ]
TOTAL THIS MO. 1035 CLEAR (SCALE 0-3) 0
DPTR FM NORMAL -92 PTCLDY (SCALE 4-7) 0
TOTAL FM JUL 1 4538 CLOUDY (SCALE 8-10) 29
DPTR FM NORMAL -611
[CDD (BASE 65) ]
TOTAL THIS MO. 0
DPTR FM NORMAL 0 [PRESSURE DATA]
TOTAL FM JAN 1 0 HIGHEST SLP M ON M
DPTR FM NORMAL 0 LOWEST SLP M ON M
[REMARKS]
#FINAL-02-24#