000
CXUS54 KJAN 011854
CF6HBG
PRELIMINARY LOCAL CLIMATOLOGICAL DATA (WS FORM: F-6)
STATION: HATTIESBURG
MONTH: JANUARY
YEAR: 2022
LATITUDE: 31 16 N
LONGITUDE: 89 15 W
TEMPERATURE IN F: :PCPN: SNOW: WIND :SUNSHINE: SKY :PK WND
================================================================================
1 2 3 4 5 6A 6B 7 8 9 10 11 12 13 14 15 16 17 18
12Z AVG MX 2MIN
DY MAX MIN AVG DEP HDD CDD WTR SNW DPTH SPD SPD DIR MIN PSBL S-S WX SPD DR
================================================================================
1 81 73 77 27 0 12 0.03 0.0 0 11.9 22 190 M M 8 33 180
2 76 33 55 6 10 0 1.41 0.0 0 11.4 28 310 M M 10 13 38 300
3 48 31 40 -9 25 0 0.00 0.0 0 8.5 20 340 M M 4 34 320
4 51 27 39 -10 26 0 0.00 0.0 0 2.5 10 170 M M 1 8 16 170
5 67 33 50 1 15 0 0.00 0.0 0 1.8 10 270 M M 5 17 200
6 74 40 57 8 8 0 0.01 0.0 0 9.2 23 320 M M 6 1 36 310
7 52 34 43 -6 22 0 0.00 0.0 0 4.6 13 60 M M 3 18 10
8 69 32 51 2 14 0 0.00 0.0 0 6.2 17 140 M M 5 24 150
9 79 57 68 19 0 3 0.47 0.0 0 7.4 16 240 M M 9 138 23 250
10 57 34 46 -3 19 0 T 0.0 0 9.2 17 30 M M 3 18 26 350
11 57 29 43 -6 22 0 0.00 0.0 0 3.6 13 20 M M 0 18 60
12 58 33 46 -3 19 0 0.00 0.0 0 0.8 8 340 M M 0 13 320
13 68 32 50 1 15 0 0.00 0.0 0 4.1 16 280 M M 0 22 300
14 67 36 52 3 13 0 0.00 0.0 0 0.9 9 60 M M 0 13 50
15 60 37 49 0 16 0 0.37 0.0 0 7.6 23 290 M M 6 1 34 290
16 42 33 38 -11 27 0 T 0.0 0 12.4 24 300 M M 8 35 290
17 56 32 44 -5 21 0 0.00 0.0 0 6.3 16 320 M M 0 24 320
18 62 27 45 -4 20 0 0.00 0.0 0 3.5 15 170 M M 0 21 160
19 73 42 58 9 7 0 0.00 0.0 0 6.5 17 160 M M 6 29 180
20 61 35 48 -1 17 0 0.91 0.0 0 9.8 16 360 M M 9 138 28 350
21 41 30 36 -13 29 0 0.00 0.0 0 9.2 17 10 M M 5 24 360
22 48 25 37 -12 28 0 0.00 0.0 0 5.7 12 310 M M 0 17 310
23 54 20 37 -12 28 0 0.00 0.0 0 2.1 12 330 M M 0 17 350
24 62 28 45 -4 20 0 T 0.0 0 3.5 13 220 M M 3 1 18 220
25 60 45 53 4 12 0 0.35 0.0 0 5.6 14 350 M M 7 18 20 340
26 55 33 44 -5 21 0 0.00 0.0 0 7.1 15 50 M M 0 22 60
27 63 27 45 -4 20 0 0.00 0.0 0 1.5 7 310 M M 0 11 110
28 54 33 44 -6 21 0 0.00 0.0 0 9.4 24 310 M M 2 37 330
29 51 27 39 -11 26 0 0.00 0.0 0 4.9 14 330 M M 0 22 330
30 67 30 49 -1 16 0 0.00 0.0 0 6.5 20 250 M M 0 27 250
31 69 35 52 2 13 0 0.00 0.0 0 2.8 15 160 M M 0 20 160
================================================================================
SM 1882 1063 550 15 3.55 0.0 186.5 M 100
================================================================================
AV 60.7 34.3 6.0 FASTST M M 3 MAX(MPH)
MISC ----> 28 310 38 300
================================================================================
NOTES:
# LAST OF SEVERAL OCCURRENCES
COLUMN 17 PEAK WIND IN M.P.H.
PRELIMINARY LOCAL CLIMATOLOGICAL DATA (WS FORM: F-6) , PAGE 2
STATION: HATTIESBURG
MONTH: JANUARY
YEAR: 2022
LATITUDE: 31 16 N
LONGITUDE: 89 15 W
[TEMPERATURE DATA] [PRECIPITATION DATA] SYMBOLS USED IN COLUMN 16
AVERAGE MONTHLY: 47.5 TOTAL FOR MONTH: 3.55 1 = FOG OR MIST
DPTR FM NORMAL: -1.6 DPTR FM NORMAL: -2.27 2 = FOG REDUCING VISIBILITY
HIGHEST: 81 ON 1 GRTST 24HR 1.41 ON 2- 2 TO 1/4 MILE OR LESS
LOWEST: 20 ON 23 3 = THUNDER
SNOW, ICE PELLETS, HAIL 4 = ICE PELLETS
TOTAL MONTH: 0.0 INCH 5 = HAIL
GRTST 24HR 0.0 6 = FREEZING RAIN OR DRIZZLE
GRTST DEPTH: 0 7 = DUSTSTORM OR SANDSTORM:
VSBY 1/2 MILE OR LESS
8 = SMOKE OR HAZE
[NO. OF DAYS WITH] [WEATHER - DAYS WITH] 9 = BLOWING SNOW
X = TORNADO
MAX 32 OR BELOW: 0 0.01 INCH OR MORE: 7
MAX 90 OR ABOVE: 0 0.10 INCH OR MORE: 5
MIN 32 OR BELOW: 14 0.50 INCH OR MORE: 2
MIN 0 OR BELOW: 0 1.00 INCH OR MORE: 1
[HDD (BASE 65) ]
TOTAL THIS MO. 550 CLEAR (SCALE 0-3) 16
DPTR FM NORMAL 48 PTCLDY (SCALE 4-7) 11
TOTAL FM JUL 1 1045 CLOUDY (SCALE 8-10) 4
DPTR FM NORMAL -234
[CDD (BASE 65) ]
TOTAL THIS MO. 15
DPTR FM NORMAL 7 [PRESSURE DATA]
TOTAL FM JAN 1 15 HIGHEST SLP 30.59 ON 11
DPTR FM NORMAL 7 LOWEST SLP 29.70 ON 15
[REMARKS]
#FINAL-01-22#