715
CXUS53 KGID 011534
CF6HDE
PRELIMINARY LOCAL CLIMATOLOGICAL DATA (WS FORM: F-6)
STATION: HOLDREGE
MONTH: OCTOBER
YEAR: 2020
LATITUDE: 40 27 N
LONGITUDE: 99 20 W
TEMPERATURE IN F: :PCPN: SNOW: WIND :SUNSHINE: SKY :PK WND
================================================================================
1 2 3 4 5 6A 6B 7 8 9 10 11 12 13 14 15 16 17 18
12Z AVG MX 2MIN
DY MAX MIN AVG DEP HDD CDD WTR SNW DPTH SPD SPD DIR MIN PSBL S-S WX SPD DR
================================================================================
1 62 40 51 -7 14 0 0.00 M M 7.9 16 340 M M 1 25 340
2 72 32 52 -6 13 0 0.00 M M 7.1 17 30 M M 1 38 330
3 64 40 52 -5 13 0 0.00 M M 7.1 14 360 M M 2 20 360
4 74 35 55 -2 10 0 0.00 M M 10.8 22 180 M M 1 27 180
5 85 53 69 13 0 4 0.00 M M 9.8 16 210 M M 1 8 23 190
6 86 45 66 10 0 1 0.00 M M 6.5 13 240 M M 0 22 230
7 85 47 66 11 0 1 0.00 M M 7.6 15 50 M M 0 8 18 50
8 86 51 69 14 0 4 0.00 M M 12.5 22 170 M M 0 33 170
9 87 56 72 17 0 7 0.00 M M 7.5 15 210 M M 0 8 18 210
10 82 48 65 11 0 0 0.00 M M 9.5 16 100 M M 0 20 90
11 89 51 70 16 0 5 T M M 15.4 30 320 M M 4 8 52 320
12 75 37 56 2 9 0 0.00 M M 10.1 16 250 M M 0 22 240
13 71 47 59 6 6 0 0.00 M M 8.0 15 30 M M 0 22 10
14 70 49 60 7 5 0 0.00 M M 11.9 22 360 M M 2 31 10
15 56 35 46 -6 19 0 0.00 M M 7.7 15 340 M M 2 22 350
16 64 37 51 -1 14 0 0.00 M M 10.2 22 200 M M 3 30 200
17 73 38 56 4 9 0 T M M 11.7 23 20 M M 2 28 20
18 43 32 38 -13 27 0 T M M 12.7 20 20 M M 9 25 20
19 51 32 42 -9 23 0 0.00 M M 8.2 15 130 M M 8 17 170
20 60 39 50 0 15 0 0.00 M M 8.4 18 180 M M 5 8 24 180
21 50 38 44 -6 21 0 0.00 M M 9.4 16 120 M M 7 1 18 140
22 44 33 39 -11 26 0 T M M 15.0 24 360 M M 10 1 32 340
23 35 29 32 -17 33 0 0.00 M M 12.9 21 360 M M 10 29 350
24 35 29 32 -17 33 0 0.00 M M 10.2 16 90 M M 10 18 140
25 31 20 26 -22 39 0 M M M 16.4 22 20 M M 10 29 10
26 24 16 20 -28 45 0 M M M 7.6 16 360 M M 8 22 10
27 33 12 23 -24 42 0 0.00 M M 7.5 13 250 M M 0 16 250
28 59 22 41 -6 24 0 0.00 M M 7.6 20 10 M M 0 28 10
29 53 30 42 -4 23 0 0.00 M M 7.3 17 350 M M 1 23 350
30 71 35 53 7 12 0 0.00 M M 7.4 15 190 M M 0 18 170
31 67 34 51 5 14 0 0.00 M M 11.6 22 350 M M 0 31 350
================================================================================
SM 1937 1142 489 22 M M 303.5 M 97
================================================================================
AV 62.5 36.8 9.8 FASTST M M 3 MAX(MPH)
MISC ----> 30 320 52 320
================================================================================
NOTES:
# LAST OF SEVERAL OCCURRENCES
COLUMN 17 PEAK WIND IN M.P.H.
PRELIMINARY LOCAL CLIMATOLOGICAL DATA (WS FORM: F-6) , PAGE 2
STATION: HOLDREGE
MONTH: OCTOBER
YEAR: 2020
LATITUDE: 40 27 N
LONGITUDE: 99 20 W
[TEMPERATURE DATA] [PRECIPITATION DATA] SYMBOLS USED IN COLUMN 16
AVERAGE MONTHLY: 49.7 TOTAL FOR MONTH: M 1 = FOG OR MIST
DPTR FM NORMAL: -2.2 DPTR FM NORMAL: M 2 = FOG REDUCING VISIBILITY
HIGHEST: 89 ON 11 GRTST 24HR M ON M TO 1/4 MILE OR LESS
LOWEST: 12 ON 27 3 = THUNDER
SNOW, ICE PELLETS, HAIL 4 = ICE PELLETS
TOTAL MONTH: M 5 = HAIL
GRTST 24HR M ON M 6 = FREEZING RAIN OR DRIZZLE
GRTST DEPTH: M ON M 7 = DUSTSTORM OR SANDSTORM:
VSBY 1/2 MILE OR LESS
8 = SMOKE OR HAZE
[NO. OF DAYS WITH] [WEATHER - DAYS WITH] 9 = BLOWING SNOW
X = TORNADO
MAX 32 OR BELOW: 2 0.01 INCH OR MORE: M
MAX 90 OR ABOVE: 0 0.10 INCH OR MORE: M
MIN 32 OR BELOW: 10 0.50 INCH OR MORE: M
MIN 0 OR BELOW: 0 1.00 INCH OR MORE: M
[HDD (BASE 65) ]
TOTAL THIS MO. 489 CLEAR (SCALE 0-3) 21
DPTR FM NORMAL 73 PTCLDY (SCALE 4-7) 5
TOTAL FM JUL 1 594 CLOUDY (SCALE 8-10) 5
DPTR FM NORMAL 56
[CDD (BASE 65) ]
TOTAL THIS MO. 22
DPTR FM NORMAL 14 [PRESSURE DATA]
TOTAL FM JAN 1 1151 HIGHEST SLP M ON M
DPTR FM NORMAL 237 LOWEST SLP M ON M
[REMARKS]
#FINAL-10-20#