000
CXUS54 KEWX 011010
CF6HDO
PRELIMINARY LOCAL CLIMATOLOGICAL DATA (WS FORM: F-6)
STATION: HONDO
MONTH: MAY
YEAR: 2022
LATITUDE: 29 21 N
LONGITUDE: 99 10 W
TEMPERATURE IN F: :PCPN: SNOW: WIND :SUNSHINE: SKY :PK WND
================================================================================
1 2 3 4 5 6A 6B 7 8 9 10 11 12 13 14 15 16 17 18
12Z AVG MX 2MIN
DY MAX MIN AVG DEP HDD CDD WTR SNW DPTH SPD SPD DIR MIN PSBL S-S WX SPD DR
================================================================================
1 94 72 83 10 0 18 0.01 M M 13.6 24 140 M M 7 13 34 140
2 87 71 79 6 0 14 0.05 M M 13.3 29 160 M M 8 3 39 170
3 87 74 81 7 0 16 0.00 M M 10.8 20 140 M M 9 27 130
4 89 67 78 4 0 13 1.02 M M 15.9 32 130 M M 10 13 45 140
5 86 67 77 3 0 12 0.03 M M 7.2 18 150 M M 6 1 20 140
6 97 65 81 7 0 16 0.00 M M 7.3 17 80 M M 3 1 22 80
7 103 73 88 13 0 23 0.00 M M 9.8 24 150 M M 2 1 34 140
8 101 74 88 13 0 23 0.00 M M 13.2 24 140 M M 5 1 33 140
9 99 76 88 13 0 23 0.00 M M 14.5 25 150 M M 6 18 35 130
10 98 77 88 13 0 23 0.00 M M 16.1 25 140 M M 6 33 150
11 96 74 85 9 0 20 0.00 M M 14.7 23 150 M M 2 33 150
12 97 69 83 7 0 18 0.00 M M 12.9 23 150 M M 2 30 150
13 91 68 80 4 0 15 0.00 M M 10.2 23 180 M M 4 29 180
14 98 72 85 9 0 20 0.00 M M 8.8 23 160 M M 2 30 160
15 99 65 82 5 0 17 0.00 M M 7.3 15 150 M M 0 8 20 160
16 98 66 82 5 0 17 0.00 M M 11.0 22 70 M M 1 31 70
17 102 71 87 10 0 22 0.00 M M 13.1 25 140 M M 2 35 130
18 103 72 88 10 0 23 0.00 M M 13.2 25 140 M M 1 34 140
19 100 71 86 8 0 21 0.00 M M 13.4 26 140 M M 3 36 130
20 98 77 88 10 0 23 0.00 M M 12.6 24 110 M M 7 3 31 120
21 101 71 86 8 0 21 0.25 M M 10.3 40 40 M M 5 13 55 40
22 87 66 77 -2 0 12 T M M 11.9 26 40 M M 4 34 30
23 82 69 76 -3 0 11 0.04 M M 10.0 31 120 M M 6 3 42 130
24 90 63 77 -2 0 12 0.33 M M 10.8 43 350 M M 3 13 57 10
25 88 61 75 -4 0 10 0.02 M M 7.7 17 360 M M 2 3 23 30
26 94 57 76 -4 0 11 0.00 M M 5.8 14 160 M M 0 20 170
27 97 68 83 3 0 18 0.00 M M 5.7 14 170 M M 2 1 18 140
28 99 74 87 7 0 22 0.00 M M 11.9 21 160 M M 2 1 28 140
29 100 73 87 7 0 22 0.00 M M 16.7 26 140 M M 4 36 140
30 97 76 87 7 0 22 0.00 M M 17.2 25 150 M M 6 36 140
31 99 76 88 7 0 23 0.00 M M 14.3 24 140 M M 4 33 140
================================================================================
SM 2957 2175 0 561 1.75 M 361.2 M 124
================================================================================
AV 95.4 70.2 11.7 FASTST M M 4 MAX(MPH)
MISC ----> 43 350 57 10
================================================================================
NOTES:
# LAST OF SEVERAL OCCURRENCES
COLUMN 17 PEAK WIND IN M.P.H.
PRELIMINARY LOCAL CLIMATOLOGICAL DATA (WS FORM: F-6) , PAGE 2
STATION: HONDO
MONTH: MAY
YEAR: 2022
LATITUDE: 29 21 N
LONGITUDE: 99 10 W
[TEMPERATURE DATA] [PRECIPITATION DATA] SYMBOLS USED IN COLUMN 16
AVERAGE MONTHLY: 82.8 TOTAL FOR MONTH: 1.75 1 = FOG OR MIST
DPTR FM NORMAL: 5.9 DPTR FM NORMAL: -1.68 2 = FOG REDUCING VISIBILITY
HIGHEST: 103 ON 18, 7 GRTST 24HR 1.05 ON 4- 5 TO 1/4 MILE OR LESS
LOWEST: 57 ON 26 3 = THUNDER
SNOW, ICE PELLETS, HAIL 4 = ICE PELLETS
TOTAL MONTH: M 5 = HAIL
GRTST 24HR M ON M 6 = FREEZING RAIN OR DRIZZLE
GRTST DEPTH: M ON M 7 = DUSTSTORM OR SANDSTORM:
VSBY 1/2 MILE OR LESS
8 = SMOKE OR HAZE
[NO. OF DAYS WITH] [WEATHER - DAYS WITH] 9 = BLOWING SNOW
X = TORNADO
MAX 32 OR BELOW: 0 0.01 INCH OR MORE: 8
MAX 90 OR ABOVE: 24 0.10 INCH OR MORE: 3
MIN 32 OR BELOW: 0 0.50 INCH OR MORE: 1
MIN 0 OR BELOW: 0 1.00 INCH OR MORE: 1
[HDD (BASE 65) ]
TOTAL THIS MO. 0 CLEAR (SCALE 0-3) 15
DPTR FM NORMAL -3 PTCLDY (SCALE 4-7) 14
TOTAL FM JUL 1 1303 CLOUDY (SCALE 8-10) 2
DPTR FM NORMAL -149
[CDD (BASE 65) ]
TOTAL THIS MO. 561
DPTR FM NORMAL 188 [PRESSURE DATA]
TOTAL FM JAN 1 971 HIGHEST SLP 30.16 ON 22
DPTR FM NORMAL 312 LOWEST SLP 29.49 ON 20
[REMARKS]
#FINAL-05-22#