000
CXUS54 KJAN 020307
CF6HEZ
PRELIMINARY LOCAL CLIMATOLOGICAL DATA (WS FORM: F-6)
STATION: NATCHEZ
MONTH: APRIL
YEAR: 2021
LATITUDE: 31 37 N
LONGITUDE: 91 15 W
TEMPERATURE IN F: :PCPN: SNOW: WIND :SUNSHINE: SKY :PK WND
================================================================================
1 2 3 4 5 6A 6B 7 8 9 10 11 12 13 14 15 16 17 18
12Z AVG MX 2MIN
DY MAX MIN AVG DEP HDD CDD WTR SNW DPTH SPD SPD DIR MIN PSBL S-S WX SPD DR
================================================================================
1 60 36 48 M 17 0 M M M 9.3 21 30 M M 0 32 20
2 62 36 49 M 16 0 M M M 5.5 13 80 M M 0 17 80
3 69 36 53 M 12 0 M M M 3.1 12 250 M M 1 M M
4 75 46 61 M 4 0 0.00 0.0 0 3.8 10 240 M M 3 M M
5 80 52 66 M 0 1 M M M 5.6 12 180 M M 2 M M
6 78 56 67 M 0 2 M M M 7.2 10 160 M M 2 M M
7 79 63 71 M 0 6 0.74 0.0 0 11.5 25 160 M M 8 13 33 160
8 81 60 71 M 0 6 0.01 M M 5.1 10 250 M M 3 1 16 250
9 86 61 74 M 0 9 1.45 0.0 0 9.4 27 350 M M 7 13 45 350
10 78 58 68 M 0 3 1.16 0.0 0 6.9 28 30 M M 3 13 35 20
11 75 48 62 M 3 0 M M M 3.0 9 360 M M 0 M M
12 86 46 66 M 0 1 M M M 4.6 12 160 M M 0 M M
13 73 55 64 M 1 0 0.41 M M 6.5 22 140 M M 3 13 33 140
14 66 54 60 M 5 0 1.45 0.0 0 5.3 12 150 M M 8 138 M M
15 71 58 65 M 0 0 0.17 0.0 0 7.0 14 30 M M 7 13 22 10
16 62 55 59 M 6 0 0.56 M M 5.4 13 140 M M 8 1 M M
17 60 52 56 M 9 0 0.01 M M 5.9 14 360 M M 8 1 17 360
18 67 47 57 M 8 0 M M M 4.4 10 340 M M 3 1 20 350
19 69 42 56 M 9 0 0.00 0.0 0 2.8 12 330 M M 0 M M
20 76 50 63 M 2 0 0.00 0.0 0 3.5 17 350 M M 1 30 360
21 61 42 52 M 13 0 0.00 0.0 0 11.3 20 360 M M 1 29 360
22 72 38 55 M 10 0 0.00 0.0 0 4.7 12 70 M M 0 M M
23 74 53 64 M 1 0 0.10 0.0 0 8.3 17 120 M M 9 13 35 320
24 79 61 70 M 0 5 1.17 0.0 0 9.6 18 310 M M 6 13 27 120
25 77 52 65 M 0 0 0.31 0.0 0 4.3 10 50 M M 0 M M
26 82 54 68 M 0 3 0.00 0.0 0 7.2 13 180 M M 0 M M
27 84 64 74 M 0 9 0.00 0.0 0 9.2 16 160 M M 7 22 160
28 87 73 80 M 0 15 T 0.0 0 11.6 21 170 M M 6 25 170
29 85 69 77 M 0 12 0.55 0.0 0 6.4 14 160 M M 6 13 20 160
30 72 62 67 M 0 2 0.32 0.0 0 5.1 13 360 M M 6 13 M M
================================================================================
SM 2226 1579 116 74 8.41 0.0 193.5 M 108
================================================================================
AV 74.2 52.6 6.5 FASTST M M 4 MAX(MPH)
MISC ----> 28 30 45 350
================================================================================
NOTES:
# LAST OF SEVERAL OCCURRENCES
COLUMN 17 PEAK WIND IN M.P.H.
PRELIMINARY LOCAL CLIMATOLOGICAL DATA (WS FORM: F-6) , PAGE 2
STATION: NATCHEZ
MONTH: APRIL
YEAR: 2021
LATITUDE: 31 37 N
LONGITUDE: 91 15 W
[TEMPERATURE DATA] [PRECIPITATION DATA] SYMBOLS USED IN COLUMN 16
AVERAGE MONTHLY: 63.4 TOTAL FOR MONTH: 8.41 1 = FOG OR MIST
DPTR FM NORMAL: 0.0 DPTR FM NORMAL: M 2 = FOG REDUCING VISIBILITY
HIGHEST: 87 ON 28 GRTST 24HR 1.45 ON 9- 9 TO 1/4 MILE OR LESS
LOWEST: 36 ON 3, 2 3 = THUNDER
SNOW, ICE PELLETS, HAIL 4 = ICE PELLETS
TOTAL MONTH: 0.0 INCH 5 = HAIL
GRTST 24HR 0.0 6 = FREEZING RAIN OR DRIZZLE
GRTST DEPTH: 0 7 = DUSTSTORM OR SANDSTORM:
VSBY 1/2 MILE OR LESS
8 = SMOKE OR HAZE
[NO. OF DAYS WITH] [WEATHER - DAYS WITH] 9 = BLOWING SNOW
X = TORNADO
MAX 32 OR BELOW: 0 0.01 INCH OR MORE: 14
MAX 90 OR ABOVE: 0 0.10 INCH OR MORE: 11
MIN 32 OR BELOW: 0 0.50 INCH OR MORE: 7
MIN 0 OR BELOW: 0 1.00 INCH OR MORE: 4
[HDD (BASE 65) ]
TOTAL THIS MO. 116 CLEAR (SCALE 0-3) 17
DPTR FM NORMAL M PTCLDY (SCALE 4-7) 12
TOTAL FM JUL 1 2055 CLOUDY (SCALE 8-10) 1
DPTR FM NORMAL M
[CDD (BASE 65) ]
TOTAL THIS MO. 74
DPTR FM NORMAL M [PRESSURE DATA]
TOTAL FM JAN 1 184 HIGHEST SLP M ON M
DPTR FM NORMAL M LOWEST SLP M ON M
[REMARKS]
#FINAL-04-21#