000
CXUS56 KLOX 011155
CF6HHR
PRELIMINARY LOCAL CLIMATOLOGICAL DATA (WS FORM: F-6)
STATION: HAWTHORNE AIRPORT CA
MONTH: MAY
YEAR: 2021
LATITUDE: 33 55 N
LONGITUDE: 118 20 W
TEMPERATURE IN F: :PCPN: SNOW: WIND :SUNSHINE: SKY :PK WND
================================================================================
1 2 3 4 5 6A 6B 7 8 9 10 11 12 13 14 15 16 17 18
12Z AVG MX 2MIN
DY MAX MIN AVG DEP HDD CDD WTR SNW DPTH SPD SPD DIR MIN PSBL S-S WX SPD DR
================================================================================
1 72 57 65 1 0 0 0.00 M M 4.4 13 240 M M 2 8 17 250
2 67 59 63 -1 2 0 0.00 M M 6.4 16 260 M M 6 21 250
3 68 58 63 -1 2 0 0.00 M M 6.0 14 240 M M 2 23 240
4 73 59 66 2 0 1 0.00 M M 5.7 12 260 M M 3 M M
5 71 58 65 1 0 0 0.00 M M 5.1 14 250 M M 5 18 18 270
6 67 58 63 -1 2 0 0.00 M M 5.2 16 250 M M 7 8 22 260
7 66 58 62 -2 3 0 0.00 M M 5.8 16 260 M M 8 20 260
8 68 59 64 0 1 0 0.00 M M 5.2 14 250 M M 4 18 250
9 69 60 65 1 0 0 0.00 M M 6.1 15 260 M M 8 19 270
10 65 60 63 -1 2 0 0.00 M M 5.5 12 260 M M 8 8 15 250
11 68 61 65 1 0 0 0.00 M M 6.0 16 260 M M 7 8 20 240
12 67 59 63 -1 2 0 0.00 M M 6.9 15 250 M M 9 21 270
13 63 59 61 -3 4 0 0.00 M M 7.0 13 260 M M 10 1 M M
14 67 59 63 -1 2 0 0.00 M M 6.7 14 270 M M 5 18 250
15 68 59 64 0 1 0 0.00 M M 6.8 13 250 M M 8 20 240
16 63 56 60 -5 5 0 0.00 M M 6.2 10 240 M M 10 1 M M
17 66 59 63 -2 2 0 0.00 M M 6.6 13 260 M M 8 20 260
18 68 58 63 -2 2 0 0.00 M M 5.8 15 250 M M 5 20 250
19 69 59 64 -1 1 0 0.00 M M 6.0 14 250 M M 4 18 270
20 67 58 63 -2 2 0 0.00 M M 5.2 15 260 M M 5 20 270
21 72 55 64 -1 1 0 0.00 M M 8.2 21 260 M M 1 8 31 250
22 65 53 59 -6 6 0 0.00 M M 5.4 16 260 M M 1 23 260
23 67 53 60 -5 5 0 0.00 M M 5.4 16 270 M M 0 21 270
24 75 56 66 1 0 1 0.00 M M 5.0 17 270 M M 0 21 270
25 79 61 70 5 0 5 0.00 M M 5.0 13 250 M M 0 17 260
26 73 62 68 3 0 3 0.00 M M 7.1 10 250 M M 2 M M
27 69 58 64 -1 1 0 0.00 M M 7.7 16 260 M M 4 22 270
28 69 58 64 -1 1 0 0.00 M M 5.8 17 260 M M 3 23 260
29 66 58 62 -3 3 0 0.00 M M 5.5 15 260 M M 7 20 250
30 68 59 64 -1 1 0 0.00 M M 4.2 14 260 M M 8 8 20 250
31 70 60 65 -1 0 0 0.00 M M 6.0 14 260 M M 7 19 250
================================================================================
SM 2125 1806 51 10 0.00 M 183.9 M 157
================================================================================
AV 68.5 58.3 5.9 FASTST M M 5 MAX(MPH)
MISC ----> 21 260 31 250
================================================================================
NOTES:
# LAST OF SEVERAL OCCURRENCES
COLUMN 17 PEAK WIND IN M.P.H.
PRELIMINARY LOCAL CLIMATOLOGICAL DATA (WS FORM: F-6) , PAGE 2
STATION: HAWTHORNE AIRPORT CA
MONTH: MAY
YEAR: 2021
LATITUDE: 33 55 N
LONGITUDE: 118 20 W
[TEMPERATURE DATA] [PRECIPITATION DATA] SYMBOLS USED IN COLUMN 16
AVERAGE MONTHLY: 63.4 TOTAL FOR MONTH: 0.00 1 = FOG OR MIST
DPTR FM NORMAL: -1.2 DPTR FM NORMAL: -0.29 2 = FOG REDUCING VISIBILITY
HIGHEST: 79 ON 25 GRTST 24HR T ON 7- 7 TO 1/4 MILE OR LESS
LOWEST: 53 ON 23,22 3 = THUNDER
SNOW, ICE PELLETS, HAIL 4 = ICE PELLETS
TOTAL MONTH: M 5 = HAIL
GRTST 24HR M ON M 6 = FREEZING RAIN OR DRIZZLE
GRTST DEPTH: M ON M 7 = DUSTSTORM OR SANDSTORM:
VSBY 1/2 MILE OR LESS
8 = SMOKE OR HAZE
[NO. OF DAYS WITH] [WEATHER - DAYS WITH] 9 = BLOWING SNOW
X = TORNADO
MAX 32 OR BELOW: 0 0.01 INCH OR MORE: 0
MAX 90 OR ABOVE: 0 0.10 INCH OR MORE: 0
MIN 32 OR BELOW: 0 0.50 INCH OR MORE: 0
MIN 0 OR BELOW: 0 1.00 INCH OR MORE: 0
[HDD (BASE 65) ]
TOTAL THIS MO. 51 CLEAR (SCALE 0-3) 8
DPTR FM NORMAL 3 PTCLDY (SCALE 4-7) 18
TOTAL FM JUL 1 1101 CLOUDY (SCALE 8-10) 5
DPTR FM NORMAL 15
[CDD (BASE 65) ]
TOTAL THIS MO. 10
DPTR FM NORMAL -24 [PRESSURE DATA]
TOTAL FM JAN 1 51 HIGHEST SLP 30.13 ON 23
DPTR FM NORMAL -40 LOWEST SLP 29.81 ON 2
[REMARKS]
#FINAL-05-21#