000
CXUS56 KPQR 011301
CF6HIO
PRELIMINARY LOCAL CLIMATOLOGICAL DATA (WS FORM: F-6)
STATION: HILLSBORO OR
MONTH: JANUARY
YEAR: 2023
LATITUDE: 45 32 N
LONGITUDE: 122 57 W
TEMPERATURE IN F: :PCPN: SNOW: WIND :SUNSHINE: SKY :PK WND
================================================================================
1 2 3 4 5 6A 6B 7 8 9 10 11 12 13 14 15 16 17 18
12Z AVG MX 2MIN
DY MAX MIN AVG DEP HDD CDD WTR SNW DPTH SPD SPD DIR MIN PSBL S-S WX SPD DR
================================================================================
1 45 29 37 -3 28 0 0.00 M M 2.1 8 290 M M 8 12 10 300
2 42 28 35 -5 30 0 0.02 M M 5.7 17 90 M M 5 12 23 70
3 45 37 41 1 24 0 0.05 M M 3.8 12 90 M M 9 1 15 90
4 47 35 41 1 24 0 0.14 M M 12.6 24 80 M M 6 1 34 100
5 59 46 53 13 12 0 0.02 M M 12.1 23 180 M M 8 32 190
6 50 38 44 4 21 0 0.17 M M 3.0 10 260 M M 8 1 14 170
7 51 38 45 5 20 0 0.18 M M 2.6 13 150 M M 9 1 14 150
8 50 38 44 4 21 0 0.50 M M 6.5 25 240 M M 9 1 36 250
9 53 38 46 6 19 0 0.23 M M 8.7 29 170 M M 7 18 38 170
10 52 32 42 2 23 0 0.06 M M 6.5 17 80 M M 6 12 23 80
11 51 43 47 7 18 0 0.36 M M 6.2 18 170 M M 9 1 24 180
12 53 44 49 9 16 0 0.29 M M 3.4 13 70 M M 10 1 16 70
13 53 47 50 10 15 0 0.23 M M 5.8 14 170 M M 10 1 19 170
14 52 43 48 8 17 0 0.30 M M 6.3 21 150 M M 8 1 31 180
15 49 44 47 7 18 0 0.39 M M 14.5 25 190 M M 9 1 34 190
16 50 35 43 3 22 0 0.05 M M 3.0 10 170 M M 8 1 13 180
17 48 42 45 4 20 0 0.01 M M 8.5 16 170 M M 10 22 160
18 47 36 42 1 23 0 0.26 M M 7.2 20 170 M M 9 1 24 170
19 40 34 37 -4 28 0 0.00 M M 2.2 7 310 M M 10 1 8 270
20 39 34 37 -4 28 0 0.00 M M 1.9 6 320 M M 10 1 8 30
21 45 34 40 -1 25 0 0.06 M M 6.9 16 230 M M 9 1 23 240
22 44 28 36 -5 29 0 0.00 M M 1.6 58 310 M M 6 8 58 310
23 50 33 42 1 23 0 T M M 2.2 9 60 M M 9 128 12 90
24 50 31 41 0 24 0 0.00 M M 1.2 9 70 M M 6 12 12 30
25 48 32 40 -1 25 0 0.00 M M 2.3 7 110 M M 9 1 9 100
26 45 40 43 2 22 0 0.00 M M 2.1 7 230 M M 10 8 270
27 52 35 44 3 21 0 0.05 M M 2.0 8 340 M M 9 18 10 150
28 46 36 41 0 24 0 0.11 M M 5.8 23 70 M M 9 12 33 70
29 39 26 33 -8 32 0 0.00 M M 13.2 28 70 M M 0 37 70
30 42 18 30 -11 35 0 0.00 M M 3.1 8 30 M M 0 12 40
31 40 22 31 -10 34 0 0.00 M M 0.5 7 310 M M 0 9 310
================================================================================
SM 1477 1096 721 0 3.48 M 163.5 M 235
================================================================================
AV 47.6 35.4 5.3 FASTST M M 8 MAX(MPH)
MISC ----> 58 310 58 310
================================================================================
NOTES:
# LAST OF SEVERAL OCCURRENCES
COLUMN 17 PEAK WIND IN M.P.H.
PRELIMINARY LOCAL CLIMATOLOGICAL DATA (WS FORM: F-6) , PAGE 2
STATION: HILLSBORO OR
MONTH: JANUARY
YEAR: 2023
LATITUDE: 45 32 N
LONGITUDE: 122 57 W
[TEMPERATURE DATA] [PRECIPITATION DATA] SYMBOLS USED IN COLUMN 16
AVERAGE MONTHLY: 41.5 TOTAL FOR MONTH: 3.48 1 = FOG OR MIST
DPTR FM NORMAL: 1.1 DPTR FM NORMAL: -1.79 2 = FOG REDUCING VISIBILITY
HIGHEST: 59 ON 5 GRTST 24HR 0.66 ON 14-15 TO 1/4 MILE OR LESS
LOWEST: 18 ON 30 3 = THUNDER
SNOW, ICE PELLETS, HAIL 4 = ICE PELLETS
TOTAL MONTH: M 5 = HAIL
GRTST 24HR M ON M 6 = FREEZING RAIN OR DRIZZLE
GRTST DEPTH: M ON M 7 = DUSTSTORM OR SANDSTORM:
VSBY 1/2 MILE OR LESS
8 = SMOKE OR HAZE
[NO. OF DAYS WITH] [WEATHER - DAYS WITH] 9 = BLOWING SNOW
X = TORNADO
MAX 32 OR BELOW: 0 0.01 INCH OR MORE: 20
MAX 90 OR ABOVE: 0 0.10 INCH OR MORE: 12
MIN 32 OR BELOW: 9 0.50 INCH OR MORE: 1
MIN 0 OR BELOW: 0 1.00 INCH OR MORE: 0
[HDD (BASE 65) ]
TOTAL THIS MO. 721 CLEAR (SCALE 0-3) 3
DPTR FM NORMAL -40 PTCLDY (SCALE 4-7) 10
TOTAL FM JUL 1 2577 CLOUDY (SCALE 8-10) 18
DPTR FM NORMAL -170
[CDD (BASE 65) ]
TOTAL THIS MO. 0
DPTR FM NORMAL 0 [PRESSURE DATA]
TOTAL FM JAN 1 0 HIGHEST SLP 30.72 ON 25
DPTR FM NORMAL 0 LOWEST SLP 29.22 ON 14
[REMARKS]
#FINAL-01-23#