000
CXUS53 KGID 011431
CF6HJH
PRELIMINARY LOCAL CLIMATOLOGICAL DATA (WS FORM: F-6)
STATION: HEBRON
MONTH: FEBRUARY
YEAR: 2021
LATITUDE: 40 9 N
LONGITUDE: 97 35 W
TEMPERATURE IN F: :PCPN: SNOW: WIND :SUNSHINE: SKY :PK WND
================================================================================
1 2 3 4 5 6A 6B 7 8 9 10 11 12 13 14 15 16 17 18
12Z AVG MX 2MIN
DY MAX MIN AVG DEP HDD CDD WTR SNW DPTH SPD SPD DIR MIN PSBL S-S WX SPD DR
================================================================================
1 30 9 20 -6 45 0 0.00 M M 2.0 8 130 M M 9 128 M M
2 40 20 30 4 35 0 0.00 M M 5.0 10 140 M M 2 18 M M
3 50 26 38 12 27 0 0.00 M M 5.5 12 150 M M 0 1 M M
4 38 24 31 4 34 0 M M M 14.1 25 330 M M 4 1 37 330
5 33 18 26 -1 39 0 0.00 M M 3.4 12 280 M M 1 17 280
6 23 -5 9 -18 56 0 M M M 7.0 20 20 M M 7 30 20
7 6 -2 2 -25 63 0 M M M 8.2 15 90 M M 10 21 90
8 5 -5 0 -28 65 0 M M M 6.5 12 30 M M 8 M M
9 8 -13 -2 -30 67 0 0.00 M M 2.6 7 30 M M 4 M M
10 13 2 8 -20 57 0 0.00 M M 7.5 13 20 M M 4 16 30
11 11 -5 3 -25 62 0 0.00 M M 7.0 13 30 M M 3 16 30
12 1 -4 -1 -29 66 0 M M M 8.9 13 40 M M 6 8 M M
13 4 -3 1 -28 64 0 M M M 7.5 10 20 M M 7 20 20
14 1 -11 -5 -34 70 0 M M M 10.9 16 30 M M 8 21 20
15 -3 -25 -14 -43 79 0 0.00 M M 7.5 13 10 M M 3 17 360
16 7 -33 -13 -43 78 0 0.00 M M 6.3 9 150 M M 4 M M
17 16 7 12 -18 53 0 M M M 3.6 9 150 M M 10 M M
18 24 5 15 -15 50 0 T M M 2.4 7 310 M M 3 M M
19 36 -1 18 -13 47 0 0.00 M M 1.4 6 160 M M 1 1 M M
20 38 M M M M M 0.00 M M 3.5 13 140 M M 3 128 16 130
21 40 30 35 4 30 0 M M M 8.5 16 320 M M 5 1 24 320
22 46 28 37 5 28 0 0.00 M M 8.2 13 250 M M 0 18 250
23 61 27 44 12 21 0 0.00 M M 4.8 12 340 M M 0 M M
24 42 24 33 1 32 0 0.00 M M 8.1 15 360 M M 1 23 320
25 45 23 34 1 31 0 0.00 M M 1.2 7 190 M M 1 M M
26 48 29 39 6 26 0 0.00 M M 5.9 12 240 M M 4 17 190
27 65 25 45 11 20 0 0.00 M M 8.2 24 170 M M 4 12 32 170
28 40 25 33 -1 32 0 0.00 M M 8.9 17 330 M M 3 23 330
================================================================================
SM 768 215 1277 0 M M 174.6 M 115
================================================================================
AV 27.4 M 6.2 FASTST M M 4 MAX(MPH)
MISC ----> 25 330 M M
================================================================================
NOTES:
# LAST OF SEVERAL OCCURRENCES
COLUMN 17 PEAK WIND IN M.P.H.
PRELIMINARY LOCAL CLIMATOLOGICAL DATA (WS FORM: F-6) , PAGE 2
STATION: HEBRON
MONTH: FEBRUARY
YEAR: 2021
LATITUDE: 40 9 N
LONGITUDE: 97 35 W
[TEMPERATURE DATA] [PRECIPITATION DATA] SYMBOLS USED IN COLUMN 16
AVERAGE MONTHLY: M TOTAL FOR MONTH: M 1 = FOG OR MIST
DPTR FM NORMAL: M DPTR FM NORMAL: M 2 = FOG REDUCING VISIBILITY
HIGHEST: 65 ON 27 GRTST 24HR M ON M TO 1/4 MILE OR LESS
LOWEST: -33 ON 16 3 = THUNDER
SNOW, ICE PELLETS, HAIL 4 = ICE PELLETS
TOTAL MONTH: M 5 = HAIL
GRTST 24HR M ON M 6 = FREEZING RAIN OR DRIZZLE
GRTST DEPTH: M ON M 7 = DUSTSTORM OR SANDSTORM:
VSBY 1/2 MILE OR LESS
8 = SMOKE OR HAZE
[NO. OF DAYS WITH] [WEATHER - DAYS WITH] 9 = BLOWING SNOW
X = TORNADO
MAX 32 OR BELOW: 14 0.01 INCH OR MORE: M
MAX 90 OR ABOVE: 0 0.10 INCH OR MORE: M
MIN 32 OR BELOW: M 0.50 INCH OR MORE: M
MIN 0 OR BELOW: M 1.00 INCH OR MORE: M
[HDD (BASE 65) ]
TOTAL THIS MO. 1277 CLEAR (SCALE 0-3) 13
DPTR FM NORMAL 285 PTCLDY (SCALE 4-7) 10
TOTAL FM JUL 1 4385 CLOUDY (SCALE 8-10) 5
DPTR FM NORMAL -227
[CDD (BASE 65) ]
TOTAL THIS MO. 0
DPTR FM NORMAL 0 [PRESSURE DATA]
TOTAL FM JAN 1 0 HIGHEST SLP M ON M
DPTR FM NORMAL 0 LOWEST SLP M ON M
[REMARKS]
#FINAL-02-21#