000
CXUS53 KGID 011343
CF6HJH
PRELIMINARY LOCAL CLIMATOLOGICAL DATA (WS FORM: F-6)
STATION: HEBRON NE
MONTH: JANUARY
YEAR: 2024
LATITUDE: 40 9 N
LONGITUDE: 97 35 W
TEMPERATURE IN F: :PCPN: SNOW: WIND :SUNSHINE: SKY :PK WND
================================================================================
1 2 3 4 5 6A 6B 7 8 9 10 11 12 13 14 15 16 17 18
12Z AVG MX 2MIN
DY MAX MIN AVG DEP HDD CDD WTR SNW DPTH SPD SPD DIR MIN PSBL S-S WX SPD DR
================================================================================
1 31 15 23 M 42 0 0.00 M M 3.7 9 200 M M 3 M M
2 44 22 33 M 32 0 0.00 M M 2.6 10 10 M M 0 1 M M
3 48 20 34 M 31 0 0.00 M M 2.6 9 60 M M 3 1 M M
4 33 28 31 M 34 0 0.00 M M 7.3 12 140 M M 9 1 M M
5 33 30 32 M 33 0 T M M 2.1 8 70 M M 10 1 M M
6 38 31 35 M 30 0 M M M 6.7 13 330 M M 10 1 23 340
7 37 17 27 M 38 0 0.00 M M 7.2 17 130 M M 1 23 130
8 37 23 30 M 35 0 M M M 10.7 24 360 M M 8 32 10
9 28 15 22 M 43 0 M M M 13.9 24 340 M M 4 1 36 340
10 40 18 29 M 36 0 0.00 M M 7.1 16 220 M M 1 24 260
11 25 8 17 M 48 0 M M M 11.0 21 20 M M 7 1 32 10
12 9 -4 3 M 62 0 M M M 18.4 23 350 M M 7 18 37 330
13 2 -17 -7 M 72 0 M M M 11.2 22 330 M M 5 8 32 350
14 -1 -18 -9 M 74 0 0.00 M M 3.8 10 330 M M 3 18 340
15 3 -16 -6 M 71 0 M M M 6.4 14 330 M M 6 8 21 320
16 8 -11 -1 M 66 0 0.00 M M 6.5 9 250 M M 0 16 250
17 25 2 14 M 51 0 0.00 M M 2.1 10 250 M M 1 M M
18 23 4 14 M 51 0 M M M 6.0 20 350 M M 4 1 29 350
19 10 -9 1 M 64 0 0.00 M M 6.2 13 320 M M 0 21 340
20 8 -15 -3 M 68 0 0.00 M M 0.0 M M M M 0 M M
21 32 8 20 M 45 0 0.00 M M 12.8 17 190 M M 1 23 190
22 35 28 32 M 33 0 0.00 M M 6.9 13 200 M M 9 1 21 200
23 36 33 35 M 30 0 T M M 1.5 6 80 M M 10 1 M M
24 36 33 35 M 30 0 0.00 M M 1.2 7 240 M M 10 1 M M
25 36 32 34 M 31 0 0.00 M M 1.7 6 190 M M 10 12 M M
26 32 31 32 M 33 0 0.00 M M 4.0 8 340 M M 10 1 M M
27 40 28 34 M 31 0 0.00 M M 3.7 9 320 M M 5 12 M M
28 44 20 32 M 33 0 0.00 M M 0.3 5 220 M M 0 1 M M
29 51 25 38 M 27 0 0.00 M M 2.3 7 260 M M 1 1 M M
30 52 31 42 M 23 0 0.00 M M 2.4 6 300 M M 0 M M
31 61 29 45 M 20 0 0.00 M M 3.5 9 220 M M 0 M M
================================================================================
SM 936 441 1317 0 M M 175.8 M 138
================================================================================
AV 30.2 14.2 5.7 FASTST M M 4 MAX(MPH)
MISC ----> # M M M M
================================================================================
NOTES:
# LAST OF SEVERAL OCCURRENCES
COLUMN 17 PEAK WIND IN M.P.H.
PRELIMINARY LOCAL CLIMATOLOGICAL DATA (WS FORM: F-6) , PAGE 2
STATION: HEBRON NE
MONTH: JANUARY
YEAR: 2024
LATITUDE: 40 9 N
LONGITUDE: 97 35 W
[TEMPERATURE DATA] [PRECIPITATION DATA] SYMBOLS USED IN COLUMN 16
AVERAGE MONTHLY: 22.2 TOTAL FOR MONTH: M 1 = FOG OR MIST
DPTR FM NORMAL: M DPTR FM NORMAL: M 2 = FOG REDUCING VISIBILITY
HIGHEST: 61 ON 31 GRTST 24HR M ON M TO 1/4 MILE OR LESS
LOWEST: -18 ON 14 3 = THUNDER
SNOW, ICE PELLETS, HAIL 4 = ICE PELLETS
TOTAL MONTH: M 5 = HAIL
GRTST 24HR M ON M 6 = FREEZING RAIN OR DRIZZLE
GRTST DEPTH: M ON M 7 = DUSTSTORM OR SANDSTORM:
VSBY 1/2 MILE OR LESS
8 = SMOKE OR HAZE
[NO. OF DAYS WITH] [WEATHER - DAYS WITH] 9 = BLOWING SNOW
X = TORNADO
MAX 32 OR BELOW: 14 0.01 INCH OR MORE: M
MAX 90 OR ABOVE: 0 0.10 INCH OR MORE: M
MIN 32 OR BELOW: 29 0.50 INCH OR MORE: M
MIN 0 OR BELOW: 7 1.00 INCH OR MORE: M
[HDD (BASE 65) ]
TOTAL THIS MO. 1317 CLEAR (SCALE 0-3) 13
DPTR FM NORMAL M PTCLDY (SCALE 4-7) 10
TOTAL FM JUL 1 3106 CLOUDY (SCALE 8-10) 8
DPTR FM NORMAL M
[CDD (BASE 65) ]
TOTAL THIS MO. 0
DPTR FM NORMAL M [PRESSURE DATA]
TOTAL FM JAN 1 0 HIGHEST SLP M ON M
DPTR FM NORMAL M LOWEST SLP M ON M
[REMARKS]
#FINAL-01-24#