000
CXUS53 KGID 011246
CF6HJH
PRELIMINARY LOCAL CLIMATOLOGICAL DATA (WS FORM: F-6)
STATION: HEBRON NE
MONTH: NOVEMBER
YEAR: 2023
LATITUDE: 40 9 N
LONGITUDE: 97 35 W
TEMPERATURE IN F: :PCPN: SNOW: WIND :SUNSHINE: SKY :PK WND
================================================================================
1 2 3 4 5 6A 6B 7 8 9 10 11 12 13 14 15 16 17 18
12Z AVG MX 2MIN
DY MAX MIN AVG DEP HDD CDD WTR SNW DPTH SPD SPD DIR MIN PSBL S-S WX SPD DR
================================================================================
1 57 17 37 M 28 0 0.00 M M 6.8 16 220 M M 0 24 220
2 65 23 44 M 21 0 0.00 M M 4.4 13 200 M M 0 20 200
3 67 38 53 M 12 0 0.00 M M 7.7 14 210 M M 2 21 220
4 55 35 45 M 20 0 0.05 M M 0.9 7 170 M M 6 1 M M
5 70 34 52 M 13 0 0.00 M M 7.9 17 190 M M 0 24 190
6 67 40 54 M 11 0 0.00 M M 0.8 6 300 M M 0 M M
7 75 35 55 M 10 0 0.00 M M 3.5 12 150 M M 2 12 18 140
8 69 40 55 M 10 0 0.00 M M 10.1 27 10 M M 5 2 35 10
9 63 28 46 M 19 0 0.00 M M 4.3 12 260 M M 1 17 260
10 58 21 40 M 25 0 0.00 M M 3.8 10 150 M M 0 17 170
11 60 44 52 M 13 0 T M M 13.5 21 190 M M 5 28 190
12 72 34 53 M 12 0 0.00 M M 5.7 16 210 M M 0 21 210
13 71 28 50 M 15 0 0.00 M M 5.5 18 160 M M 0 23 160
14 71 40 56 M 9 0 0.00 M M 10.4 24 200 M M 0 32 210
15 72 32 52 M 13 0 0.00 M M 3.8 10 180 M M 0 16 200
16 65 44 55 M 10 0 0.00 M M 9.9 22 210 M M 1 29 210
17 56 30 43 M 22 0 0.00 M M 2.8 9 360 M M 0 M M
18 68 28 48 M 17 0 0.00 M M 1.0 6 160 M M 0 M M
19 54 47 51 M 14 0 0.49 M M 9.8 23 140 M M 10 29 140
20 47 44 46 M 19 0 0.39 M M 11.6 15 40 M M 10 1 21 40
21 46 29 38 M 27 0 T M M 11.2 22 340 M M 2 30 340
22 62 26 44 M 21 0 0.00 M M 5.3 13 210 M M 0 20 220
23 44 29 37 M 28 0 0.00 M M 12.4 24 50 M M 0 29 50
24 32 24 28 M 37 0 0.00 M M 12.5 17 40 M M 6 23 40
25 28 25 27 M 38 0 M M M 1.3 6 320 M M 10 M M
26 42 17 30 M 35 0 M M M 8.8 21 330 M M 4 25 320
27 47 20 34 M 31 0 0.00 M M 4.7 15 310 M M 0 20 270
28 51 19 35 M 30 0 0.00 M M 6.7 18 210 M M 0 25 210
29 57 25 41 M 24 0 0.00 M M 3.7 10 200 M M 0 16 210
30 49 27 38 M 27 0 0.00 M M 8.3 18 30 M M 0 25 20
================================================================================
SM 1740 923 611 0 M M 199.1 M 64
================================================================================
AV 58.0 30.8 6.6 FASTST M M 2 MAX(MPH)
MISC ----> 27 10 M M
================================================================================
NOTES:
# LAST OF SEVERAL OCCURRENCES
COLUMN 17 PEAK WIND IN M.P.H.
PRELIMINARY LOCAL CLIMATOLOGICAL DATA (WS FORM: F-6) , PAGE 2
STATION: HEBRON NE
MONTH: NOVEMBER
YEAR: 2023
LATITUDE: 40 9 N
LONGITUDE: 97 35 W
[TEMPERATURE DATA] [PRECIPITATION DATA] SYMBOLS USED IN COLUMN 16
AVERAGE MONTHLY: 44.4 TOTAL FOR MONTH: M 1 = FOG OR MIST
DPTR FM NORMAL: M DPTR FM NORMAL: M 2 = FOG REDUCING VISIBILITY
HIGHEST: 75 ON 7 GRTST 24HR M ON M TO 1/4 MILE OR LESS
LOWEST: 17 ON 26, 1 3 = THUNDER
SNOW, ICE PELLETS, HAIL 4 = ICE PELLETS
TOTAL MONTH: M 5 = HAIL
GRTST 24HR M ON M 6 = FREEZING RAIN OR DRIZZLE
GRTST DEPTH: M ON M 7 = DUSTSTORM OR SANDSTORM:
VSBY 1/2 MILE OR LESS
8 = SMOKE OR HAZE
[NO. OF DAYS WITH] [WEATHER - DAYS WITH] 9 = BLOWING SNOW
X = TORNADO
MAX 32 OR BELOW: 2 0.01 INCH OR MORE: M
MAX 90 OR ABOVE: 0 0.10 INCH OR MORE: M
MIN 32 OR BELOW: 18 0.50 INCH OR MORE: M
MIN 0 OR BELOW: 0 1.00 INCH OR MORE: M
[HDD (BASE 65) ]
TOTAL THIS MO. 611 CLEAR (SCALE 0-3) 22
DPTR FM NORMAL M PTCLDY (SCALE 4-7) 5
TOTAL FM JUL 1 926 CLOUDY (SCALE 8-10) 3
DPTR FM NORMAL M
[CDD (BASE 65) ]
TOTAL THIS MO. 0
DPTR FM NORMAL M [PRESSURE DATA]
TOTAL FM JAN 1 1584 HIGHEST SLP M ON M
DPTR FM NORMAL M LOWEST SLP M ON M
[REMARKS]
#FINAL-11-23#