000
CXUS52 KGSP 010917
CF6HKY
PRELIMINARY LOCAL CLIMATOLOGICAL DATA (WS FORM: F-6)
STATION: HICKORY NC
MONTH: FEBRUARY
YEAR: 2021
LATITUDE: 35 45 N
LONGITUDE: 81 23 W
TEMPERATURE IN F: :PCPN: SNOW: WIND :SUNSHINE: SKY :PK WND
================================================================================
1 2 3 4 5 6A 6B 7 8 9 10 11 12 13 14 15 16 17 18
12Z AVG MX 2MIN
DY MAX MIN AVG DEP HDD CDD WTR SNW DPTH SPD SPD DIR MIN PSBL S-S WX SPD DR
================================================================================
1 45 33 39 -1 26 0 0.00 M M 6.1 20 320 M M 10 1 30 320
2 39 29 34 -6 31 0 0.00 M M 13.1 25 320 M M 6 35 320
3 48 27 38 -3 27 0 0.00 M M 10.7 23 340 M M 0 34 320
4 47 25 36 -5 29 0 0.00 M M 5.0 13 190 M M 3 19 310
5 54 33 44 3 21 0 0.05 M M 6.2 18 310 M M 3 1 29 290
6 51 26 39 -2 26 0 0.20 M M 2.4 8 250 M M 4 12 13 200
7 49 30 40 -1 25 0 0.31 M M 5.0 16 350 M M 5 126 23 340
8 52 25 39 -2 26 0 0.00 M M 1.8 10 210 M M 3 1 13 200
9 65 39 52 11 13 0 0.00 M M 2.3 10 330 M M 5 13 280
10 57 40 49 7 16 0 0.00 M M 3.5 10 70 M M 8 128 14 70
11 49 36 43 1 22 0 0.61 M M 4.6 16 50 M M 10 12 22 60
12 36 33 35 -7 30 0 0.15 M M 7.0 14 50 M M 10 1 19 50
13 38 33 36 -6 29 0 0.75 M M 5.3 12 70 M M 10 1 14 60
14 41 36 39 -3 26 0 0.19 M M 5.5 10 30 M M 10 1 15 20
15 40 36 38 -4 27 0 0.86 M M 5.2 10 50 M M 10 1 15 60
16 51 26 39 -4 26 0 0.02 M M 6.1 15 210 M M 8 1 19 280
17 44 24 34 -9 31 0 0.00 M M 4.2 10 30 M M 1 15 20
18 38 32 35 -8 30 0 0.49 M M 7.0 14 60 M M 10 168 18 20
19 55 32 44 1 21 0 T M M 4.7 14 340 M M 6 1 21 330
20 48 28 38 -6 27 0 0.00 M M 6.5 17 330 M M 0 26 330
21 47 23 35 -9 30 0 0.00 M M 2.9 10 200 M M 1 15 180
22 52 33 43 -1 22 0 0.26 M M 3.2 13 290 M M 6 1 18 290
23 69 36 53 9 12 0 0.00 M M 9.6 23 280 M M 0 33 290
24 70 33 52 8 13 0 0.00 M M 6.0 20 200 M M 0 26 220
25 71 39 55 10 10 0 0.00 M M 3.8 12 60 M M 1 15 60
26 54 37 46 1 19 0 0.72 M M 7.1 16 60 M M 7 1 23 60
27 50 37 44 -1 21 0 0.02 M M 1.5 7 20 M M 10 18 8 20
28 72 46 59 13 6 0 0.00 M M 8.2 26 200 M M 7 128 40 200
================================================================================
SM 1432 907 642 0 4.63 M 154.5 M 154
================================================================================
AV 51.1 32.4 5.5 FASTST M M 6 MAX(MPH)
MISC ----> 26 200 40 200
================================================================================
NOTES:
# LAST OF SEVERAL OCCURRENCES
COLUMN 17 PEAK WIND IN M.P.H.
PRELIMINARY LOCAL CLIMATOLOGICAL DATA (WS FORM: F-6) , PAGE 2
STATION: HICKORY NC
MONTH: FEBRUARY
YEAR: 2021
LATITUDE: 35 45 N
LONGITUDE: 81 23 W
[TEMPERATURE DATA] [PRECIPITATION DATA] SYMBOLS USED IN COLUMN 16
AVERAGE MONTHLY: 41.8 TOTAL FOR MONTH: 4.63 1 = FOG OR MIST
DPTR FM NORMAL: -0.8 DPTR FM NORMAL: 0.91 2 = FOG REDUCING VISIBILITY
HIGHEST: 72 ON 28 GRTST 24HR 0.88 ON 15-16 TO 1/4 MILE OR LESS
LOWEST: 23 ON 21 3 = THUNDER
SNOW, ICE PELLETS, HAIL 4 = ICE PELLETS
TOTAL MONTH: M 5 = HAIL
GRTST 24HR M ON M 6 = FREEZING RAIN OR DRIZZLE
GRTST DEPTH: M ON M 7 = DUSTSTORM OR SANDSTORM:
VSBY 1/2 MILE OR LESS
8 = SMOKE OR HAZE
[NO. OF DAYS WITH] [WEATHER - DAYS WITH] 9 = BLOWING SNOW
X = TORNADO
MAX 32 OR BELOW: 0 0.01 INCH OR MORE: 13
MAX 90 OR ABOVE: 0 0.10 INCH OR MORE: 10
MIN 32 OR BELOW: 12 0.50 INCH OR MORE: 4
MIN 0 OR BELOW: 0 1.00 INCH OR MORE: 0
[HDD (BASE 65) ]
TOTAL THIS MO. 642 CLEAR (SCALE 0-3) 9
DPTR FM NORMAL 15 PTCLDY (SCALE 4-7) 11
TOTAL FM JUL 1 2660 CLOUDY (SCALE 8-10) 8
DPTR FM NORMAL -195
[CDD (BASE 65) ]
TOTAL THIS MO. 0
DPTR FM NORMAL 0 [PRESSURE DATA]
TOTAL FM JAN 1 0 HIGHEST SLP 30.55 ON 21
DPTR FM NORMAL 0 LOWEST SLP 29.68 ON 1
[REMARKS]
#FINAL-02-21#