000
CXUS51 KPBZ 010730
CF6HLG
PRELIMINARY LOCAL CLIMATOLOGICAL DATA (WS FORM: F-6)
STATION: WHEELING WV
MONTH: APRIL
YEAR: 2022
LATITUDE: 40 10 N
LONGITUDE: 80 39 W
TEMPERATURE IN F: :PCPN: SNOW: WIND :SUNSHINE: SKY :PK WND
================================================================================
1 2 3 4 5 6A 6B 7 8 9 10 11 12 13 14 15 16 17 18
12Z AVG MX 2MIN
DY MAX MIN AVG DEP HDD CDD WTR SNW DPTH SPD SPD DIR MIN PSBL S-S WX SPD DR
================================================================================
1 42 34 38 -8 27 0 0.08 M M 12.2 24 280 M M 10 18 32 300
2 52 31 42 -5 23 0 T M M 3.3 20 280 M M 5 28 260
3 46 37 42 -5 23 0 0.02 M M 9.5 23 250 M M 10 1 32 240
4 49 30 40 -8 25 0 T M M 5.5 13 190 M M 5 19 230
5 58 35 47 -1 18 0 0.74 M M 6.4 14 90 M M 6 1 18 50
6 59 49 54 6 11 0 0.45 M M 9.2 17 150 M M 10 1 25 180
7 57 43 50 1 15 0 0.01 M M 6.4 28 270 M M 9 37 270
8 49 36 43 -6 22 0 T M M 7.5 23 280 M M 7 28 280
9 45 34 40 -10 25 0 0.07 M M 9.2 23 230 M M 9 1 30 280
10 55 36 46 -4 19 0 T M M 9.6 21 280 M M 5 29 280
11 57 41 49 -1 16 0 0.27 M M 9.6 17 220 M M 6 1 25 200
12 68 48 58 7 7 0 0.08 M M 6.0 21 340 M M 7 1 29 350
13 80 57 69 18 0 4 T M M 12.0 26 220 M M 4 38 230
14 69 48 59 7 6 0 0.01 M M 13.7 26 270 M M 5 1 39 210
15 71 44 58 6 7 0 0.00 M M 13.8 29 210 M M 1 39 210
16 64 41 53 1 12 0 0.17 M M 9.8 29 260 M M 8 1 48 260
17 47 31 39 -14 26 0 0.00 M M 7.8 16 280 M M 3 21 270
18 44 36 40 -13 25 0 0.48 M M 12.7 26 260 M M 8 1 34 270
19 43 33 38 -16 27 0 0.03 M M 11.1 24 270 M M 9 1 35 260
20 58 31 45 -9 20 0 0.00 M M 5.5 14 120 M M 0 17 100
21 61 49 55 1 10 0 0.17 M M 10.7 24 220 M M 7 1 32 230
22 69 43 56 2 9 0 0.00 M M 5.0 14 90 M M 4 12 18 100
23 84 53 69 14 0 4 0.00 M M 7.6 17 260 M M 1 22 280
24 85 59 72 17 0 7 0.00 M M 8.2 20 260 M M 0 25 250
25 83 57 70 14 0 5 0.05 M M 10.6 22 270 M M 4 1 30 280
26 57 42 50 -6 15 0 0.01 M M 10.2 22 280 M M 9 31 270
27 50 30 40 -16 25 0 0.00 M M 11.4 23 310 M M 6 29 320
28 55 28 42 -14 23 0 0.00 M M 5.4 13 20 M M 1 16 360
29 64 33 49 -8 16 0 0.00 M M 6.6 14 60 M M 0 17 70
30 70 44 57 0 8 0 0.00 M M 7.4 14 80 M M 0 18 60
================================================================================
SM 1791 1213 460 20 2.64 M 263.9 M 159
================================================================================
AV 59.7 40.4 8.8 FASTST M M 5 MAX(MPH)
MISC ----> # 29 210 48 260
================================================================================
NOTES:
# LAST OF SEVERAL OCCURRENCES
COLUMN 17 PEAK WIND IN M.P.H.
PRELIMINARY LOCAL CLIMATOLOGICAL DATA (WS FORM: F-6) , PAGE 2
STATION: WHEELING WV
MONTH: APRIL
YEAR: 2022
LATITUDE: 40 10 N
LONGITUDE: 80 39 W
[TEMPERATURE DATA] [PRECIPITATION DATA] SYMBOLS USED IN COLUMN 16
AVERAGE MONTHLY: 50.1 TOTAL FOR MONTH: 2.64 1 = FOG OR MIST
DPTR FM NORMAL: -1.9 DPTR FM NORMAL: -0.50 2 = FOG REDUCING VISIBILITY
HIGHEST: 85 ON 24 GRTST 24HR 0.80 ON 5- 6 TO 1/4 MILE OR LESS
LOWEST: 28 ON 28 3 = THUNDER
SNOW, ICE PELLETS, HAIL 4 = ICE PELLETS
TOTAL MONTH: M 5 = HAIL
GRTST 24HR M ON M 6 = FREEZING RAIN OR DRIZZLE
GRTST DEPTH: M ON M 7 = DUSTSTORM OR SANDSTORM:
VSBY 1/2 MILE OR LESS
8 = SMOKE OR HAZE
[NO. OF DAYS WITH] [WEATHER - DAYS WITH] 9 = BLOWING SNOW
X = TORNADO
MAX 32 OR BELOW: 0 0.01 INCH OR MORE: 15
MAX 90 OR ABOVE: 0 0.10 INCH OR MORE: 6
MIN 32 OR BELOW: 6 0.50 INCH OR MORE: 1
MIN 0 OR BELOW: 0 1.00 INCH OR MORE: 0
[HDD (BASE 65) ]
TOTAL THIS MO. 460 CLEAR (SCALE 0-3) 7
DPTR FM NORMAL 61 PTCLDY (SCALE 4-7) 16
TOTAL FM JUL 1 4739 CLOUDY (SCALE 8-10) 7
DPTR FM NORMAL -482
[CDD (BASE 65) ]
TOTAL THIS MO. 20
DPTR FM NORMAL 10 [PRESSURE DATA]
TOTAL FM JAN 1 20 HIGHEST SLP 30.50 ON 22
DPTR FM NORMAL 8 LOWEST SLP 29.58 ON 6
[REMARKS]
#FINAL-04-22#