000
CXUS54 KMAF 210409
CF6HOB
PRELIMINARY LOCAL CLIMATOLOGICAL DATA (WS FORM: F-6)
STATION: LEA AIRPORT, HOBBS
MONTH: APRIL
YEAR: 2023
LATITUDE: 32 40 N
LONGITUDE: 103-12 E
TEMPERATURE IN F: :PCPN: SNOW: WIND :SUNSHINE: SKY :PK WND
================================================================================
1 2 3 4 5 6A 6B 7 8 9 10 11 12 13 14 15 16 17 18
12Z AVG MX 2MIN
DY MAX MIN AVG DEP HDD CDD WTR SNW DPTH SPD SPD DIR MIN PSBL S-S WX SPD DR
================================================================================
1 75 36 56 M 9 0 0.00 M M 8.9 15 150 M M 0 22 170
2 82 48 65 M 0 0 0.00 M M 12.1 26 250 M M 0 38 250
3 86 48 67 M 0 2 0.00 M M 17.1 28 240 M M 1 39 240
4 81 45 63 M 2 0 0.00 M M 24.6 38 230 M M 2 7 53 230
5 63 37 50 M 15 0 0.00 M M 15.2 26 320 M M 2 37 320
6 64 37 51 M 14 0 0.00 M M 13.2 17 90 M M 4 24 90
7 63 36 50 M 15 0 0.00 M M 8.9 12 60 M M 5 20 80
8 72 37 55 M 10 0 0.00 M M 7.6 12 150 M M 1 22 160
9 79 50 65 M 0 0 0.00 M M 9.2 17 90 M M 2 24 90
10 79 54 67 M 0 2 0.25 M M 9.3 26 160 M M 3 51 160
11 82 50 66 M 0 1 0.00 M M 8.1 15 230 M M 0 22 130
12 84 50 67 M 0 2 0.00 M M 12.2 18 150 M M 0 24 160
13 84 52 68 M 0 3 0.00 M M 12.0 21 160 M M 0 28 160
14 79 48 64 M 1 0 0.00 M M 12.8 26 240 M M 0 36 230
15 77 50 64 M 1 0 0.00 M M 10.9 17 40 M M 0 26 40
16 70 36 53 M 12 0 0.00 M M 10.7 16 110 M M 0 22 110
17 79 45 62 M 3 0 0.00 M M 14.5 26 150 M M 0 32 150
18 86 54 70 M 0 5 0.00 M M 14.0 22 230 M M 0 35 230
19 86 50 68 M 0 3 0.00 M M 15.5 26 210 M M 0 37 230
20 75 50 63 M 2 0 0.00 M M 10.6 23 20 M M 1 78 23 20
21 75 43 59 M 6 0 0.00 M M 11.2 21 260 M M 1 26 300
22 73 45 59 M 6 0 0.00 M M 17.2 26 40 M M 2 36 60
23 50 41 46 M 19 0 0.00 M M 11.9 20 50 M M 10 26 30
24 63 43 53 M 12 0 0.00 M M 10.6 21 340 M M 6 1 28 340
25 81 48 65 M 0 0 0.00 M M 8.9 16 210 M M 4 26 210
26 75 46 61 M 4 0 0.00 M M 19.5 31 340 M M 0 36 290
27 81 37 59 M 6 0 0.00 M M 9.5 17 230 M M 0 25 210
28 61 39 50 M 15 0 0.00 M M 20.9 35 360 M M 4 7 47 360
29 79 36 58 M 7 0 0.00 M M 9.6 15 330 M M 0 18 360
30 91 48 70 M 0 5 0.00 M M 12.9 25 70 M M 2 8 37 70
================================================================================
SM 2275 1339 159 23 0.25 M 379.5 M 50
================================================================================
AV 75.8 44.6 12.7 FASTST M M 2 MAX(MPH)
MISC ----> 38 230 53 230
================================================================================
NOTES:
# LAST OF SEVERAL OCCURRENCES
COLUMN 17 PEAK WIND IN M.P.H.
PRELIMINARY LOCAL CLIMATOLOGICAL DATA (WS FORM: F-6) , PAGE 2
STATION: LEA AIRPORT, HOBBS
MONTH: APRIL
YEAR: 2023
LATITUDE: 32 40 N
LONGITUDE: 103-12 E
[TEMPERATURE DATA] [PRECIPITATION DATA] SYMBOLS USED IN COLUMN 16
AVERAGE MONTHLY: 60.2 TOTAL FOR MONTH: 0.25 1 = FOG OR MIST
DPTR FM NORMAL: 0.0 DPTR FM NORMAL: M 2 = FOG REDUCING VISIBILITY
HIGHEST: 91 ON 30 GRTST 24HR 0.25 ON 10-10 TO 1/4 MILE OR LESS
LOWEST: 36 ON 29,16 3 = THUNDER
SNOW, ICE PELLETS, HAIL 4 = ICE PELLETS
TOTAL MONTH: M 5 = HAIL
GRTST 24HR M ON M 6 = FREEZING RAIN OR DRIZZLE
GRTST DEPTH: M ON M 7 = DUSTSTORM OR SANDSTORM:
VSBY 1/2 MILE OR LESS
8 = SMOKE OR HAZE
[NO. OF DAYS WITH] [WEATHER - DAYS WITH] 9 = BLOWING SNOW
X = TORNADO
MAX 32 OR BELOW: 0 0.01 INCH OR MORE: 1
MAX 90 OR ABOVE: 1 0.10 INCH OR MORE: 1
MIN 32 OR BELOW: 0 0.50 INCH OR MORE: 0
MIN 0 OR BELOW: 0 1.00 INCH OR MORE: 0
[HDD (BASE 65) ]
TOTAL THIS MO. 159 CLEAR (SCALE 0-3) 23
DPTR FM NORMAL M PTCLDY (SCALE 4-7) 6
TOTAL FM JUL 1 2984 CLOUDY (SCALE 8-10) 1
DPTR FM NORMAL M
[CDD (BASE 65) ]
TOTAL THIS MO. 23
DPTR FM NORMAL M [PRESSURE DATA]
TOTAL FM JAN 1 24 HIGHEST SLP M ON M
DPTR FM NORMAL M LOWEST SLP M ON M
[REMARKS]
#FINAL-04-23#
COR