000
CXUS53 KFSD 020256 CCA
CF6HON
PRELIMINARY LOCAL CLIMATOLOGICAL DATA (WS FORM: F-6)
STATION: HURON
MONTH: NOVEMBER
YEAR: 2021
LATITUDE: 44 22 N
LONGITUDE: 98 13 W
TEMPERATURE IN F: :PCPN: SNOW: WIND :SUNSHINE: SKY :PK WND
================================================================================
1 2 3 4 5 6A 6B 7 8 9 10 11 12 13 14 15 16 17 18
12Z AVG MX 2MIN
DY MAX MIN AVG DEP HDD CDD WTR SNW DPTH SPD SPD DIR MIN PSBL S-S WX SPD DR
================================================================================
1 48 20 34 -6 31 0 0.00 0.0 0 7.5 17 290 M M 3 23 290
2 44 19 32 -7 33 0 0.00 0.0 0 3.5 9 130 M M 0 13 130
3 52 24 38 -1 27 0 0.00 0.0 0 4.4 9 140 M M 0 12 150
4 59 28 44 6 21 0 0.00 0.0 0 10.5 18 160 M M 1 1 27 170
5 69 41 55 17 10 0 0.00 0.0 0 13.5 29 290 M M 0 38 290
6 69 33 51 13 14 0 0.00 0.0 0 8.5 17 160 M M 0 26 170
7 67 35 51 14 14 0 0.00 0.0 0 5.4 13 320 M M 0 18 17 170
8 47 32 40 3 25 0 0.09 0.0 0 5.1 15 360 M M 5 12 22 350
9 56 32 44 8 21 0 T 0.0 0 5.5 14 200 M M 5 1 17 200
10 48 36 42 6 23 0 0.23 0.0 0 12.3 22 320 M M 7 1 30 160
11 43 31 37 2 28 0 0.06 0.7 0 25.3 38 290 M M 5 1 52 300
12 31 26 29 -6 36 0 0.10 1.0 2 27.5 40 330 M M 10 1 53 320
13 48 23 36 2 29 0 0.03 T 1 15.1 43 330 M M 8 146 55 330
14 43 29 36 2 29 0 0.00 0.0 0 7.6 20 340 M M 8 27 340
15 47 31 39 6 26 0 0.00 0.0 0 9.0 17 150 M M 3 26 160
16 59 37 48 15 17 0 0.00 0.0 0 14.0 31 330 M M 2 43 350
17 43 18 31 -1 34 0 0.00 0.0 0 16.9 36 300 M M 3 46 290
18 35 21 28 -4 37 0 0.00 0.0 0 11.3 20 300 M M 4 26 310
19 49 28 39 8 26 0 0.00 0.0 0 10.8 26 160 M M 0 40 160
20 42 33 38 7 27 0 0.00 0.0 0 3.5 13 350 M M 9 15 360
21 37 17 27 -3 38 0 0.00 0.0 0 12.6 35 350 M M 1 44 350
22 46 19 33 3 32 0 0.00 0.0 0 6.4 13 180 M M 0 17 150
23 61 29 45 15 20 0 0.00 0.0 0 9.1 17 170 M M 0 25 170
24 38 21 30 1 35 0 0.00 0.0 0 16.4 33 350 M M 5 45 350
25 27 5 16 -13 49 0 T T 0 9.2 21 330 M M 2 27 330
26 58 24 41 13 24 0 0.00 0.0 0 8.1 14 330 M M 1 20 160
27 51 22 37 9 28 0 0.00 0.0 0 13.6 26 350 M M 1 34 330
28 47 18 33 6 32 0 T 0.0 0 7.2 14 170 M M 2 21 160
29 64 31 48 21 17 0 0.00 0.0 0 10.5 30 310 M M 0 41 320
30 53 23 38 12 27 0 0.01 0.0 0 7.2 15 160 M M 3 20 160
================================================================================
SM 1481 786 810 0 0.52 1.7 317.5 M 88
================================================================================
AV 49.4 26.2 10.6 FASTST M M 3 MAX(MPH)
MISC ----> 43 330 55 330
================================================================================
NOTES:
# LAST OF SEVERAL OCCURRENCES
-COLUMN 17 PEAK WIND IN M.P.H.
-PRECIPITATION AMOUNTS IN COLUMNS 7, 8, AND 9 ARE THE OFFICIAL PRECIPITATION
AMOUNTS FOR HURON, SD.
-SNOW DEPTH IN COLUMN 9 IS RECORDED AT 6 AM CST (12Z)
PRELIMINARY LOCAL CLIMATOLOGICAL DATA (WS FORM: F-6) , PAGE 2
STATION: HURON
MONTH: NOVEMBER
YEAR: 2021
LATITUDE: 44 22 N
LONGITUDE: 98 13 W
[TEMPERATURE DATA] [PRECIPITATION DATA] SYMBOLS USED IN COLUMN 16
AVERAGE MONTHLY: 37.8 TOTAL FOR MONTH: 0.52 1 = FOG OR MIST
DPTR FM NORMAL: 4.7 DPTR FM NORMAL: -0.30 2 = FOG REDUCING VISIBILITY
HIGHEST: 69 ON 6, 5 GRTST 24HR 0.23 ON 10-10 TO 1/4 MILE OR LESS
LOWEST: 5 ON 25 3 = THUNDER
SNOW, ICE PELLETS, HAIL 4 = ICE PELLETS
TOTAL MONTH: 1.7 INCHES 5 = HAIL
GRTST 24HR 1.7 ON 11-12 6 = FREEZING RAIN OR DRIZZLE
GRTST DEPTH: 2 ON 12 7 = DUSTSTORM OR SANDSTORM:
VSBY 1/2 MILE OR LESS
8 = SMOKE OR HAZE
[NO. OF DAYS WITH] [WEATHER - DAYS WITH] 9 = BLOWING SNOW
X = TORNADO
MAX 32 OR BELOW: 2 0.01 INCH OR MORE: 6
MAX 90 OR ABOVE: 0 0.10 INCH OR MORE: 2
MIN 32 OR BELOW: 24 0.50 INCH OR MORE: 0
MIN 0 OR BELOW: 0 1.00 INCH OR MORE: 0
[HDD (BASE 65) ]
TOTAL THIS MO. 810 CLEAR (SCALE 0-3) 19
DPTR FM NORMAL -148 PTCLDY (SCALE 4-7) 8
TOTAL FM JUL 1 1250 CLOUDY (SCALE 8-10) 3
DPTR FM NORMAL -421
[CDD (BASE 65) ]
TOTAL THIS MO. 0
DPTR FM NORMAL 0 [PRESSURE DATA]
TOTAL FM JAN 1 1037 HIGHEST SLP 30.58 ON 25
DPTR FM NORMAL 285 LOWEST SLP 29.39 ON 16
[REMARKS]
RECORD DAILY MAXIMUM TEMPERATURE WAS ESTABLISHED ON THE 23RD
WITH A HIGH OF 61 DEGREES. THE PREVIOUS RECORD WAS 59 DEGREES IN 1902/2017.
RECORD DAILY MAXIMUM TEMPERATURE WAS ESTABLISHED ON THE 29TH
WITH A HIGH OF 64 DEGREES. THE PREVIOUS RECORD WAS 62 DEGREES IN 1883/1998.
#FINAL-11-21#