000
CXUS53 KFSD 011458
CF6HON
PRELIMINARY LOCAL CLIMATOLOGICAL DATA (WS FORM: F-6)
STATION: HURON
MONTH: OCTOBER
YEAR: 2021
LATITUDE: 44 22 N
LONGITUDE: 98 13 W
TEMPERATURE IN F: :PCPN: SNOW: WIND :SUNSHINE: SKY :PK WND
================================================================================
1 2 3 4 5 6A 6B 7 8 9 10 11 12 13 14 15 16 17 18
12Z AVG MX 2MIN
DY MAX MIN AVG DEP HDD CDD WTR SNW DPTH SPD SPD DIR MIN PSBL S-S WX SPD DR
================================================================================
1 68 59 64 8 1 0 0.42 0.0 0 8.2 16 350 M M 10 18 22 350
2 74 47 61 6 4 0 T 0.0 0 9.6 16 340 M M 5 18 23 350
3 78 42 60 5 5 0 0.00 0.0 0 3.2 15 340 M M 0 1 21 330
4 83 47 65 11 0 0 0.00 0.0 0 5.7 12 190 M M 0 15 200
5 82 51 67 13 0 2 0.00 0.0 0 9.3 18 170 M M 0 25 160
6 77 54 66 13 0 1 0.00 0.0 0 12.5 22 150 M M 0 31 140
7 79 54 67 15 0 2 0.00 0.0 0 12.9 20 160 M M 0 28 160
8 82 57 70 18 0 5 0.00 0.0 0 6.6 16 160 M M 0 24 160
9 71 54 63 12 2 0 0.70 0.0 0 8.5 35 310 M M 3 13 45 320
10 64 44 54 3 11 0 T 0.0 0 15.5 31 310 M M 6 1 43 280
11 70 38 54 4 11 0 0.00 0.0 0 8.6 18 10 M M 0 24 30
12 68 36 52 2 13 0 0.04 0.0 0 10.2 20 90 M M 2 3 28 90
13 62 44 53 4 12 0 0.57 0.0 0 21.7 36 270 M M 10 13 46 280
14 58 39 49 0 16 0 0.00 0.0 0 16.2 31 280 M M 6 43 280
15 59 33 46 -2 19 0 0.00 0.0 0 12.9 27 290 M M 2 36 290
16 67 32 50 2 15 0 0.00 0.0 0 6.9 20 300 M M 0 26 300
17 75 36 56 9 9 0 0.00 0.0 0 6.4 13 150 M M 0 18 150
18 79 45 62 15 3 0 0.00 0.0 0 11.9 25 200 M M 0 37 200
19 66 45 56 10 9 0 0.00 0.0 0 12.5 25 20 M M 3 37 30
20 47 33 40 -6 25 0 0.99 0.5 T 15.3 28 40 M M 10 1 35 30
21 49 31 40 -5 25 0 0.00 0.0 0 8.0 18 330 M M 3 24 320
22 55 37 46 1 19 0 0.11 0.0 0 5.2 10 100 M M 4 1 14 90
23 53 32 43 -1 22 0 0.00 0.0 0 11.7 21 140 M M 3 31 130
24 48 41 45 1 20 0 1.36 0.0 0 8.5 20 100 M M 10 13 31 100
25 53 35 44 1 21 0 0.00 0.0 0 11.6 22 140 M M 3 31 140
26 54 43 49 6 16 0 0.03 0.0 0 18.2 28 150 M M 6 13 40 140
27 50 40 45 3 20 0 1.00 0.0 0 8.3 20 330 M M 8 13 25 330
28 59 32 46 4 19 0 0.00 0.0 0 13.1 29 350 M M 0 39 350
29 61 29 45 4 20 0 0.00 0.0 0 6.2 14 160 M M 0 19 170
30 57 34 46 5 19 0 0.00 0.0 0 14.4 33 350 M M 2 46 350
31 48 25 37 -3 28 0 0.00 0.0 0 11.6 24 320 M M 1 33 320
================================================================================
SM 1996 1269 384 10 5.22 0.5 331.4 M 97
================================================================================
AV 64.4 40.9 10.7 FASTST M M 3 MAX(MPH)
MISC ----> 36 270 # 46 280
================================================================================
NOTES:
# LAST OF SEVERAL OCCURRENCES
-COLUMN 17 PEAK WIND IN M.P.H.
-PRECIPITATION AMOUNTS IN COLUMNS 7,8 AND 9 ARE THE OFFICIAL PRECIPITATION
AMOUNTS FOR HURON, SD.
-SNOW DEPTH IN COLUMN 9 IS RECORDED AT 6 AM CST (12Z).
PRELIMINARY LOCAL CLIMATOLOGICAL DATA (WS FORM: F-6) , PAGE 2
STATION: HURON
MONTH: OCTOBER
YEAR: 2021
LATITUDE: 44 22 N
LONGITUDE: 98 13 W
[TEMPERATURE DATA] [PRECIPITATION DATA] SYMBOLS USED IN COLUMN 16
AVERAGE MONTHLY: 52.7 TOTAL FOR MONTH: 5.22 1 = FOG OR MIST
DPTR FM NORMAL: 4.8 DPTR FM NORMAL: 3.27 2 = FOG REDUCING VISIBILITY
HIGHEST: 83 ON 4 GRTST 24HR 1.36 ON 24-24 TO 1/4 MILE OR LESS
LOWEST: 25 ON 31 3 = THUNDER
SNOW, ICE PELLETS, HAIL 4 = ICE PELLETS
TOTAL MONTH: 0.5 INCH 5 = HAIL
GRTST 24HR 0.5 ON 20-20 6 = FREEZING RAIN OR DRIZZLE
GRTST DEPTH: T 7 = DUSTSTORM OR SANDSTORM:
VSBY 1/2 MILE OR LESS
8 = SMOKE OR HAZE
[NO. OF DAYS WITH] [WEATHER - DAYS WITH] 9 = BLOWING SNOW
X = TORNADO
MAX 32 OR BELOW: 0 0.01 INCH OR MORE: 9
MAX 90 OR ABOVE: 0 0.10 INCH OR MORE: 7
MIN 32 OR BELOW: 6 0.50 INCH OR MORE: 5
MIN 0 OR BELOW: 0 1.00 INCH OR MORE: 2
[HDD (BASE 65) ]
TOTAL THIS MO. 384 CLEAR (SCALE 0-3) 19
DPTR FM NORMAL -152 PTCLDY (SCALE 4-7) 8
TOTAL FM JUL 1 440 CLOUDY (SCALE 8-10) 4
DPTR FM NORMAL -271
[CDD (BASE 65) ]
TOTAL THIS MO. 10
DPTR FM NORMAL 5 [PRESSURE DATA]
TOTAL FM JAN 1 1037 HIGHEST SLP 30.36 ON 31
DPTR FM NORMAL 285 LOWEST SLP 29.22 ON 13
[REMARKS]
RECORD DAILY MAXIMUM PRECIPITATION ESTABLISHED ON THE 24TH WITH
1.36 INCHES. THE PREVIOUS RECORD WAS 0.31 INCHES IN 1975.
RECORD DAILY MAXIMUM PRECIPITATION ESTABLISHED ON THE 27TH WITH
1.00 INCHES. THE PREVIOUS RECORD WAS 0.89 INCHES IN 1971.
TOTAL OCTOBER PRECIPITATION OF 5.22 INCHES WAS THE THIRD GREATEST OCTOBER
TOTAL ON RECORD.
#FINAL-10-21#