000
CXUS54 KLZK 011130
CF6HOT
PRELIMINARY LOCAL CLIMATOLOGICAL DATA (WS FORM: F-6)
STATION: HOT SPRINGS MEMORIAL FIELD
MONTH: MARCH
YEAR: 2022
LATITUDE: 34 28 N
LONGITUDE: 93 6 W
TEMPERATURE IN F: :PCPN: SNOW: WIND :SUNSHINE: SKY :PK WND
================================================================================
1 2 3 4 5 6A 6B 7 8 9 10 11 12 13 14 15 16 17 18
12Z AVG MX 2MIN
DY MAX MIN AVG DEP HDD CDD WTR SNW DPTH SPD SPD DIR MIN PSBL S-S WX SPD DR
================================================================================
1 74 32 53 3 12 0 0.00 M M 2.6 14 250 M M 0 18 250
2 78 33 56 6 9 0 0.00 M M 2.5 12 230 M M 0 16 250
3 79 35 57 6 8 0 0.00 M M 2.4 9 140 M M 0 18 15 120
4 76 38 57 6 8 0 0.00 M M 3.4 15 180 M M 0 18 21 190
5 73 59 66 15 0 1 T M M 5.5 16 180 M M 10 8 23 180
6 79 66 73 21 0 8 0.01 M M 8.9 20 220 M M 9 1 28 200
7 74 37 56 4 9 0 0.05 M M 8.1 21 330 M M 6 1 35 330
8 45 32 39 -13 26 0 0.04 M M 4.7 22 70 M M 5 1 28 70
9 58 33 46 -6 19 0 0.00 M M 4.2 14 90 M M 4 12 19 110
10 64 29 47 -6 18 0 0.00 M M 2.7 9 80 M M 1 12 15 130
11 49 30 40 -13 25 0 0.20 M M 5.2 17 350 M M 6 12 24 360
12 47 22 35 -18 30 0 0.00 M M 3.3 12 330 M M 0 17 320
13 63 30 47 -7 18 0 0.00 M M 5.8 16 180 M M 0 24 220
14 63 44 54 0 11 0 0.18 M M 8.1 16 120 M M 6 13 22 140
15 60 47 54 0 11 0 0.18 M M 6.5 22 80 M M 7 123 29 80
16 74 43 59 5 6 0 0.00 M M 3.5 9 150 M M 4 12 12 200
17 77 49 63 8 2 0 0.03 M M 7.4 17 140 M M 2 13 23 160
18 60 47 54 -1 11 0 T M M 10.3 23 240 M M 9 32 310
19 71 36 54 -1 11 0 0.00 M M 4.3 14 310 M M 0 21 320
20 77 37 57 1 8 0 0.00 M M 4.4 13 230 M M 0 20 180
21 69 48 59 3 6 0 1.74 M M 7.9 21 140 M M 6 13 29 100
22 63 47 55 -1 10 0 1.30 M M 8.6 22 90 M M 10 13 30 240
23 61 40 51 -6 14 0 0.00 M M 8.4 17 260 M M 7 25 270
24 59 34 47 -10 18 0 0.00 M M 3.4 15 260 M M 4 21 270
25 70 37 54 -3 11 0 0.00 M M 4.2 12 300 M M 0 8 19 360
26 73 39 56 -2 9 0 0.00 M M 4.6 13 70 M M 0 15 70
27 65 48 57 -1 8 0 0.00 M M 9.9 17 80 M M 0 23 60
28 75 42 59 1 6 0 0.00 M M 7.2 14 90 M M 0 19 190
29 77 56 67 9 0 2 0.00 M M 6.9 21 200 M M 5 30 190
30 72 44 58 -1 7 0 1.11 M M 9.3 22 150 M M 9 13 36 190
31 60 35 48 -11 17 0 0.00 M M 6.2 18 340 M M 2 28 350
================================================================================
SM 2085 1249 348 11 4.84 M 180.4 M 112
================================================================================
AV 67.3 40.3 5.8 FASTST M M 4 MAX(MPH)
MISC ----> 23 240 36 190
================================================================================
NOTES:
# LAST OF SEVERAL OCCURRENCES
COLUMN 17 PEAK WIND IN M.P.H.
PRELIMINARY LOCAL CLIMATOLOGICAL DATA (WS FORM: F-6) , PAGE 2
STATION: HOT SPRINGS MEMORIAL FIELD
MONTH: MARCH
YEAR: 2022
LATITUDE: 34 28 N
LONGITUDE: 93 6 W
[TEMPERATURE DATA] [PRECIPITATION DATA] SYMBOLS USED IN COLUMN 16
AVERAGE MONTHLY: 53.8 TOTAL FOR MONTH: 4.84 1 = FOG OR MIST
DPTR FM NORMAL: -0.7 DPTR FM NORMAL: -0.06 2 = FOG REDUCING VISIBILITY
HIGHEST: 79 ON 3, 6 GRTST 24HR 3.02 ON 21-22 TO 1/4 MILE OR LESS
LOWEST: 22 ON 12 3 = THUNDER
SNOW, ICE PELLETS, HAIL 4 = ICE PELLETS
TOTAL MONTH: M 5 = HAIL
GRTST 24HR M ON M 6 = FREEZING RAIN OR DRIZZLE
GRTST DEPTH: M ON M 7 = DUSTSTORM OR SANDSTORM:
VSBY 1/2 MILE OR LESS
8 = SMOKE OR HAZE
[NO. OF DAYS WITH] [WEATHER - DAYS WITH] 9 = BLOWING SNOW
X = TORNADO
MAX 32 OR BELOW: 0 0.01 INCH OR MORE: 10
MAX 90 OR ABOVE: 0 0.10 INCH OR MORE: 6
MIN 32 OR BELOW: 6 0.50 INCH OR MORE: 3
MIN 0 OR BELOW: 0 1.00 INCH OR MORE: 3
[HDD (BASE 65) ]
TOTAL THIS MO. 348 CLEAR (SCALE 0-3) 15
DPTR FM NORMAL 6 PTCLDY (SCALE 4-7) 11
TOTAL FM JUL 1 2472 CLOUDY (SCALE 8-10) 5
DPTR FM NORMAL -233
[CDD (BASE 65) ]
TOTAL THIS MO. 11
DPTR FM NORMAL -6 [PRESSURE DATA]
TOTAL FM JAN 1 11 HIGHEST SLP 30.48 ON 12
DPTR FM NORMAL -9 LOWEST SLP 29.32 ON 30
[REMARKS]
#FINAL-03-22#