000
CXUS55 KSEW 010930
CF6HQM
PRELIMINARY LOCAL CLIMATOLOGICAL DATA (WS FORM: F-6)
STATION: HOQUIAM WA AIRPORT
MONTH: JUNE
YEAR: 2022
LATITUDE: 46 58 N
LONGITUDE: 123 56 W
TEMPERATURE IN F: :PCPN: SNOW: WIND :SUNSHINE: SKY :PK WND
================================================================================
1 2 3 4 5 6A 6B 7 8 9 10 11 12 13 14 15 16 17 18
12Z AVG MX 2MIN
DY MAX MIN AVG DEP HDD CDD WTR SNW DPTH SPD SPD DIR MIN PSBL S-S WX SPD DR
================================================================================
1 66 52 59 4 6 0 T M M 5.6 16 260 M M 5 19 250
2 65 54 60 4 5 0 0.03 M M 5.9 18 260 M M 8 128 23 250
3 65 55 60 4 5 0 0.31 M M 10.5 23 190 M M 10 18 28 190
4 62 56 59 3 6 0 1.00 M M 7.4 16 200 M M 10 1 20 140
5 59 53 56 0 9 0 0.31 M M 11.2 21 240 M M 9 1 27 220
6 61 50 56 0 9 0 0.00 M M 5.8 13 240 M M 7 18 160
7 73 46 60 4 5 0 T M M 8.7 20 100 M M 4 1 26 80
8 63 55 59 3 6 0 0.01 M M 8.7 16 190 M M 4 18 21 270
9 59 54 57 1 8 0 1.61 M M 10.3 22 200 M M 10 1 32 210
10 61 56 59 3 6 0 0.19 M M 6.9 16 230 M M 10 1 20 220
11 63 54 59 3 6 0 0.02 M M 8.1 14 290 M M 9 1 19 260
12 60 51 56 -1 9 0 0.15 M M 13.6 24 290 M M 8 1 33 290
13 58 51 55 -2 10 0 0.16 M M 13.4 21 260 M M 10 18 29 300
14 61 50 56 -1 9 0 0.16 M M 8.2 16 260 M M 6 1 21 280
15 63 49 56 -1 9 0 0.10 M M 5.5 13 100 M M 5 15 130
16 62 51 57 0 8 0 0.16 M M 8.1 20 210 M M 7 18 26 210
17 61 50 56 -1 9 0 0.04 M M 7.3 16 260 M M 8 20 240
18 61 54 58 1 7 0 0.02 M M 8.6 16 260 M M 10 18 21 260
19 66 54 60 2 5 0 0.04 M M 8.1 17 270 M M 8 1 23 270
20 65 55 60 2 5 0 0.00 M M 9.7 16 280 M M 9 23 270
21 69 55 62 4 3 0 0.00 M M 7.8 18 260 M M 6 1 25 260
22 65 54 60 2 5 0 0.00 M M 10.4 20 300 M M 6 1 29 330
23 65 51 58 0 7 0 0.00 M M 7.5 18 290 M M 0 26 290
24 78 47 63 5 2 0 0.00 M M 6.2 16 260 M M 0 21 250
25 92 53 73 15 0 8 0.00 M M 4.9 16 80 M M 0 21 70
26 93 61 77 19 0 12 0.00 M M 7.4 18 80 M M 0 24 80
27 67 57 62 4 3 0 0.00 M M 10.6 22 210 M M 3 27 210
28 61 57 59 0 6 0 0.18 M M 12.6 21 210 M M 10 18 30 170
29 64 55 60 1 5 0 0.03 M M 8.0 15 260 M M 9 18 19 250
30 70 55 63 4 2 0 0.00 M M 6.5 16 290 M M 6 1 21 280
================================================================================
SM 1978 1595 175 20 4.52 M 253.5 M 197
================================================================================
AV 65.9 53.2 8.4 FASTST M M 7 MAX(MPH)
MISC ----> 24 290 33 290
================================================================================
NOTES:
# LAST OF SEVERAL OCCURRENCES
COLUMN 17 PEAK WIND IN M.P.H.
PRELIMINARY LOCAL CLIMATOLOGICAL DATA (WS FORM: F-6) , PAGE 2
STATION: HOQUIAM WA AIRPORT
MONTH: JUNE
YEAR: 2022
LATITUDE: 46 58 N
LONGITUDE: 123 56 W
[TEMPERATURE DATA] [PRECIPITATION DATA] SYMBOLS USED IN COLUMN 16
AVERAGE MONTHLY: 59.6 TOTAL FOR MONTH: 4.52 1 = FOG OR MIST
DPTR FM NORMAL: 2.5 DPTR FM NORMAL: 2.51 2 = FOG REDUCING VISIBILITY
HIGHEST: 93 ON 26 GRTST 24HR 1.61 ON 9- 9 TO 1/4 MILE OR LESS
LOWEST: 46 ON 7 3 = THUNDER
SNOW, ICE PELLETS, HAIL 4 = ICE PELLETS
TOTAL MONTH: M 5 = HAIL
GRTST 24HR M ON M 6 = FREEZING RAIN OR DRIZZLE
GRTST DEPTH: M ON M 7 = DUSTSTORM OR SANDSTORM:
VSBY 1/2 MILE OR LESS
8 = SMOKE OR HAZE
[NO. OF DAYS WITH] [WEATHER - DAYS WITH] 9 = BLOWING SNOW
X = TORNADO
MAX 32 OR BELOW: 0 0.01 INCH OR MORE: 18
MAX 90 OR ABOVE: 2 0.10 INCH OR MORE: 11
MIN 32 OR BELOW: 0 0.50 INCH OR MORE: 2
MIN 0 OR BELOW: 0 1.00 INCH OR MORE: 2
[HDD (BASE 65) ]
TOTAL THIS MO. 175 CLEAR (SCALE 0-3) 4
DPTR FM NORMAL -64 PTCLDY (SCALE 4-7) 12
TOTAL FM JUL 1 4708 CLOUDY (SCALE 8-10) 14
DPTR FM NORMAL -406
[CDD (BASE 65) ]
TOTAL THIS MO. 20
DPTR FM NORMAL 18 [PRESSURE DATA]
TOTAL FM JAN 1 20 HIGHEST SLP M ON M
DPTR FM NORMAL 17 LOWEST SLP 29.60 ON 4
[REMARKS]
#FINAL-06-22#