000
CXUS55 KSEW 011030
CF6HQM
PRELIMINARY LOCAL CLIMATOLOGICAL DATA (WS FORM: F-6)
STATION: HOQUIAM WA AIRPORT
MONTH: DECEMBER
YEAR: 2023
LATITUDE: 46 58 N
LONGITUDE: 123 56 W
TEMPERATURE IN F: :PCPN: SNOW: WIND :SUNSHINE: SKY :PK WND
================================================================================
1 2 3 4 5 6A 6B 7 8 9 10 11 12 13 14 15 16 17 18
12Z AVG MX 2MIN
DY MAX MIN AVG DEP HDD CDD WTR SNW DPTH SPD SPD DIR MIN PSBL S-S WX SPD DR
================================================================================
1 51 40 46 3 19 0 0.74 M M 13.1 30 200 M M 9 13 47 200
2 51 44 48 5 17 0 0.40 M M 13.0 41 220 M M 6 13 55 230
3 53 41 47 4 18 0 0.47 M M 9.3 22 280 M M 8 1 30 250
4 56 41 49 6 16 0 2.93 M M 20.1 36 190 M M 10 1 61 180
5 56 48 52 9 13 0 0.91 M M 5.7 33 200 M M 10 1 49 210
6 50 42 46 4 19 0 0.07 M M 2.8 21 220 M M 8 1 25 220
7 50 39 45 3 20 0 0.33 M M 8.0 33 260 M M 7 1 47 270
8 49 33 41 -1 24 0 0.04 M M 4.4 13 90 M M 3 1 17 110
9 51 39 45 3 20 0 1.94 M M 13.9 28 190 M M 8 1 37 200
10 53 46 50 8 15 0 0.39 M M 7.8 24 200 M M 10 123 32 200
11 50 40 45 3 20 0 0.00 M M 5.2 17 70 M M 10 1 23 110
12 50 39 45 3 20 0 0.00 M M 13.1 22 110 M M 3 29 110
13 50 39 45 3 20 0 T M M 8.0 17 100 M M 3 24 110
14 51 44 48 6 17 0 0.13 M M 7.2 15 80 M M 10 18 23 80
15 56 40 48 6 17 0 0.00 M M 9.4 15 90 M M 2 23 110
16 47 34 41 -1 24 0 0.00 M M 8.0 15 100 M M 0 19 110
17 50 36 43 1 22 0 0.00 M M 11.5 21 110 M M 2 26 110
18 47 42 45 3 20 0 0.35 M M 10.4 14 90 M M 10 1 20 120
19 M M M M M M M M M M M M M M M M M
20 50 43 47 5 18 0 0.04 M M 4.1 17 70 M M 9 12 24 110
21 49 46 48 6 17 0 0.00 M M 3.5 10 170 M M 10 1 13 150
22 49 38 44 2 21 0 0.45 M M 6.9 26 300 M M 7 1 39 300
23 40 30 35 -7 30 0 0.00 M M 8.0 18 80 M M 4 12 24 80
24 43 36 40 -2 25 0 0.07 M M 11.6 21 100 M M 7 1 30 110
25 52 42 47 5 18 0 1.02 M M 15.0 41 210 M M 10 1 60 170
26 51 43 47 5 18 0 0.07 M M 10.7 21 70 M M 7 1 29 110
27 54 46 50 8 15 0 0.12 M M 15.5 30 150 M M 7 1 40 140
28 53 48 51 9 14 0 0.21 M M 11.1 16 80 M M 10 1 24 70
29 56 49 53 11 12 0 0.04 M M 11.6 22 110 M M 9 32 90
30 52 42 47 5 18 0 0.12 M M 5.5 13 230 M M 8 1 16 230
31 45 34 40 -2 25 0 0.04 M M 6.9 14 100 M M 6 12 17 80
================================================================================
SM 1515 1224 572 0 10.88 M 281.3 M 213
================================================================================
AV 50.5 40.8 9.4 FASTST M M 7 MAX(MPH)
MISC ----> # 41 220 61 180
================================================================================
NOTES:
# LAST OF SEVERAL OCCURRENCES
COLUMN 17 PEAK WIND IN M.P.H.
PRELIMINARY LOCAL CLIMATOLOGICAL DATA (WS FORM: F-6) , PAGE 2
STATION: HOQUIAM WA AIRPORT
MONTH: DECEMBER
YEAR: 2023
LATITUDE: 46 58 N
LONGITUDE: 123 56 W
[TEMPERATURE DATA] [PRECIPITATION DATA] SYMBOLS USED IN COLUMN 16
AVERAGE MONTHLY: 45.7 TOTAL FOR MONTH: 10.88 1 = FOG OR MIST
DPTR FM NORMAL: 3.7 DPTR FM NORMAL: 0.36 2 = FOG REDUCING VISIBILITY
HIGHEST: 56 ON 29,15 GRTST 24HR 3.32 ON 4- 5 TO 1/4 MILE OR LESS
LOWEST: 30 ON 23 3 = THUNDER
SNOW, ICE PELLETS, HAIL 4 = ICE PELLETS
TOTAL MONTH: M 5 = HAIL
GRTST 24HR M ON M 6 = FREEZING RAIN OR DRIZZLE
GRTST DEPTH: M ON M 7 = DUSTSTORM OR SANDSTORM:
VSBY 1/2 MILE OR LESS
8 = SMOKE OR HAZE
[NO. OF DAYS WITH] [WEATHER - DAYS WITH] 9 = BLOWING SNOW
X = TORNADO
MAX 32 OR BELOW: 0 0.01 INCH OR MORE: 22
MAX 90 OR ABOVE: 0 0.10 INCH OR MORE: 15
MIN 32 OR BELOW: 1 0.50 INCH OR MORE: 5
MIN 0 OR BELOW: 0 1.00 INCH OR MORE: 3
[HDD (BASE 65) ]
TOTAL THIS MO. 572 CLEAR (SCALE 0-3) 5
DPTR FM NORMAL -141 PTCLDY (SCALE 4-7) 12
TOTAL FM JUL 1 1756 CLOUDY (SCALE 8-10) 14
DPTR FM NORMAL -377
[CDD (BASE 65) ]
TOTAL THIS MO. 0
DPTR FM NORMAL 0 [PRESSURE DATA]
TOTAL FM JAN 1 111 HIGHEST SLP 30.43 ON 8
DPTR FM NORMAL 86 LOWEST SLP 29.42 ON 19
[REMARKS]
#FINAL-12-23#