000
CXUS56 KPDT 011810
CF6HRI
PRELIMINARY LOCAL CLIMATOLOGICAL DATA (WS FORM: F-6)
STATION: HERMISTON OR
MONTH: OCTOBER
YEAR: 2022
LATITUDE: 45 49 N
LONGITUDE: 119 16 W
TEMPERATURE IN F: :PCPN: SNOW: WIND :SUNSHINE: SKY :PK WND
================================================================================
1 2 3 4 5 6A 6B 7 8 9 10 11 12 13 14 15 16 17 18
12Z AVG MX 2MIN
DY MAX MIN AVG DEP HDD CDD WTR SNW DPTH SPD SPD DIR MIN PSBL S-S WX SPD DR
================================================================================
1 79 44 62 3 3 0 0.00 M M 3.3 12 50 M M 0 14 60
2 84 48 66 7 0 1 0.00 M M 3.1 7 130 M M 0 11 320
3 86 47 67 9 0 2 0.00 M M 3.9 9 40 M M 0 13 40
4 85 45 65 7 0 0 0.00 M M 3.7 9 30 M M 0 12 40
5 84 47 66 9 0 1 0.00 M M 3.8 10 50 M M 0 14 80
6 82 46 64 7 1 0 0.00 M M 3.4 9 180 M M 0 11 70
7 81 47 64 8 1 0 0.00 M M 3.4 7 150 M M 0 8 11 50
8 81 44 63 7 2 0 0.00 M M 3.3 7 150 M M 0 8 9 300
9 81 43 62 6 3 0 0.00 M M 2.7 8 120 M M 0 18 10 260
10 86 41 64 9 1 0 0.00 M M 8.6 24 250 M M 0 8 33 250
11 77 45 61 6 4 0 0.00 M M 5.4 16 240 M M 0 23 240
12 78 42 60 6 5 0 0.00 M M 4.4 9 60 M M 0 8 12 10
13 77 41 59 5 6 0 0.00 M M 3.4 8 180 M M 0 9 180
14 76 39 58 4 7 0 0.00 M M 4.8 9 180 M M 0 12 170
15 74 39 57 4 8 0 0.00 M M 3.2 9 350 M M 0 13 350
16 77 39 58 5 7 0 0.00 M M 4.6 12 70 M M 0 16 80
17 74 37 56 4 9 0 0.00 M M 3.1 8 170 M M 0 8 10 170
18 74 36 55 3 10 0 0.00 M M 3.7 7 150 M M 0 8 10 90
19 73 37 55 4 10 0 0.00 M M 3.4 8 150 M M 0 8 12 340
20 70 36 53 2 12 0 0.00 M M 4.0 14 250 M M 1 18 21 240
21 61 48 55 4 10 0 0.70 M M 9.9 22 240 M M 7 18 36 240
22 59 45 52 2 13 0 0.27 M M 8.8 18 250 M M 6 26 230
23 59 40 50 0 15 0 0.00 M M 7.9 13 230 M M 2 22 250
24 56 41 49 0 16 0 0.07 M M 9.9 22 250 M M 4 35 240
25 60 48 54 5 11 0 T M M 11.5 22 250 M M 2 34 250
26 59 43 51 2 14 0 T M M 14.6 25 250 M M 2 35 250
27 65 36 51 3 14 0 0.00 M M 4.1 10 190 M M 0 8 14 190
28 65 42 54 6 11 0 T M M 4.0 13 250 M M 4 8 19 220
29 67 41 54 7 11 0 T M M 4.8 10 170 M M 2 14 230
30 65 42 54 7 11 0 T M M 8.3 20 250 M M 3 27 230
31 63 49 56 9 9 0 0.16 M M 6.8 16 210 M M 7 1 24 240
================================================================================
SM 2258 1318 224 4 1.20 M 169.8 M 40
================================================================================
AV 72.8 42.5 5.5 FASTST M M 1 MAX(MPH)
MISC ----> 25 250 36 240
================================================================================
NOTES:
# LAST OF SEVERAL OCCURRENCES
COLUMN 17 PEAK WIND IN M.P.H.
PRELIMINARY LOCAL CLIMATOLOGICAL DATA (WS FORM: F-6) , PAGE 2
STATION: HERMISTON OR
MONTH: OCTOBER
YEAR: 2022
LATITUDE: 45 49 N
LONGITUDE: 119 16 W
[TEMPERATURE DATA] [PRECIPITATION DATA] SYMBOLS USED IN COLUMN 16
AVERAGE MONTHLY: 57.7 TOTAL FOR MONTH: 1.20 1 = FOG OR MIST
DPTR FM NORMAL: 5.0 DPTR FM NORMAL: 0.40 2 = FOG REDUCING VISIBILITY
HIGHEST: 86 ON 10, 3 GRTST 24HR 0.97 ON 21-22 TO 1/4 MILE OR LESS
LOWEST: 36 ON 27,20 3 = THUNDER
SNOW, ICE PELLETS, HAIL 4 = ICE PELLETS
TOTAL MONTH: M 5 = HAIL
GRTST 24HR M ON M 6 = FREEZING RAIN OR DRIZZLE
GRTST DEPTH: M ON M 7 = DUSTSTORM OR SANDSTORM:
VSBY 1/2 MILE OR LESS
8 = SMOKE OR HAZE
[NO. OF DAYS WITH] [WEATHER - DAYS WITH] 9 = BLOWING SNOW
X = TORNADO
MAX 32 OR BELOW: 0 0.01 INCH OR MORE: 4
MAX 90 OR ABOVE: 0 0.10 INCH OR MORE: 3
MIN 32 OR BELOW: 0 0.50 INCH OR MORE: 1
MIN 0 OR BELOW: 0 1.00 INCH OR MORE: 0
[HDD (BASE 65) ]
TOTAL THIS MO. 224 CLEAR (SCALE 0-3) 25
DPTR FM NORMAL -159 PTCLDY (SCALE 4-7) 6
TOTAL FM JUL 1 247 CLOUDY (SCALE 8-10) 0
DPTR FM NORMAL -227
[CDD (BASE 65) ]
TOTAL THIS MO. 4
DPTR FM NORMAL 1 [PRESSURE DATA]
TOTAL FM JAN 1 1037 HIGHEST SLP 30.36 ON 19
DPTR FM NORMAL 195 LOWEST SLP 29.50 ON 21
[REMARKS]
#FINAL-10-22#