000
CXUS56 KPDT 011910
CF6HRI
PRELIMINARY LOCAL CLIMATOLOGICAL DATA (WS FORM: F-6)
STATION: HERMISTON OR
MONTH: NOVEMBER
YEAR: 2021
LATITUDE: 45 49 N
LONGITUDE: 119 16 W
TEMPERATURE IN F: :PCPN: SNOW: WIND :SUNSHINE: SKY :PK WND
================================================================================
1 2 3 4 5 6A 6B 7 8 9 10 11 12 13 14 15 16 17 18
12Z AVG MX 2MIN
DY MAX MIN AVG DEP HDD CDD WTR SNW DPTH SPD SPD DIR MIN PSBL S-S WX SPD DR
================================================================================
1 49 30 40 -6 25 0 0.06 M M 2.4 10 280 M M 5 1 12 280
2 50 41 46 0 19 0 T M M 0.9 6 280 M M 8 1 7 300
3 52 46 49 3 16 0 T M M 2.3 9 80 M M 10 8 12 70
4 62 46 54 9 11 0 0.04 M M 9.6 29 250 M M 6 1 39 250
5 54 35 45 0 20 0 0.04 M M 5.6 15 230 M M 6 19 210
6 56 35 46 2 19 0 0.06 M M 7.5 25 260 M M 4 1 34 260
7 58 32 45 1 20 0 T M M 6.9 17 240 M M 2 25 240
8 60 29 45 1 20 0 0.01 M M 7.6 18 120 M M 0 26 120
9 57 36 47 3 18 0 0.12 M M 10.2 29 270 M M 6 40 260
10 57 33 45 2 20 0 T M M 3.6 12 30 M M 3 14 30
11 48 44 46 3 19 0 0.42 M M 3.4 12 60 M M 10 1 15 70
12 59 46 53 11 12 0 0.11 M M 4.2 14 220 M M 8 1 22 220
13 59 40 50 8 15 0 0.00 M M 4.1 9 70 M M 3 1 14 240
14 70 45 58 16 7 0 0.00 M M 10.7 22 210 M M 0 30 210
15 71 44 58 16 7 0 T M M 12.4 38 230 M M 2 8 64 240
16 51 29 40 -1 25 0 0.00 M M 13.1 25 250 M M 0 36 250
17 46 24 35 -6 30 0 0.00 M M 5.8 20 50 M M 0 24 50
18 42 34 38 -3 27 0 0.05 M M 4.4 13 20 M M 8 16 50
19 42 30 36 -4 29 0 0.17 M M 2.5 8 190 M M 9 12 11 190
20 48 27 38 -2 27 0 0.00 M M 2.9 7 170 M M 0 12 9 280
21 36 27 32 -8 33 0 0.00 M M 1.8 9 170 M M 9 12 11 170
22 35 32 34 -5 31 0 0.00 M M 2.2 8 110 M M 10 1 10 120
23 53 33 43 4 22 0 0.06 M M 12.4 31 250 M M 5 1 42 250
24 51 28 40 1 25 0 0.00 M M 4.3 13 230 M M 0 20 220
25 54 34 44 6 21 0 0.00 M M 4.2 12 150 M M 3 16 150
26 60 43 52 14 13 0 T M M 6.4 15 250 M M 4 21 240
27 53 40 47 9 18 0 T M M 2.4 9 160 M M 5 11 310
28 64 47 56 18 9 0 0.00 M M 5.7 14 270 M M 1 18 270
29 64 38 51 13 14 0 0.01 M M 6.9 17 210 M M 5 1 24 240
30 61 39 50 13 15 0 0.00 M M 8.2 18 240 M M 3 23 240
================================================================================
SM 1622 1087 587 0 1.15 M 174.6 M 135
================================================================================
AV 54.1 36.2 5.8 FASTST M M 5 MAX(MPH)
MISC ----> 38 230 64 240
================================================================================
NOTES:
# LAST OF SEVERAL OCCURRENCES
COLUMN 17 PEAK WIND IN M.P.H.
PRELIMINARY LOCAL CLIMATOLOGICAL DATA (WS FORM: F-6) , PAGE 2
STATION: HERMISTON OR
MONTH: NOVEMBER
YEAR: 2021
LATITUDE: 45 49 N
LONGITUDE: 119 16 W
[TEMPERATURE DATA] [PRECIPITATION DATA] SYMBOLS USED IN COLUMN 16
AVERAGE MONTHLY: 45.2 TOTAL FOR MONTH: 1.15 1 = FOG OR MIST
DPTR FM NORMAL: 3.7 DPTR FM NORMAL: 0.10 2 = FOG REDUCING VISIBILITY
HIGHEST: 71 ON 15 GRTST 24HR 0.42 ON 11-11 TO 1/4 MILE OR LESS
LOWEST: 24 ON 17 3 = THUNDER
SNOW, ICE PELLETS, HAIL 4 = ICE PELLETS
TOTAL MONTH: M 5 = HAIL
GRTST 24HR M ON M 6 = FREEZING RAIN OR DRIZZLE
GRTST DEPTH: M ON M 7 = DUSTSTORM OR SANDSTORM:
VSBY 1/2 MILE OR LESS
8 = SMOKE OR HAZE
[NO. OF DAYS WITH] [WEATHER - DAYS WITH] 9 = BLOWING SNOW
X = TORNADO
MAX 32 OR BELOW: 0 0.01 INCH OR MORE: 12
MAX 90 OR ABOVE: 0 0.10 INCH OR MORE: 4
MIN 32 OR BELOW: 10 0.50 INCH OR MORE: 0
MIN 0 OR BELOW: 0 1.00 INCH OR MORE: 0
[HDD (BASE 65) ]
TOTAL THIS MO. 587 CLEAR (SCALE 0-3) 12
DPTR FM NORMAL -118 PTCLDY (SCALE 4-7) 13
TOTAL FM JUL 1 981 CLOUDY (SCALE 8-10) 5
DPTR FM NORMAL -197
[CDD (BASE 65) ]
TOTAL THIS MO. 0
DPTR FM NORMAL 0 [PRESSURE DATA]
TOTAL FM JAN 1 1248 HIGHEST SLP 30.57 ON 21
DPTR FM NORMAL 406 LOWEST SLP 29.58 ON 15
[REMARKS]
#FINAL-11-21#