000
CXUS54 KBRO 010800
CF6HRL
PRELIMINARY LOCAL CLIMATOLOGICAL DATA (WS FORM: F-6)
STATION: HARLINGEN
MONTH: MAY
YEAR: 2021
LATITUDE: 26 13 N
LONGITUDE: 97 40 W
TEMPERATURE IN F: :PCPN: SNOW: WIND :SUNSHINE: SKY :PK WND
================================================================================
1 2 3 4 5 6A 6B 7 8 9 10 11 12 13 14 15 16 17 18
12Z AVG MX 2MIN
DY MAX MIN AVG DEP HDD CDD WTR SNW DPTH SPD SPD DIR MIN PSBL S-S WX SPD DR
================================================================================
1 78 67 73 -5 0 8 0.04 0.0 0 4.7 22 260 M M 9 13 27 260
2 96 65 81 2 0 16 0.00 0.0 0 11.0 22 170 M M 5 12 29 170
3 99 71 85 6 0 20 0.00 0.0 0 17.0 30 160 M M 2 18 38 160
4 94 75 85 6 0 20 0.00 0.0 0 11.4 21 30 M M 8 18 27 30
5 86 70 78 -1 0 13 0.00 0.0 0 12.8 21 30 M M 7 26 20
6 85 62 74 -5 0 9 0.00 0.0 0 8.7 20 50 M M 6 1 26 50
7 87 58 73 -7 0 8 0.00 0.0 0 9.2 20 110 M M 4 12 24 80
8 95 76 86 6 0 21 0.00 0.0 0 20.5 31 140 M M 6 38 140
9 95 78 87 7 0 22 0.00 0.0 0 21.7 32 170 M M 4 40 160
10 92 76 84 4 0 19 0.00 0.0 0 14.7 25 160 M M 6 1 30 170
11 96 78 87 7 0 22 0.00 0.0 0 14.4 25 170 M M 6 31 170
12 81 70 76 -4 0 11 0.71 0.0 0 11.2 36 10 M M 9 13 42 20
13 78 65 72 -9 0 7 T 0.0 0 11.2 21 20 M M 8 1 26 20
14 86 63 75 -6 0 10 0.00 0.0 0 9.9 18 110 M M 2 1 22 80
15 85 67 76 -5 0 11 1.79 0.0 0 10.4 26 90 M M 4 13 30 280
16 89 72 81 0 0 16 0.31 0.0 0 14.1 26 150 M M 8 13 33 140
17 92 78 85 4 0 20 0.00 0.0 0 18.7 26 150 M M 8 1 31 170
18 90 71 81 -1 0 16 T 0.0 0 15.7 25 150 M M 9 1 33 160
19 80 63 72 -10 0 7 2.95 0.0 0 15.5 35 50 M M 7 13 48 60
20 87 61 74 -8 0 9 0.00 0.0 0 8.1 18 100 M M 2 1 21 70
21 87 69 78 -4 0 13 0.00 0.0 0 6.8 16 80 M M 1 1 20 70
22 90 68 79 -3 0 14 0.00 0.0 0 10.3 22 90 M M 2 27 100
23 88 71 80 -2 0 15 0.03 0.0 0 7.8 18 110 M M 2 13 23 120
24 87 71 79 -4 0 14 1.85 0.0 0 11.0 30 170 M M 5 138 34 170
25 89 76 83 0 0 18 0.00 0.0 0 12.7 28 150 M M 6 1 33 140
26 91 77 84 1 0 19 0.00 0.0 0 13.6 23 120 M M 5 1 27 140
27 91 76 84 1 0 19 0.00 0.0 0 13.9 24 140 M M 5 1 30 130
28 92 77 85 2 0 20 0.00 0.0 0 14.8 26 140 M M 4 1 33 130
29 84 71 78 -6 0 13 0.09 0.0 0 10.1 25 20 M M 5 13 34 30
30 89 74 82 -2 0 17 0.00 0.0 0 12.2 23 110 M M 3 1 28 120
31 90 71 81 -3 0 16 0.00 0.0 0 11.8 22 140 M M 2 27 140
================================================================================
SM 2749 2187 0 463 7.77 0.0 385.9 M 160
================================================================================
AV 88.7 70.5 12.4 FASTST M M 5 MAX(MPH)
MISC ----> 36 10 48 60
================================================================================
NOTES:
# LAST OF SEVERAL OCCURRENCES
COLUMN 17 PEAK WIND IN M.P.H.
PRELIMINARY LOCAL CLIMATOLOGICAL DATA (WS FORM: F-6) , PAGE 2
STATION: HARLINGEN
MONTH: MAY
YEAR: 2021
LATITUDE: 26 13 N
LONGITUDE: 97 40 W
[TEMPERATURE DATA] [PRECIPITATION DATA] SYMBOLS USED IN COLUMN 16
AVERAGE MONTHLY: 79.6 TOTAL FOR MONTH: 7.77 1 = FOG OR MIST
DPTR FM NORMAL: -1.6 DPTR FM NORMAL: 5.27 2 = FOG REDUCING VISIBILITY
HIGHEST: 99 ON 3 GRTST 24HR 2.95 ON 19-19 TO 1/4 MILE OR LESS
LOWEST: 58 ON 7 3 = THUNDER
SNOW, ICE PELLETS, HAIL 4 = ICE PELLETS
TOTAL MONTH: 0.0 INCH 5 = HAIL
GRTST 24HR 0.0 6 = FREEZING RAIN OR DRIZZLE
GRTST DEPTH: 0 7 = DUSTSTORM OR SANDSTORM:
VSBY 1/2 MILE OR LESS
8 = SMOKE OR HAZE
[NO. OF DAYS WITH] [WEATHER - DAYS WITH] 9 = BLOWING SNOW
X = TORNADO
MAX 32 OR BELOW: 0 0.01 INCH OR MORE: 8
MAX 90 OR ABOVE: 14 0.10 INCH OR MORE: 5
MIN 32 OR BELOW: 0 0.50 INCH OR MORE: 4
MIN 0 OR BELOW: 0 1.00 INCH OR MORE: 3
[HDD (BASE 65) ]
TOTAL THIS MO. 0 CLEAR (SCALE 0-3) 8
DPTR FM NORMAL 0 PTCLDY (SCALE 4-7) 18
TOTAL FM JUL 1 639 CLOUDY (SCALE 8-10) 5
DPTR FM NORMAL 68
[CDD (BASE 65) ]
TOTAL THIS MO. 463
DPTR FM NORMAL -39 [PRESSURE DATA]
TOTAL FM JAN 1 1190 HIGHEST SLP M ON M
DPTR FM NORMAL -5 LOWEST SLP 29.47 ON 3
[REMARKS]
#FINAL-05-21#