000
CXUS52 KMHX 010700
CF6HSE
PRELIMINARY LOCAL CLIMATOLOGICAL DATA (WS FORM: F-6)
STATION: CAPE HATTERAS NC
MONTH: FEBRUARY
YEAR: 2023
LATITUDE: 35 13 N
LONGITUDE: 75 37 W
TEMPERATURE IN F: :PCPN: SNOW: WIND :SUNSHINE: SKY :PK WND
================================================================================
1 2 3 4 5 6A 6B 7 8 9 10 11 12 13 14 15 16 17 18
12Z AVG MX 2MIN
DY MAX MIN AVG DEP HDD CDD WTR SNW DPTH SPD SPD DIR MIN PSBL S-S WX SPD DR
================================================================================
1 52 42 47 -1 18 0 0.05 0.0 0 8.7 16 20 M M 10 1 31 20
2 44 41 43 -5 22 0 1.10 0.0 0 6.7 13 10 M M 10 1 23 10
3 47 34 41 -7 24 0 0.25 0.0 0 10.0 15 20 M M 7 1 28 20
4 37 29 33 -15 32 0 0.00 0.0 0 7.5 17 20 M M 0 30 360
5 62 34 48 0 17 0 0.08 0.0 0 7.4 23 180 M M 6 1 31 180
6 59 45 52 4 13 0 0.74 0.0 0 7.3 13 310 M M 3 18 22 320
7 60 42 51 3 14 0 0.00 0.0 0 4.8 17 230 M M 0 1 29 220
8 68 49 59 11 6 0 0.00 0.0 0 7.2 18 240 M M 0 18 26 240
9 68 49 59 11 6 0 0.00 0.0 0 6.6 13 230 M M 2 1 20 230
10 69 51 60 12 5 0 0.10 0.0 0 10.4 16 230 M M 3 1 23 240
11 53 47 50 1 15 0 0.21 0.0 0 10.4 17 20 M M 9 1 29 20
12 68 48 58 9 7 0 2.12 0.0 0 12.4 29 100 M M 10 138 40 100
13 58 43 51 2 14 0 T 0.0 M 12.0 22 260 M M 5 35 260
14 59 48 54 5 11 0 0.00 0.0 M 6.6 12 20 M M 0 19 250
15 69 48 59 10 6 0 0.00 0.0 M 7.0 14 230 M M 1 1 20 220
16 69 59 64 15 1 0 0.00 0.0 M 9.9 17 200 M M 2 1 25 200
17 68 48 58 9 7 0 0.09 0.0 0 15.0 26 240 M M 8 18 36 230
18 48 31 40 -9 25 0 0.00 0.0 0 7.6 16 360 M M 4 32 360
19 62 30 46 -4 19 0 0.02 0.0 0 5.0 17 230 M M 4 1 24 230
20 64 55 60 10 5 0 0.01 0.0 0 10.2 20 230 M M 2 18 28 210
21 68 61 65 15 0 0 T 0.0 0 10.4 17 240 M M 3 18 29 240
22 71 48 60 10 5 0 0.00 0.0 0 9.4 17 230 M M 0 1 25 220
23 70 64 67 17 0 2 0.00 0.0 0 14.9 24 240 M M 1 18 33 230
24 73 53 63 13 2 0 0.00 0.0 0 10.1 17 50 M M 2 1 32 20
25 58 48 53 3 12 0 0.14 0.0 0 6.8 16 40 M M 9 1 32 40
26 52 45 49 -1 16 0 0.00 0.0 0 5.9 13 20 M M 7 23 10
27 66 50 58 7 7 0 0.00 0.0 0 8.2 23 230 M M 3 1 35 230
28 71 53 62 11 3 0 T 0.0 0 11.8 28 240 M M 1 18 39 240
================================================================================
SM 1713 1295 312 2 4.91 0.0 250.2 M 112
================================================================================
AV 61.2 46.3 8.9 FASTST M M 4 MAX(MPH)
MISC ----> 29 100 40 100
================================================================================
NOTES:
# LAST OF SEVERAL OCCURRENCES
COLUMN 17 PEAK WIND IN M.P.H.
PRELIMINARY LOCAL CLIMATOLOGICAL DATA (WS FORM: F-6) , PAGE 2
STATION: CAPE HATTERAS NC
MONTH: FEBRUARY
YEAR: 2023
LATITUDE: 35 13 N
LONGITUDE: 75 37 W
[TEMPERATURE DATA] [PRECIPITATION DATA] SYMBOLS USED IN COLUMN 16
AVERAGE MONTHLY: 53.7 TOTAL FOR MONTH: 4.91 1 = FOG OR MIST
DPTR FM NORMAL: 4.6 DPTR FM NORMAL: 0.57 2 = FOG REDUCING VISIBILITY
HIGHEST: 73 ON 24 GRTST 24HR 2.32 ON 11-12 TO 1/4 MILE OR LESS
LOWEST: 29 ON 4 3 = THUNDER
SNOW, ICE PELLETS, HAIL 4 = ICE PELLETS
TOTAL MONTH: 0.0 INCH 5 = HAIL
GRTST 24HR 0.0 6 = FREEZING RAIN OR DRIZZLE
GRTST DEPTH: 0 7 = DUSTSTORM OR SANDSTORM:
VSBY 1/2 MILE OR LESS
8 = SMOKE OR HAZE
[NO. OF DAYS WITH] [WEATHER - DAYS WITH] 9 = BLOWING SNOW
X = TORNADO
MAX 32 OR BELOW: 0 0.01 INCH OR MORE: 12
MAX 90 OR ABOVE: 0 0.10 INCH OR MORE: 7
MIN 32 OR BELOW: 3 0.50 INCH OR MORE: 3
MIN 0 OR BELOW: 0 1.00 INCH OR MORE: 2
[HDD (BASE 65) ]
TOTAL THIS MO. 312 CLEAR (SCALE 0-3) 15
DPTR FM NORMAL -135 PTCLDY (SCALE 4-7) 8
TOTAL FM JUL 1 1471 CLOUDY (SCALE 8-10) 5
DPTR FM NORMAL -172
[CDD (BASE 65) ]
TOTAL THIS MO. 2
DPTR FM NORMAL 1 [PRESSURE DATA]
TOTAL FM JAN 1 4 HIGHEST SLP M ON M
DPTR FM NORMAL 3 LOWEST SLP 29.51 ON 12
[REMARKS]
#FINAL-02-23#