000
CXUS53 KGID 011528
CF6HSI
PRELIMINARY LOCAL CLIMATOLOGICAL DATA (WS FORM: F-6)
STATION: HASTINGS NE
MONTH: JULY
YEAR: 2020
LATITUDE: 40 35 N
LONGITUDE: 98 26 W
TEMPERATURE IN F: :PCPN: SNOW: WIND :SUNSHINE: SKY :PK WND
================================================================================
1 2 3 4 5 6A 6B 7 8 9 10 11 12 13 14 15 16 17 18
12Z AVG MX 2MIN
DY MAX MIN AVG DEP HDD CDD WTR SNW DPTH SPD SPD DIR MIN PSBL S-S WX SPD DR
================================================================================
1 90 65 78 2 0 13 0.00 0.0 0 8.8 16 70 M M 1 23 20
2 90 67 79 3 0 14 0.00 0.0 0 9.9 26 260 M M 1 37 260
3 90 68 79 3 0 14 T 0.0 0 5.3 15 30 M M 1 8 23 30
4 89 67 78 2 0 13 0.00 0.0 0 5.2 14 80 M M 2 18 23 70
5 89 63 76 -1 0 11 0.00 0.0 0 5.8 15 140 M M 3 128 23 150
6 90 69 80 3 0 15 0.00 0.0 0 7.4 18 150 M M 2 18 26 160
7 93 68 81 4 0 16 0.00 0.0 0 10.2 20 160 M M 0 18 29 170
8 94 64 79 2 0 14 0.39 0.0 0 14.9 47 360 M M 0 138 67 10
9 85 61 73 -4 0 8 0.08 0.0 0 6.3 30 30 M M 0 13 43 30
10 90 63 77 0 0 12 0.03 0.0 0 7.5 44 360 M M 0 3 62 360
11 88 64 76 -1 0 11 T 0.0 0 9.1 40 10 M M 1 55 10
12 84 60 72 -5 0 7 0.00 0.0 0 6.3 15 130 M M 0 23 110
13 94 65 80 3 0 15 T 0.0 0 10.4 14 160 M M 0 25 200
14 81 67 74 -3 0 9 0.05 0.0 0 11.1 37 170 M M 5 56 160
15 83 63 73 -5 0 8 0.00 0.0 0 9.0 20 20 M M 3 29 20
16 89 64 77 -1 0 12 0.00 0.0 0 8.7 16 160 M M 4 12 24 160
17 95 70 83 5 0 18 0.00 0.0 0 10.5 18 160 M M 1 27 160
18 101 74 88 10 0 23 T 0.0 0 9.4 21 360 M M 1 27 360
19 89 71 80 2 0 15 0.00 0.0 0 9.1 18 130 M M 3 26 110
20 83 64 74 -4 0 9 0.35 0.0 0 8.0 22 310 M M 6 138 30 320
21 85 65 75 -3 0 10 0.04 0.0 0 6.7 15 330 M M 2 13 21 140
22 87 68 78 0 0 13 T 0.0 0 10.2 18 130 M M 2 29 120
23 91 72 82 5 0 17 0.00 0.0 0 11.5 18 160 M M 0 28 170
24 94 75 85 8 0 20 0.00 0.0 0 12.8 23 160 M M 1 33 160
25 95 76 86 9 0 21 0.00 0.0 0 12.6 21 200 M M 1 32 160
26 89 71 80 3 0 15 0.55 0.0 0 7.5 20 340 M M 4 13 28 330
27 84 68 76 -1 0 11 0.18 0.0 0 6.7 14 70 M M 4 1 19 50
28 87 64 76 -1 0 11 0.00 0.0 0 5.0 12 190 M M 2 1 16 190
29 85 67 76 -1 0 11 1.33 0.0 0 6.7 41 360 M M 7 13 52 360
30 75 67 71 -6 0 6 0.14 0.0 0 8.9 17 20 M M 6 1 25 360
31 81 62 72 -5 0 7 0.00 0.0 0 4.9 13 10 M M 1 20 20
================================================================================
SM 2740 2072 0 399 3.14 0.0 266.4 M 64
================================================================================
AV 88.4 66.8 8.6 FASTST M M 2 MAX(MPH)
MISC ----> # 47 360 # 67 10
================================================================================
NOTES:
# LAST OF SEVERAL OCCURRENCES
COLUMN 17 PEAK WIND IN M.P.H.
PRELIMINARY LOCAL CLIMATOLOGICAL DATA (WS FORM: F-6) , PAGE 2
STATION: HASTINGS NE
MONTH: JULY
YEAR: 2020
LATITUDE: 40 35 N
LONGITUDE: 98 26 W
[TEMPERATURE DATA] [PRECIPITATION DATA] SYMBOLS USED IN COLUMN 16
AVERAGE MONTHLY: 77.6 TOTAL FOR MONTH: 3.14 1 = FOG OR MIST
DPTR FM NORMAL: 0.5 DPTR FM NORMAL: -0.60 2 = FOG REDUCING VISIBILITY
HIGHEST: 101 ON 18 GRTST 24HR 1.33 ON 29-29 TO 1/4 MILE OR LESS
LOWEST: 60 ON 12 3 = THUNDER
SNOW, ICE PELLETS, HAIL 4 = ICE PELLETS
TOTAL MONTH: 0.0 INCH 5 = HAIL
GRTST 24HR 0.0 6 = FREEZING RAIN OR DRIZZLE
GRTST DEPTH: 0 7 = DUSTSTORM OR SANDSTORM:
VSBY 1/2 MILE OR LESS
8 = SMOKE OR HAZE
[NO. OF DAYS WITH] [WEATHER - DAYS WITH] 9 = BLOWING SNOW
X = TORNADO
MAX 32 OR BELOW: 0 0.01 INCH OR MORE: 10
MAX 90 OR ABOVE: 13 0.10 INCH OR MORE: 6
MIN 32 OR BELOW: 0 0.50 INCH OR MORE: 2
MIN 0 OR BELOW: 0 1.00 INCH OR MORE: 1
[HDD (BASE 65) ]
TOTAL THIS MO. 0 CLEAR (SCALE 0-3) 23
DPTR FM NORMAL -1 PTCLDY (SCALE 4-7) 8
TOTAL FM JUL 1 0 CLOUDY (SCALE 8-10) 0
DPTR FM NORMAL -1
[CDD (BASE 65) ]
TOTAL THIS MO. 399
DPTR FM NORMAL 23 [PRESSURE DATA]
TOTAL FM JAN 1 792 HIGHEST SLP 30.12 ON 10
DPTR FM NORMAL 132 LOWEST SLP 29.59 ON 14
[REMARKS]
#FINAL-07-20#