906
CXUS53 KGID 011356
CF6HSI
PRELIMINARY LOCAL CLIMATOLOGICAL DATA (WS FORM: F-6)
STATION: HASTINGS NE
MONTH: JUNE
YEAR: 2020
LATITUDE: 40 35 N
LONGITUDE: 98 26 W
TEMPERATURE IN F: :PCPN: SNOW: WIND :SUNSHINE: SKY :PK WND
================================================================================
1 2 3 4 5 6A 6B 7 8 9 10 11 12 13 14 15 16 17 18
12Z AVG MX 2MIN
DY MAX MIN AVG DEP HDD CDD WTR SNW DPTH SPD SPD DIR MIN PSBL S-S WX SPD DR
================================================================================
1 93 68 81 14 0 16 0.00 0.0 0 15.4 25 210 M M 0 37 200
2 93 67 80 13 0 15 0.00 0.0 0 10.2 18 200 M M 0 29 210
3 92 65 79 11 0 14 0.19 0.0 0 9.3 33 300 M M 1 13 47 300
4 93 61 77 9 0 12 T 0.0 0 7.0 24 330 M M 0 31 320
5 93 66 80 12 0 15 0.00 0.0 0 7.8 17 30 M M 0 23 30
6 95 73 84 15 0 19 0.00 0.0 0 13.2 24 160 M M 0 37 160
7 93 75 84 15 0 19 0.00 0.0 0 19.6 31 160 M M 0 47 180
8 92 72 82 12 0 17 0.00 0.0 0 17.1 26 160 M M 1 43 170
9 76 55 66 -4 0 1 0.21 0.0 0 23.6 45 10 M M 7 13 62 360
10 76 53 65 -5 0 0 0.01 0.0 0 16.2 31 350 M M 2 3 41 330
11 89 56 73 2 0 8 0.00 0.0 0 8.3 22 260 M M 0 29 260
12 90 60 75 4 0 10 0.00 0.0 0 7.5 15 100 M M 0 22 120
13 92 63 78 7 0 13 0.00 0.0 0 12.9 23 160 M M 0 33 120
14 97 68 83 11 0 18 0.00 0.0 0 16.1 24 170 M M 0 40 180
15 94 72 83 11 0 18 0.00 0.0 0 15.7 21 170 M M 0 40 180
16 93 71 82 10 0 17 0.00 0.0 0 16.7 28 160 M M 0 44 200
17 96 72 84 12 0 19 0.00 0.0 0 18.5 29 170 M M 0 47 170
18 83 65 74 1 0 9 T 0.0 0 13.5 23 20 M M 5 31 20
19 71 60 66 -7 0 1 0.04 0.0 0 7.8 15 60 M M 8 1 20 70
20 84 64 74 1 0 9 0.02 0.0 0 5.5 16 140 M M 4 138 24 150
21 83 62 73 -1 0 8 T 0.0 0 10.6 23 200 M M 1 3 39 200
22 87 61 74 0 0 9 T 0.0 0 8.5 26 20 M M 4 3 37 10
23 84 55 70 -4 0 5 0.00 0.0 0 7.5 20 330 M M 2 26 320
24 86 57 72 -2 0 7 0.00 0.0 0 7.2 16 130 M M 0 22 130
25 96 64 80 5 0 15 T 0.0 0 12.4 20 160 M M 0 30 170
26 91 68 80 5 0 15 0.00 0.0 0 4.8 21 10 M M 0 30 360
27 88 67 78 3 0 13 0.06 0.0 0 8.4 21 180 M M 3 13 30 180
28 90 66 78 3 0 13 0.44 T 0 11.6 22 120 M M 2 135 30 140
29 91 75 83 7 0 18 0.00 0.0 0 14.9 24 160 M M 4 37 190
30 93 71 82 6 0 17 0.00 0.0 0 13.2 25 320 M M 2 13 40 320
================================================================================
SM 2674 1952 0 370 0.97 T 361.0 M 46
================================================================================
AV 89.1 65.1 12.0 FASTST M M 2 MAX(MPH)
MISC ----> # 45 10 # 62 360
================================================================================
NOTES:
# LAST OF SEVERAL OCCURRENCES
COLUMN 17 PEAK WIND IN M.P.H.
PRELIMINARY LOCAL CLIMATOLOGICAL DATA (WS FORM: F-6) , PAGE 2
STATION: HASTINGS NE
MONTH: JUNE
YEAR: 2020
LATITUDE: 40 35 N
LONGITUDE: 98 26 W
[TEMPERATURE DATA] [PRECIPITATION DATA] SYMBOLS USED IN COLUMN 16
AVERAGE MONTHLY: 77.1 TOTAL FOR MONTH: 0.97 1 = FOG OR MIST
DPTR FM NORMAL: 5.3 DPTR FM NORMAL: -2.83 2 = FOG REDUCING VISIBILITY
HIGHEST: 97 ON 14 GRTST 24HR 0.44 ON 28-28 TO 1/4 MILE OR LESS
LOWEST: 53 ON 10 3 = THUNDER
SNOW, ICE PELLETS, HAIL 4 = ICE PELLETS
TOTAL MONTH: T 5 = HAIL
GRTST 24HR T ON 28-28 6 = FREEZING RAIN OR DRIZZLE
GRTST DEPTH: 0 7 = DUSTSTORM OR SANDSTORM:
VSBY 1/2 MILE OR LESS
8 = SMOKE OR HAZE
[NO. OF DAYS WITH] [WEATHER - DAYS WITH] 9 = BLOWING SNOW
X = TORNADO
MAX 32 OR BELOW: 0 0.01 INCH OR MORE: 7
MAX 90 OR ABOVE: 19 0.10 INCH OR MORE: 3
MIN 32 OR BELOW: 0 0.50 INCH OR MORE: 0
MIN 0 OR BELOW: 0 1.00 INCH OR MORE: 0
[HDD (BASE 65) ]
TOTAL THIS MO. 0 CLEAR (SCALE 0-3) 24
DPTR FM NORMAL -21 PTCLDY (SCALE 4-7) 6
TOTAL FM JUL 1 5825 CLOUDY (SCALE 8-10) 0
DPTR FM NORMAL -204
[CDD (BASE 65) ]
TOTAL THIS MO. 370
DPTR FM NORMAL 145 [PRESSURE DATA]
TOTAL FM JAN 1 393 HIGHEST SLP 30.24 ON 12
DPTR FM NORMAL 109 LOWEST SLP 29.44 ON 9
[REMARKS]
#FINAL-06-20#