000
CXUS53 KGID 010930
CF6HSI
PRELIMINARY LOCAL CLIMATOLOGICAL DATA (WS FORM: F-6)
STATION: HASTINGS NE
MONTH: NOVEMBER
YEAR: 2023
LATITUDE: 40 35 N
LONGITUDE: 98 26 W
TEMPERATURE IN F: :PCPN: SNOW: WIND :SUNSHINE: SKY :PK WND
================================================================================
1 2 3 4 5 6A 6B 7 8 9 10 11 12 13 14 15 16 17 18
12Z AVG MX 2MIN
DY MAX MIN AVG DEP HDD CDD WTR SNW DPTH SPD SPD DIR MIN PSBL S-S WX SPD DR
================================================================================
1 54 22 38 -8 27 0 0.00 0.0 0 6.0 15 210 M M 0 8 23 200
2 64 21 43 -2 22 0 0.00 0.0 0 4.4 13 190 M M 0 8 19 190
3 64 39 52 7 13 0 T 0.0 0 7.1 16 340 M M 4 8 23 330
4 55 41 48 3 17 0 0.16 0.0 0 4.8 13 160 M M 5 1 17 160
5 66 38 52 8 13 0 0.00 0.0 0 10.0 21 200 M M 0 35 190
6 66 39 53 9 12 0 0.00 0.0 0 4.0 14 330 M M 0 8 18 340
7 73 43 58 15 7 0 0.00 0.0 0 6.6 16 160 M M 2 23 160
8 65 33 49 6 16 0 0.00 0.0 0 14.0 28 340 M M 5 12 37 350
9 60 27 44 2 21 0 0.00 0.0 0 8.8 26 260 M M 1 38 260
10 56 21 39 -3 26 0 0.00 0.0 0 6.6 16 180 M M 0 18 23 200
11 62 39 51 9 14 0 0.00 0.0 0 12.1 24 200 M M 1 41 190
12 69 35 52 11 13 0 0.00 0.0 0 7.2 17 350 M M 0 22 10
13 68 31 50 9 15 0 0.00 0.0 0 8.5 20 170 M M 0 30 180
14 68 38 53 13 12 0 0.00 0.0 0 10.8 26 200 M M 0 40 210
15 72 31 52 12 13 0 0.00 0.0 0 5.0 12 180 M M 0 18 17 190
16 64 38 51 12 14 0 0.02 0.0 0 12.0 29 350 M M 2 8 36 350
17 55 27 41 2 24 0 0.00 0.0 0 5.3 17 360 M M 1 23 360
18 66 29 48 9 17 0 0.00 0.0 0 5.0 10 160 M M 0 17 140
19 52 46 49 11 16 0 0.56 0.0 0 11.8 21 150 M M 9 1 30 150
20 46 41 44 6 21 0 0.06 0.0 0 12.8 21 360 M M 10 1 26 10
21 45 29 37 0 28 0 T 0.0 0 16.5 29 350 M M 1 1 37 340
22 65 28 47 10 18 0 0.00 0.0 0 6.8 21 250 M M 0 28 240
23 41 24 33 -3 32 0 0.00 0.0 0 18.5 26 50 M M 0 35 30
24 26 21 24 -12 41 0 0.00 0.0 0 14.6 21 40 M M 8 29 50
25 25 20 23 -13 42 0 0.05 0.6 T 5.6 10 280 M M 10 18 13 270
26 40 17 29 -6 36 0 0.00 0.0 T 13.0 33 320 M M 3 42 340
27 45 19 32 -3 33 0 0.00 0.0 0 10.4 22 340 M M 0 28 310
28 50 19 35 1 30 0 0.00 0.0 0 8.5 17 280 M M 0 1 23 250
29 59 23 41 7 24 0 0.00 0.0 0 7.7 14 200 M M 0 22 190
30 45 26 36 2 29 0 0.00 0.0 0 13.5 23 20 M M 0 30 10
================================================================================
SM 1686 905 646 0 0.85 0.6 277.9 M 62
================================================================================
AV 56.2 30.2 9.3 FASTST M M 2 MAX(MPH)
MISC ----> 33 320 42 340
================================================================================
NOTES:
# LAST OF SEVERAL OCCURRENCES
COLUMN 17 PEAK WIND IN M.P.H.
PRELIMINARY LOCAL CLIMATOLOGICAL DATA (WS FORM: F-6) , PAGE 2
STATION: HASTINGS NE
MONTH: NOVEMBER
YEAR: 2023
LATITUDE: 40 35 N
LONGITUDE: 98 26 W
[TEMPERATURE DATA] [PRECIPITATION DATA] SYMBOLS USED IN COLUMN 16
AVERAGE MONTHLY: 43.2 TOTAL FOR MONTH: 0.85 1 = FOG OR MIST
DPTR FM NORMAL: 3.5 DPTR FM NORMAL: -0.28 2 = FOG REDUCING VISIBILITY
HIGHEST: 73 ON 7 GRTST 24HR 0.56 ON 19-19 TO 1/4 MILE OR LESS
LOWEST: 17 ON 26 3 = THUNDER
SNOW, ICE PELLETS, HAIL 4 = ICE PELLETS
TOTAL MONTH: 0.6 INCH 5 = HAIL
GRTST 24HR 0.6 ON 25-25 6 = FREEZING RAIN OR DRIZZLE
GRTST DEPTH: T 7 = DUSTSTORM OR SANDSTORM:
VSBY 1/2 MILE OR LESS
8 = SMOKE OR HAZE
[NO. OF DAYS WITH] [WEATHER - DAYS WITH] 9 = BLOWING SNOW
X = TORNADO
MAX 32 OR BELOW: 2 0.01 INCH OR MORE: 5
MAX 90 OR ABOVE: 0 0.10 INCH OR MORE: 2
MIN 32 OR BELOW: 18 0.50 INCH OR MORE: 1
MIN 0 OR BELOW: 0 1.00 INCH OR MORE: 0
[HDD (BASE 65) ]
TOTAL THIS MO. 646 CLEAR (SCALE 0-3) 23
DPTR FM NORMAL -113 PTCLDY (SCALE 4-7) 3
TOTAL FM JUL 1 1046 CLOUDY (SCALE 8-10) 4
DPTR FM NORMAL -184
[CDD (BASE 65) ]
TOTAL THIS MO. 0
DPTR FM NORMAL 0 [PRESSURE DATA]
TOTAL FM JAN 1 1205 HIGHEST SLP 30.62 ON 24
DPTR FM NORMAL 70 LOWEST SLP 29.64 ON 7
[REMARKS]
#FINAL-11-23#